66.249.65.145 - - [23/Mar/2009:17:04:01 +0000] "GET /Home/Anfrage--112.html HTTP/1.1" 200 17314 "" "Mozilla/5.0 (compatible; Googlebot/2.1; +http://www.google.com/bot.html)"
79.41.242.1 - - [23/Mar/2009:17:05:07 +0000] "GET /Home--1.html HTTP/1.1" 200 25304 "http://www.meinsuedtirol.com/Pensione-Walterhof-Sterzing-.4414.0.0.1240.1.html" "Mozilla/5.0 (Windows; U; Windows NT 5.1; it; rv:1.9.0.7) Gecko/2009021910 Firefox/3.0.7 GTB5"
65.55.105.203 - - [23/Mar/2009:17:05:38 +0000] "GET /Home/Specials--60.html HTTP/1.1" 200 47702 "" "msnbot/1.1 (+http://search.msn.com/msnbot.htm)"
66.249.65.145 - - [23/Mar/2009:17:05:46 +0000] "GET /Home/Specials--60.html HTTP/1.1" 200 68529 "" "Mozilla/5.0 (compatible; Googlebot/2.1; +http://www.google.com/bot.html)"
83.233.30.104 - - [23/Mar/2009:17:06:29 +0000] "GET /Home/Details-hotel--105.html HTTP/1.1" 200 45249 "http://www.sewahotel.com/de/details-hotel.html" "Mozilla/4.0 (compatible; MSIE 6.0; Windows NT 5.1; SV1; .NET CLR 1.1.4322)"
79.28.184.115 - - [23/Mar/2009:17:06:33 +0000] "GET /Home/Ergebnisse-hotel--102.html HTTP/1.1" 200 106502 "" "Mozilla/4.0 (compatible; MSIE 7.0; Windows NT 6.0; GTB5; SLCC1; .NET CLR 2.0.50727; .NET CLR 3.0.04506)"
66.249.65.145 - - [23/Mar/2009:17:06:41 +0000] "GET /Home/Anfrage--112.html HTTP/1.1" 200 16829 "" "Mozilla/5.0 (compatible; Googlebot/2.1; +http://www.google.com/bot.html)"
79.28.184.115 - - [23/Mar/2009:17:07:05 +0000] "GET /Home/Ergebnisse-hotel--102.html HTTP/1.1" 200 119740 "http://www.sewahotel.com/de/ergebnisse-hotel.html?action=get_results&hotel_id=&pid=109&rid=1&lang=de&from_day=27&from_month=03&from_year=2009&to_day=29&to_month=03&to_year=2009&to_year=2009&typ=2&verpflegung=hp&anzahl_erw=2&alterkind1=&alterkind2=&alterkind3=&kat_art=" "Mozilla/4.0 (compatible; MSIE 7.0; Windows NT 6.0; GTB5; SLCC1; .NET CLR 2.0.50727; .NET CLR 3.0.04506)"
79.28.184.115 - - [23/Mar/2009:17:07:26 +0000] "GET /Home/Details--20.html HTTP/1.1" 200 74230 "http://www.sewahotel.com/de/ergebnisse-hotel.html?pid=109&rid=1" "Mozilla/4.0 (compatible; MSIE 7.0; Windows NT 6.0; GTB5; SLCC1; .NET CLR 2.0.50727; .NET CLR 3.0.04506)"
66.249.65.145 - - [23/Mar/2009:17:07:57 +0000] "GET /Home/Details--20.html HTTP/1.1" 200 54189 "" "Mozilla/5.0 (compatible; Googlebot/2.1; +http://www.google.com/bot.html)"
65.55.109.23 - - [23/Mar/2009:17:08:36 +0000] "GET /Home/Specials--60.html HTTP/1.1" 200 13584 "http://search.live.com/results.aspx?q=vacanze" "Mozilla/4.0 (compatible; MSIE 6.0; Windows NT 5.2; SV1; .NET CLR 1.1.4322)"
72.30.65.29 - - [23/Mar/2009:17:08:43 +0000] "GET /Home/Unsere_Hotels/__sterreich--79.html HTTP/1.1" 200 15544 "" "Mozilla/5.0 (compatible; Yahoo! Slurp/3.0; http://help.yahoo.com/help/us/ysearch/slurp)"
65.55.105.206 - - [23/Mar/2009:17:09:00 +0000] "GET /Home/Details--20.html HTTP/1.1" 200 37430 "" "msnbot/1.1 (+http://search.msn.com/msnbot.htm)"
66.249.65.145 - - [23/Mar/2009:17:10:08 +0000] "GET /Home/Specials--60.html HTTP/1.1" 200 69455 "" "Mozilla/5.0 (compatible; Googlebot/2.1; +http://www.google.com/bot.html)"
72.30.65.29 - - [23/Mar/2009:17:10:55 +0000] "GET /Home/__ber_uns--65.html HTTP/1.1" 200 13296 "" "Mozilla/5.0 (compatible; Yahoo! Slurp/3.0; http://help.yahoo.com/help/us/ysearch/slurp)"
194.8.75.103 - - [23/Mar/2009:17:11:00 +0000] "GET /Home/Buchen--19.html HTTP/1.1" 200 23985 "http://www.sewahotel.com/de/buchen.html?pid=0&rid=0" "Mozilla/4.0 (compatible; MSIE 6.0; Windows NT 5.1; SV1; YPC 3.0.2; .NET CLR 1.1.4322; yplus 4.4.02b)"
67.195.37.170 - - [23/Mar/2009:17:11:04 +0000] "GET /Home/Finden___Buchen--2.html HTTP/1.1" 200 35714 "" "Mozilla/5.0 (compatible; Yahoo! Slurp/3.0; http://help.yahoo.com/help/us/ysearch/slurp)"
194.8.75.103 - - [23/Mar/2009:17:11:15 +0000] "GET /Home/Best__tigung--64.html HTTP/1.1" 200 23122 "http://www.sewahotel.com/de/buchen.html?pid=0&rid=0" "Mozilla/4.0 (compatible; MSIE 6.0; Windows NT 5.1; SV1; YPC 3.0.2; .NET CLR 1.1.4322; yplus 4.4.02b)"
65.55.105.196 - - [23/Mar/2009:17:11:22 +0000] "GET /Home/Specials--60.html HTTP/1.1" 200 15315 "" "msnbot/1.1 (+http://search.msn.com/msnbot.htm)"
66.249.65.145 - - [23/Mar/2009:17:12:18 +0000] "GET /Home/Details--20.html HTTP/1.1" 200 54184 "" "Mozilla/5.0 (compatible; Googlebot/2.1; +http://www.google.com/bot.html)"
65.55.105.195 - - [23/Mar/2009:17:13:09 +0000] "GET /Home/Details--20.html HTTP/1.1" 200 54599 "" "msnbot/1.1 (+http://search.msn.com/msnbot.htm)"
65.55.105.202 - - [23/Mar/2009:17:13:51 +0000] "GET /Home--1.html HTTP/1.1" 200 25373 "" "msnbot/1.1 (+http://search.msn.com/msnbot.htm)"
88.152.219.21 - - [23/Mar/2009:17:13:57 +0000] "GET /Home/Ergebnisse--18.html HTTP/1.1" 200 23587 "http://www.suedtirol-information.com/sewahotel/suche_ohne_rahmen.html?pid=2&rid=6&lang=de&afms=1" "Mozilla/5.0 (Windows; U; Windows NT 6.0; de; rv:1.9.0.7) Gecko/2009021910 Firefox/3.0.7 (.NET CLR 3.5.30729)"
88.152.219.21 - - [23/Mar/2009:17:14:19 +0000] "GET /Home/Ergebnisse--18.html HTTP/1.1" 200 23578 "http://www.sewahotel.com/de/ergebnisse.html?pid=2&rid=6" "Mozilla/5.0 (Windows; U; Windows NT 6.0; de; rv:1.9.0.7) Gecko/2009021910 Firefox/3.0.7 (.NET CLR 3.5.30729)"
66.249.65.145 - - [23/Mar/2009:17:14:30 +0000] "GET /Home/Details--20.html HTTP/1.1" 200 42205 "" "Mozilla/5.0 (compatible; Googlebot/2.1; +http://www.google.com/bot.html)"
65.55.105.205 - - [23/Mar/2009:17:14:42 +0000] "GET /Home/Details--20.html HTTP/1.1" 200 35716 "" "msnbot/1.1 (+http://search.msn.com/msnbot.htm)"
194.8.75.239 - - [23/Mar/2009:17:15:01 +0000] "GET /Home/Buchen--19.html HTTP/1.1" 200 23985 "" "Mozilla/5.0 (Windows NT 5.1; U; en) Opera 8.00"
194.8.75.239 - - [23/Mar/2009:17:15:02 +0000] "GET /Home/Best__tigung--64.html HTTP/1.1" 200 19822 "http://www.sewahotel.com/de/buchen.html?pid=0&rid=0" "Mozilla/5.0 (Windows NT 5.1; U; en) Opera 8.00"
208.115.111.248 - - [23/Mar/2009:17:15:20 +0000] "GET /Home/Specials--60.html HTTP/1.1" 200 13607 "" "Mozilla/5.0 (compatible; DotBot/1.1; http://www.dotnetdotcom.org/, crawler@dotnetdotcom.org)"
208.115.111.248 - - [23/Mar/2009:17:15:23 +0000] "GET /Home/Specials--60.html HTTP/1.1" 200 13607 "" "Mozilla/5.0 (compatible; DotBot/1.1; http://www.dotnetdotcom.org/, crawler@dotnetdotcom.org)"
208.115.111.248 - - [23/Mar/2009:17:15:28 +0000] "GET /Home/Specials--60.html HTTP/1.1" 200 13607 "" "Mozilla/5.0 (compatible; DotBot/1.1; http://www.dotnetdotcom.org/, crawler@dotnetdotcom.org)"
194.8.75.44 - - [23/Mar/2009:17:15:31 +0000] "GET /Home/Buchen--19.html HTTP/1.1" 200 23985 "" "Mozilla/4.0 (compatible; MSIE 5.5; Windows NT 5.0; .NET CLR 1.1.4322)"
208.115.111.248 - - [23/Mar/2009:17:15:32 +0000] "GET /Home/Specials--60.html HTTP/1.1" 200 13607 "" "Mozilla/5.0 (compatible; DotBot/1.1; http://www.dotnetdotcom.org/, crawler@dotnetdotcom.org)"
194.8.75.44 - - [23/Mar/2009:17:15:33 +0000] "GET /Home/Best__tigung--64.html HTTP/1.1" 200 20199 "http://www.sewahotel.com/de/buchen.html?pid=0&rid=0" "Mozilla/4.0 (compatible; MSIE 5.5; Windows NT 5.0; .NET CLR 1.1.4322)"
208.115.111.248 - - [23/Mar/2009:17:15:37 +0000] "GET /Home/Specials--60.html HTTP/1.1" 200 13607 "" "Mozilla/5.0 (compatible; DotBot/1.1; http://www.dotnetdotcom.org/, crawler@dotnetdotcom.org)"
208.115.111.248 - - [23/Mar/2009:17:15:41 +0000] "GET /Home/Specials--60.html HTTP/1.1" 200 13607 "" "Mozilla/5.0 (compatible; DotBot/1.1; http://www.dotnetdotcom.org/, crawler@dotnetdotcom.org)"
194.8.75.212 - - [23/Mar/2009:17:15:42 +0000] "GET /Home/Buchen--19.html HTTP/1.1" 200 23985 "" "Mozilla/4.0 (compatible; MSIE 6.0; Windows NT 5.1; SV1; .NET CLR 1.1.4322) NS8/0.9.6"
83.171.182.214 - - [23/Mar/2009:17:15:42 +0000] "GET /Home/Details--20.html HTTP/1.1" 200 41186 "http://www.meinsuedtirol.com/Residence-Stoeckerhof-Meran-.4476.0.0.1240.0.html" "Opera/9.50 (Windows NT 5.1; U; de)"
208.115.111.248 - - [23/Mar/2009:17:15:46 +0000] "GET /Home/Specials--60.html HTTP/1.1" 200 13607 "" "Mozilla/5.0 (compatible; DotBot/1.1; http://www.dotnetdotcom.org/, crawler@dotnetdotcom.org)"
87.24.57.171 - - [23/Mar/2009:17:15:46 +0000] "GET /Home/Details--20.html HTTP/1.1" 200 43724 "http://www.meinsuedtirol.com/Hotel-Naz-Sciaves-Alto-Adige-Sudtirol-.697.1.html" "Mozilla/5.0 (Windows; U; Windows NT 5.1; it; rv:1.9.0.7) Gecko/2009021910 Firefox/3.0.7"
208.115.111.248 - - [23/Mar/2009:17:15:50 +0000] "GET /Home/Specials--60.html HTTP/1.1" 200 15647 "" "Mozilla/5.0 (compatible; DotBot/1.1; http://www.dotnetdotcom.org/, crawler@dotnetdotcom.org)"
194.8.75.212 - - [23/Mar/2009:17:15:49 +0000] "GET /Home/Best__tigung--64.html HTTP/1.1" 200 18877 "http://www.sewahotel.com/de/buchen.html?pid=0&rid=0" "Mozilla/4.0 (compatible; MSIE 6.0; Windows NT 5.1; SV1; .NET CLR 1.1.4322) NS8/0.9.6"
208.115.111.248 - - [23/Mar/2009:17:15:55 +0000] "GET /Home/Specials--60.html HTTP/1.1" 200 15647 "" "Mozilla/5.0 (compatible; DotBot/1.1; http://www.dotnetdotcom.org/, crawler@dotnetdotcom.org)"
208.115.111.248 - - [23/Mar/2009:17:16:01 +0000] "GET /Home/Specials--60.html HTTP/1.1" 200 15647 "" "Mozilla/5.0 (compatible; DotBot/1.1; http://www.dotnetdotcom.org/, crawler@dotnetdotcom.org)"
66.249.65.145 - - [23/Mar/2009:17:16:08 +0000] "GET /Home/Details--20.html HTTP/1.1" 200 58330 "" "Mozilla/5.0 (compatible; Googlebot/2.1; +http://www.google.com/bot.html)"
194.8.75.103 - - [23/Mar/2009:17:16:09 +0000] "GET /Home/Buchen--19.html HTTP/1.1" 200 23985 "http://www.sewahotel.com/de/buchen.html?pid=0&rid=0" "Mozilla/4.0 (compatible; MSIE 6.0; MSIE 5.5; Windows NT 4.0) Opera 7.0 [en]"
66.249.65.145 - - [23/Mar/2009:17:16:09 +0000] "GET /Home/Details--20.html HTTP/1.1" 200 62908 "" "Mozilla/5.0 (compatible; Googlebot/2.1; +http://www.google.com/bot.html)"
66.249.65.145 - - [23/Mar/2009:17:16:11 +0000] "GET /Home/Details--20.html HTTP/1.1" 200 49042 "" "Mozilla/5.0 (compatible; Googlebot/2.1; +http://www.google.com/bot.html)"
66.249.65.145 - - [23/Mar/2009:17:16:12 +0000] "GET /Home/Details--20.html HTTP/1.1" 200 58550 "" "Mozilla/5.0 (compatible; Googlebot/2.1; +http://www.google.com/bot.html)"
66.249.65.145 - - [23/Mar/2009:17:16:13 +0000] "GET /Home/Specials--60.html HTTP/1.1" 200 32584 "" "Mozilla/5.0 (compatible; Googlebot/2.1; +http://www.google.com/bot.html)"
194.8.75.103 - - [23/Mar/2009:17:16:13 +0000] "GET /Home/Best__tigung--64.html HTTP/1.1" 200 23950 "http://www.sewahotel.com/de/buchen.html?pid=0&rid=0" "Mozilla/4.0 (compatible; MSIE 6.0; MSIE 5.5; Windows NT 4.0) Opera 7.0 [en]"
66.249.65.145 - - [23/Mar/2009:17:16:14 +0000] "GET /Home/Lastminute--63.html HTTP/1.1" 200 31828 "" "Mozilla/5.0 (compatible; Googlebot/2.1; +http://www.google.com/bot.html)"
66.249.65.145 - - [23/Mar/2009:17:16:15 +0000] "GET /Home/Details--20.html HTTP/1.1" 200 51686 "" "Mozilla/5.0 (compatible; Googlebot/2.1; +http://www.google.com/bot.html)"
66.249.65.145 - - [23/Mar/2009:17:16:16 +0000] "GET /Home/Reisef__hrer_S__d.../Schenna--84.html HTTP/1.1" 200 23390 "" "Mozilla/5.0 (compatible; Googlebot/2.1; +http://www.google.com/bot.html)"
66.249.65.145 - - [23/Mar/2009:17:16:17 +0000] "GET /Home/Lastminute--63.html HTTP/1.1" 200 33072 "" "Mozilla/5.0 (compatible; Googlebot/2.1; +http://www.google.com/bot.html)"
88.36.177.154 - - [23/Mar/2009:17:16:18 +0000] "GET /Home/Details--20.html HTTP/1.1" 200 41198 "" "Mozilla/4.0 (compatible; MSIE 6.0; Windows NT 5.1; .NET CLR 1.0.3705)"
66.249.65.145 - - [23/Mar/2009:17:16:18 +0000] "GET /Home/Specials--60.html HTTP/1.1" 200 49254 "" "Mozilla/5.0 (compatible; Googlebot/2.1; +http://www.google.com/bot.html)"
66.249.65.145 - - [23/Mar/2009:17:16:19 +0000] "GET /Home/Specials--60.html HTTP/1.1" 200 63397 "" "Mozilla/5.0 (compatible; Googlebot/2.1; +http://www.google.com/bot.html)"
66.249.65.145 - - [23/Mar/2009:17:16:21 +0000] "GET /Home/Specials--60.html HTTP/1.1" 200 34088 "" "Mozilla/5.0 (compatible; Googlebot/2.1; +http://www.google.com/bot.html)"
66.249.65.145 - - [23/Mar/2009:17:16:22 +0000] "GET /Home/Specials--60.html HTTP/1.1" 200 35552 "" "Mozilla/5.0 (compatible; Googlebot/2.1; +http://www.google.com/bot.html)"
66.249.65.145 - - [23/Mar/2009:17:16:23 +0000] "GET /Home/Details--20.html HTTP/1.1" 200 47949 "" "Mozilla/5.0 (compatible; Googlebot/2.1; +http://www.google.com/bot.html)"
66.249.65.145 - - [23/Mar/2009:17:16:45 +0000] "GET /Home/Details--20.html HTTP/1.1" 200 44861 "" "Mozilla/5.0 (compatible; Googlebot/2.1; +http://www.google.com/bot.html)"
83.171.182.214 - - [23/Mar/2009:17:17:02 +0000] "GET /Home/Lastminute--63.html HTTP/1.1" 200 22901 "http://www.sewahotel.com/de/details.html?pid=11&rid=A9=de&lang=de&hotel_id=394" "Opera/9.50 (Windows NT 5.1; U; de)"
66.249.65.145 - - [23/Mar/2009:17:17:19 +0000] "GET /Home/F__r_Hotels--75.html HTTP/1.1" 200 16483 "" "Mozilla/5.0 (compatible; Googlebot/2.1; +http://www.google.com/bot.html)"
66.249.65.145 - - [23/Mar/2009:17:17:50 +0000] "GET /Home/Details--20.html HTTP/1.1" 200 58550 "" "Mozilla/5.0 (compatible; Googlebot/2.1; +http://www.google.com/bot.html)"
194.8.75.175 - - [23/Mar/2009:17:18:53 +0000] "GET /Home/Buchen--19.html HTTP/1.1" 200 23985 "http://www.sewahotel.com/de/buchen.html?pid=0&rid=0" "Mozilla/5.0 (Windows; U; Windows NT 5.2; en-US; rv:1.7.12) Gecko/20050915 Firefox/1.0.7 (ax)"
194.8.75.175 - - [23/Mar/2009:17:18:55 +0000] "GET /Home/Best__tigung--64.html HTTP/1.1" 200 23458 "http://www.sewahotel.com/de/buchen.html?pid=0&rid=0" "Mozilla/5.0 (Windows; U; Windows NT 5.2; en-US; rv:1.7.12) Gecko/20050915 Firefox/1.0.7 (ax)"
66.249.65.145 - - [23/Mar/2009:17:19:04 +0000] "GET /Home/Details--20.html HTTP/1.1" 200 44644 "" "Mozilla/5.0 (compatible; Googlebot/2.1; +http://www.google.com/bot.html)"
72.30.65.29 - - [23/Mar/2009:17:19:18 +0000] "GET /Home/Details--20.html HTTP/1.1" 200 52392 "" "Mozilla/5.0 (compatible; Yahoo! Slurp/3.0; http://help.yahoo.com/help/us/ysearch/slurp)"
66.249.65.145 - - [23/Mar/2009:17:19:59 +0000] "GET /Home/F__r_Hotels--75.html HTTP/1.1" 200 16483 "" "Mozilla/5.0 (compatible; Googlebot/2.1; +http://www.google.com/bot.html)"
72.30.65.29 - - [23/Mar/2009:17:20:02 +0000] "GET /Home/Wetter/Aktuelles_Wetter--44.html HTTP/1.1" 200 11403 "" "Mozilla/5.0 (compatible; Yahoo! Slurp/3.0; http://help.yahoo.com/help/us/ysearch/slurp)"
194.8.75.245 - - [23/Mar/2009:17:20:27 +0000] "GET /Home/Buchen--19.html HTTP/1.1" 200 23985 "" "Mozilla/1.22 (compatible; MSIE 2.0; Windows 95)"
194.8.75.245 - - [23/Mar/2009:17:20:28 +0000] "GET /Home/Best__tigung--64.html HTTP/1.1" 200 19165 "http://www.sewahotel.com/de/buchen.html?pid=0&rid=0" "Mozilla/1.22 (compatible; MSIE 2.0; Windows 95)"
65.55.105.196 - - [23/Mar/2009:17:20:53 +0000] "GET /Home/__ber_uns--65.html HTTP/1.1" 200 11982 "" "msnbot/1.1 (+http://search.msn.com/msnbot.htm)"
66.249.65.145 - - [23/Mar/2009:17:21:17 +0000] "GET /Home/Details--20.html HTTP/1.1" 200 40152 "" "Mozilla/5.0 (compatible; Googlebot/2.1; +http://www.google.com/bot.html)"
65.55.105.204 - - [23/Mar/2009:17:21:23 +0000] "GET /Home/Unsere_Hotels--7.html HTTP/1.1" 200 17933 "" "msnbot/1.1 (+http://search.msn.com/msnbot.htm)"
65.55.109.168 - - [23/Mar/2009:17:21:37 +0000] "GET /Home/__ber_uns--65.html HTTP/1.1" 200 11982 "http://search.live.com/results.aspx?q=south" "Mozilla/4.0 (compatible; MSIE 6.0; Windows NT 5.2; SV1; .NET CLR 1.1.4322)"
65.55.105.208 - - [23/Mar/2009:17:22:03 +0000] "GET /Home/Unsere_Hotels/Eisacktal--56.html HTTP/1.1" 200 34855 "" "msnbot/1.1 (+http://search.msn.com/msnbot.htm)"
84.151.84.135 - - [23/Mar/2009:17:22:20 +0000] "GET /Home/Ergebnisse-hotel--102.html HTTP/1.1" 200 153656 "" "Mozilla/4.0 (compatible; MSIE 7.0; Windows NT 5.1; DT; GTB5; .NET CLR 1.1.4322)"
65.55.105.203 - - [23/Mar/2009:17:22:42 +0000] "GET /Home/Specials--60.html HTTP/1.1" 200 65002 "" "msnbot/1.1 (+http://search.msn.com/msnbot.htm)"
66.249.65.145 - - [23/Mar/2009:17:23:26 +0000] "GET /Home/Details--20.html HTTP/1.1" 200 40915 "" "Mozilla/5.0 (compatible; Googlebot/2.1; +http://www.google.com/bot.html)"
88.36.177.154 - - [23/Mar/2009:17:23:53 +0000] "GET /Home/Details--20.html HTTP/1.1" 200 41198 "" "Mozilla/4.0 (compatible; MSIE 6.0; Windows NT 5.1; .NET CLR 1.0.3705)"
88.36.177.154 - - [23/Mar/2009:17:24:10 +0000] "GET /Home--1.html HTTP/1.1" 200 25136 "http://www.sewahotel.com/de/details.html?pid=11&rid=62&lang=de&hotel_id=309" "Mozilla/4.0 (compatible; MSIE 6.0; Windows NT 5.1; .NET CLR 1.0.3705)"
194.8.75.239 - - [23/Mar/2009:17:24:47 +0000] "GET /Home/Buchen--19.html HTTP/1.1" 200 23985 "" "Mozilla/4.0 (compatible; MSIE 6.0; Windows NT 5.1; SV1; .NET CLR 1.1.4322) Babya Discoverer 8.0:"
194.8.75.239 - - [23/Mar/2009:17:24:47 +0000] "GET /Home/Best__tigung--64.html HTTP/1.1" 200 18997 "http://www.sewahotel.com/de/buchen.html?pid=0&rid=0" "Mozilla/4.0 (compatible; MSIE 6.0; Windows NT 5.1; SV1; .NET CLR 1.1.4322) Babya Discoverer 8.0:"
66.249.65.145 - - [23/Mar/2009:17:25:19 +0000] "GET /Home/Specials--60.html HTTP/1.1" 200 15315 "" "Mozilla/5.0 (compatible; Googlebot/2.1; +http://www.google.com/bot.html)"
66.249.65.145 - - [23/Mar/2009:17:25:34 +0000] "GET /Home/Specials--60.html HTTP/1.1" 200 63630 "" "Mozilla/5.0 (compatible; Googlebot/2.1; +http://www.google.com/bot.html)"
67.195.37.170 - - [23/Mar/2009:17:25:47 +0000] "GET /Home--1.html HTTP/1.1" 200 25019 "" "Mozilla/5.0 (compatible; Yahoo! Slurp; http://help.yahoo.com/help/us/ysearch/slurp)"
67.195.37.170 - - [23/Mar/2009:17:25:57 +0000] "GET /Home--1.html HTTP/1.1" 200 24739 "" "Mozilla/5.0 (compatible; Yahoo! Slurp; http://help.yahoo.com/help/us/ysearch/slurp)"
67.195.37.170 - - [23/Mar/2009:17:27:25 +0000] "GET /Home/Anfrage--112.html HTTP/1.1" 200 16829 "" "Mozilla/5.0 (compatible; Yahoo! Slurp; http://help.yahoo.com/help/us/ysearch/slurp)"
84.151.84.135 - - [23/Mar/2009:17:27:43 +0000] "GET /Home/Ergebnisse-hotel--102.html HTTP/1.1" 200 150278 "" "Mozilla/4.0 (compatible; MSIE 7.0; Windows NT 5.1; DT; GTB5; .NET CLR 1.1.4322)"
66.249.65.145 - - [23/Mar/2009:17:27:45 +0000] "GET /Home/Details--20.html HTTP/1.1" 200 54923 "" "Mozilla/5.0 (compatible; Googlebot/2.1; +http://www.google.com/bot.html)"
66.249.65.145 - - [23/Mar/2009:17:27:57 +0000] "GET /Home/Specials--60.html HTTP/1.1" 200 15647 "" "Mozilla/5.0 (compatible; Googlebot/2.1; +http://www.google.com/bot.html)"
88.0.130.230 - - [23/Mar/2009:17:28:10 +0000] "GET /Home--1.html HTTP/1.1" 200 25304 "" "Mozilla/4.0 (compatible; MSIE 6.0; Windows NT 5.0)"
88.0.130.230 - - [23/Mar/2009:17:28:11 +0000] "GET /Home--1.html HTTP/1.1" 200 25304 "" "Mozilla/4.0 (compatible; MSIE 6.0; Windows NT 5.0)"
84.151.84.135 - - [23/Mar/2009:17:28:30 +0000] "GET /Home/Ergebnisse-hotel--102.html HTTP/1.1" 200 106895 "http://www.sewahotel.com/de/ergebnisse-hotel.html?action=get_results&hotel_id=&pid=109&rid=1&lang=de&from_day=24&from_month=03&from_year=2009&to_day=26&to_month=03&to_year=2009&to_year=2009&typ=2&verpflegung=fp&anzahl_erw=2&alterkind1=&alterkind2=&alterkind3=&kat_art=A1" "Mozilla/4.0 (compatible; MSIE 7.0; Windows NT 5.1; DT; GTB5; .NET CLR 1.1.4322)"
194.8.75.44 - - [23/Mar/2009:17:28:35 +0000] "GET /Home/Buchen--19.html HTTP/1.1" 200 23985 "" "Mozilla/4.0 (compatible; MSIE 6.0; Windows NT 5.1; SV1)"
194.8.75.44 - - [23/Mar/2009:17:28:36 +0000] "GET /Home/Best__tigung--64.html HTTP/1.1" 200 19674 "http://www.sewahotel.com/de/buchen.html?pid=0&rid=0" "Mozilla/4.0 (compatible; MSIE 6.0; Windows NT 5.1; SV1)"
67.195.37.170 - - [23/Mar/2009:17:28:42 +0000] "GET /Home/Lastminute--63.html HTTP/1.1" 200 9159 "" "Mozilla/5.0 (compatible; Yahoo! Slurp/3.0; http://help.yahoo.com/help/us/ysearch/slurp)"
67.195.37.170 - - [23/Mar/2009:17:28:51 +0000] "GET /Home/Unsere_Hotels--7.html HTTP/1.1" 200 15014 "" "Mozilla/5.0 (compatible; Yahoo! Slurp; http://help.yahoo.com/help/us/ysearch/slurp)"
84.151.84.135 - - [23/Mar/2009:17:28:54 +0000] "GET /Home/Ergebnisse-hotel--102.html HTTP/1.1" 200 142647 "http://www.sewahotel.com/de/ergebnisse-hotel.html?pid=109&rid=1" "Mozilla/4.0 (compatible; MSIE 7.0; Windows NT 5.1; DT; GTB5; .NET CLR 1.1.4322)"
83.233.30.104 - - [23/Mar/2009:17:28:57 +0000] "GET /Home/Details-hotel--105.html HTTP/1.1" 200 45246 "http://www.sewahotel.com/de/details-hotel.html" "Mozilla/4.0 (compatible; MSIE 6.0; Windows NT 5.1; SV1; .NET CLR 1.1.4322)"
84.141.48.135 - - [23/Mar/2009:17:29:41 +0000] "GET /Home/Details--20.html HTTP/1.1" 200 49056 "http://www.meinsuedtirol.com/Ferienwohnung-St_-Vigil-Enneberg-.933.0.html" "Mozilla/5.0 (Windows; U; Windows NT 5.1; de; rv:1.9.0.7) Gecko/2009021910 Firefox/3.0.7"
84.141.48.135 - - [23/Mar/2009:17:30:18 +0000] "GET /Home/Details--20.html HTTP/1.1" 200 49056 "http://www.meinsuedtirol.com/Ferienwohnung-St_-Vigil-Enneberg-.933.0.html" "Mozilla/5.0 (Windows; U; Windows NT 5.1; de; rv:1.9.0.7) Gecko/2009021910 Firefox/3.0.7"
66.249.65.145 - - [23/Mar/2009:17:30:37 +0000] "GET /Home/Specials--60.html HTTP/1.1" 200 62394 "" "Mozilla/5.0 (compatible; Googlebot/2.1; +http://www.google.com/bot.html)"
66.249.65.145 - - [23/Mar/2009:17:30:38 +0000] "GET /Home/Specials--60.html HTTP/1.1" 200 15647 "" "Mozilla/5.0 (compatible; Googlebot/2.1; +http://www.google.com/bot.html)"
84.141.48.135 - - [23/Mar/2009:17:30:38 +0000] "GET /Home/Details--20.html HTTP/1.1" 200 49056 "http://www.meinsuedtirol.com/Ferienwohnung-St_-Vigil-Enneberg-.933.0.html" "Mozilla/5.0 (Windows; U; Windows NT 5.1; de; rv:1.9.0.7) Gecko/2009021910 Firefox/3.0.7"
78.54.19.45 - - [23/Mar/2009:17:30:52 +0000] "GET /Home/Details-hotel--105.html HTTP/1.1" 200 44196 "" "Mozilla/4.0 (compatible; MSIE 7.0; Windows NT 6.0; SLCC1; .NET CLR 2.0.50727; Media Center PC 5.0; .NET CLR 3.0.04506)"
66.249.65.145 - - [23/Mar/2009:17:32:46 +0000] "GET /Home/Specials--60.html HTTP/1.1" 200 64511 "" "Mozilla/5.0 (compatible; Googlebot/2.1; +http://www.google.com/bot.html)"
78.43.72.224 - - [23/Mar/2009:17:33:04 +0000] "GET /Home--1.html HTTP/1.1" 200 25304 "http://www.meinsuedtirol.com/Region_Bozen.24.0.html" "Mozilla/4.0 (compatible; MSIE 7.0; Windows NT 5.1; .NET CLR 1.1.4322; .NET CLR 2.0.50727)"
66.249.65.145 - - [23/Mar/2009:17:33:16 +0000] "GET /Home/Anfrage--112.html HTTP/1.1" 200 16829 "" "Mozilla/5.0 (compatible; Googlebot/2.1; +http://www.google.com/bot.html)"
78.43.72.224 - - [23/Mar/2009:17:33:56 +0000] "GET /Home/Unsere_Hotels/Tauferer_Ahrntal--58.html HTTP/1.1" 200 22968 "http://www.sewahotel.com/" "Mozilla/4.0 (compatible; MSIE 7.0; Windows NT 5.1; .NET CLR 1.1.4322; .NET CLR 2.0.50727)"
72.30.65.29 - - [23/Mar/2009:17:34:03 +0000] "GET /Home/Wetter/Aktuelles_Wetter--44.html HTTP/1.1" 200 12012 "" "Mozilla/5.0 (compatible; Yahoo! Slurp/3.0; http://help.yahoo.com/help/us/ysearch/slurp)"
89.245.9.199 - - [23/Mar/2009:17:34:10 +0000] "GET /Home/Ergebnisse--18.html HTTP/1.1" 200 23505 "http://www.suedtirol-information.com/sewahotel/suche_ohne_rahmen.html?pid=2&rid=6&lang=de&afms=1" "Mozilla/4.0 (compatible; MSIE 6.0; Windows NT 5.1)"
89.245.9.199 - - [23/Mar/2009:17:34:36 +0000] "GET /Home/Ergebnisse--18.html HTTP/1.1" 200 39268 "http://www.sewahotel.com/de/ergebnisse.html?pid=2&rid=6" "Mozilla/4.0 (compatible; MSIE 6.0; Windows NT 5.1)"
66.249.65.145 - - [23/Mar/2009:17:35:05 +0000] "GET /Home/Specials--60.html HTTP/1.1" 200 65718 "" "Mozilla/5.0 (compatible; Googlebot/2.1; +http://www.google.com/bot.html)"
151.50.165.148 - - [23/Mar/2009:17:35:26 +0000] "GET /Home/Details--20.html HTTP/1.1" 200 49056 "http://www.meinsuedtirol.com/Appartamento-Vacanza-Plan-De-Corones-Sankt-Vigil-.3013.0.0.1240.1.html" "Mozilla/5.0 (Windows; U; Windows NT 5.1; it; rv:1.9.0.7) Gecko/2009021910 Firefox/3.0.7"
65.55.105.193 - - [23/Mar/2009:17:35:34 +0000] "GET /Home/Lastminute--63.html HTTP/1.1" 200 25178 "" "msnbot/1.1 (+http://search.msn.com/msnbot.htm)"
78.43.72.224 - - [23/Mar/2009:17:35:30 +0000] "GET /Home/Ergebnisse--18.html HTTP/1.1" 200 106350 "http://www.sewahotel.com/" "Mozilla/4.0 (compatible; MSIE 7.0; Windows NT 5.1; .NET CLR 1.1.4322; .NET CLR 2.0.50727)"
151.50.165.148 - - [23/Mar/2009:17:35:37 +0000] "GET /Home--1.html HTTP/1.1" 200 25193 "http://www.sewahotel.com/de/details.html?pid=11&rid=62&lang=de&hotel_id=323" "Mozilla/5.0 (Windows; U; Windows NT 5.1; it; rv:1.9.0.7) Gecko/2009021910 Firefox/3.0.7"
66.249.65.145 - - [23/Mar/2009:17:35:56 +0000] "GET /Home/Specials--60.html HTTP/1.1" 200 15647 "" "Mozilla/5.0 (compatible; Googlebot/2.1; +http://www.google.com/bot.html)"
89.245.9.199 - - [23/Mar/2009:17:36:28 +0000] "GET /Home/Details--20.html HTTP/1.1" 200 61340 "http://www.sewahotel.com/de/ergebnisse.html?pid=2&rid=6" "Mozilla/4.0 (compatible; MSIE 6.0; Windows NT 5.1)"
194.8.75.214 - - [23/Mar/2009:17:37:42 +0000] "GET /Home/Buchen--19.html HTTP/1.1" 200 23985 "" "Mozilla/4.0 (compatible; MSIE 6.0; Windows NT 5.1; SV1; FunWebProducts; MRA 4.6 (build 01425); .NET CLR 1.1.4322; .NET CLR 2.0.50727)"
194.8.75.175 - - [23/Mar/2009:17:37:51 +0000] "GET /Home/Buchen--19.html HTTP/1.1" 200 23985 "http://www.sewahotel.com/de/buchen.html?pid=0&rid=0" "Mozilla/4.0 (compatible; MSIE 6.0; Windows NT 5.1; MRA 4.6 (build 01425))"
194.8.75.214 - - [23/Mar/2009:17:37:51 +0000] "GET /Home/Best__tigung--64.html HTTP/1.1" 200 18887 "http://www.sewahotel.com/de/buchen.html?pid=0&rid=0" "Mozilla/4.0 (compatible; MSIE 6.0; Windows NT 5.1; SV1; FunWebProducts; MRA 4.6 (build 01425); .NET CLR 1.1.4322; .NET CLR 2.0.50727)"
194.8.75.175 - - [23/Mar/2009:17:37:53 +0000] "GET /Home/Best__tigung--64.html HTTP/1.1" 200 24100 "http://www.sewahotel.com/de/buchen.html?pid=0&rid=0" "Mozilla/4.0 (compatible; MSIE 6.0; Windows NT 5.1; MRA 4.6 (build 01425))"
83.189.40.205 - - [23/Mar/2009:17:37:54 +0000] "GET /Home/Details--20.html HTTP/1.1" 200 43432 "http://www.meinsuedtirol.com/Hotel-Muchele-Burgstall-.2439.0.0.1240.0.html" "Opera/9.62 (Windows NT 5.1; U; de) Presto/2.1.1"
65.55.110.123 - - [23/Mar/2009:17:38:07 +0000] "GET /Home/Lastminute--63.html HTTP/1.1" 200 25076 "http://search.live.com/results.aspx?q=hotel" "Mozilla/4.0 (compatible; MSIE 6.0; Windows NT 5.2; SV1; .NET CLR 1.1.4322)"
66.249.65.145 - - [23/Mar/2009:17:38:35 +0000] "GET /Home/Specials--60.html HTTP/1.1" 200 13755 "" "Mozilla/5.0 (compatible; Googlebot/2.1; +http://www.google.com/bot.html)"
72.30.65.29 - - [23/Mar/2009:17:39:00 +0000] "GET /Home/Unsere_Hotels--7.html HTTP/1.1" 200 17933 "" "Mozilla/5.0 (compatible; Yahoo! Slurp/3.0; http://help.yahoo.com/help/us/ysearch/slurp)"
84.61.212.140 - - [23/Mar/2009:17:39:47 +0000] "GET /Home/Details--20.html HTTP/1.1" 200 39238 "" "Mozilla/4.0 (compatible; MSIE 7.0; Windows NT 5.1; Versatel.de ISDN 0404)"
72.30.65.29 - - [23/Mar/2009:17:40:33 +0000] "GET /Home/Lastminute--63.html HTTP/1.1" 200 24466 "" "Mozilla/5.0 (compatible; Yahoo! Slurp/3.0; http://help.yahoo.com/help/us/ysearch/slurp)"
65.55.105.202 - - [23/Mar/2009:17:41:20 +0000] "GET /Home/Details--20.html HTTP/1.1" 200 53988 "" "msnbot/1.1 (+http://search.msn.com/msnbot.htm)"
83.189.40.205 - - [23/Mar/2009:17:41:44 +0000] "GET /Home/Anfrage--112.html HTTP/1.1" 200 17621 "http://www.sewahotel.com/de/details.html?pid=11&rid=62&lang=de&hotel_id=289" "Opera/9.62 (Windows NT 5.1; U; de) Presto/2.1.1"
83.189.40.205 - - [23/Mar/2009:17:42:16 +0000] "GET /Home/Unsere_Hotels--7.html HTTP/1.1" 200 17933 "http://www.sewahotel.com/de/anfrage.html?pid=11&rid=62" "Opera/9.62 (Windows NT 5.1; U; de) Presto/2.1.1"
83.189.40.205 - - [23/Mar/2009:17:42:27 +0000] "GET /Home/Unsere_Hotels/S__dtirols_S__den--55.html HTTP/1.1" 200 55743 "http://www.sewahotel.com/de/unsere-hotels.html?pid=1&rid=1%C3%83%C2%A2%C3%85%E2%80%99%C3%82%C2%A9%3D" "Opera/9.62 (Windows NT 5.1; U; de) Presto/2.1.1"
83.189.40.205 - - [23/Mar/2009:17:42:50 +0000] "GET /Home/Lastminute--63.html HTTP/1.1" 200 25475 "http://www.sewahotel.com/de/unsere-hotels/suedtirols-sueden.html?pid=11&rid=0%C3%83%C2%83%C3%82%C2%83%C3%83%C2%86%C3%82%C2%92%C3%83%C2%83%C3%82%C2%82%C3%83%C2%86%C3%82%C2%92%C3%A2%C2%8C%C2%A9%3Dde" "Opera/9.62 (Windows NT 5.1; U; de) Presto/2.1.1"
66.249.65.145 - - [23/Mar/2009:17:43:19 +0000] "GET /Home/Lastminute--63.html HTTP/1.1" 200 32349 "" "Mozilla/5.0 (compatible; Googlebot/2.1; +http://www.google.com/bot.html)"
66.249.65.145 - - [23/Mar/2009:17:43:19 +0000] "GET /Home/Details--20.html HTTP/1.1" 200 51713 "" "Mozilla/5.0 (compatible; Googlebot/2.1; +http://www.google.com/bot.html)"
83.189.40.205 - - [23/Mar/2009:17:43:20 +0000] "GET /Home/F__r_Hotels--75.html HTTP/1.1" 200 16483 "http://www.sewahotel.com/de/anfrage.html?pid=11&rid=62" "Opera/9.62 (Windows NT 5.1; U; de) Presto/2.1.1"
66.249.65.145 - - [23/Mar/2009:17:43:20 +0000] "GET /Home/Specials--60.html HTTP/1.1" 200 48864 "" "Mozilla/5.0 (compatible; Googlebot/2.1; +http://www.google.com/bot.html)"
66.249.65.145 - - [23/Mar/2009:17:43:21 +0000] "GET /Home/Details--20.html HTTP/1.1" 200 51053 "" "Mozilla/5.0 (compatible; Googlebot/2.1; +http://www.google.com/bot.html)"
65.55.105.202 - - [23/Mar/2009:17:43:22 +0000] "GET /Home/Details--20.html HTTP/1.1" 200 53727 "" "msnbot/1.1 (+http://search.msn.com/msnbot.htm)"
66.249.65.145 - - [23/Mar/2009:17:43:22 +0000] "GET /Home/Specials--60.html HTTP/1.1" 200 48905 "" "Mozilla/5.0 (compatible; Googlebot/2.1; +http://www.google.com/bot.html)"
66.249.65.145 - - [23/Mar/2009:17:43:23 +0000] "GET /Home/Details--20.html HTTP/1.1" 200 67279 "" "Mozilla/5.0 (compatible; Googlebot/2.1; +http://www.google.com/bot.html)"
66.249.65.145 - - [23/Mar/2009:17:43:24 +0000] "GET /Home/Details--20.html HTTP/1.1" 200 53985 "" "Mozilla/5.0 (compatible; Googlebot/2.1; +http://www.google.com/bot.html)"
66.249.65.145 - - [23/Mar/2009:17:43:25 +0000] "GET /Home/Details--20.html HTTP/1.1" 200 45436 "" "Mozilla/5.0 (compatible; Googlebot/2.1; +http://www.google.com/bot.html)"
66.249.65.145 - - [23/Mar/2009:17:43:26 +0000] "GET /Home/Details--20.html HTTP/1.1" 200 47470 "" "Mozilla/5.0 (compatible; Googlebot/2.1; +http://www.google.com/bot.html)"
66.249.65.145 - - [23/Mar/2009:17:43:31 +0000] "GET /Home/Details--20.html HTTP/1.1" 200 51070 "" "Mozilla/5.0 (compatible; Googlebot/2.1; +http://www.google.com/bot.html)"
66.249.65.145 - - [23/Mar/2009:17:43:33 +0000] "GET /Home/Details--20.html HTTP/1.1" 200 45129 "" "Mozilla/5.0 (compatible; Googlebot/2.1; +http://www.google.com/bot.html)"
66.249.65.145 - - [23/Mar/2009:17:43:35 +0000] "GET /Home/Specials--60.html HTTP/1.1" 200 64989 "" "Mozilla/5.0 (compatible; Googlebot/2.1; +http://www.google.com/bot.html)"
72.30.65.29 - - [23/Mar/2009:17:43:36 +0000] "GET /Home/F__r_Hotels--75.html HTTP/1.1" 200 16483 "" "Mozilla/5.0 (compatible; Yahoo! Slurp/3.0; http://help.yahoo.com/help/us/ysearch/slurp)"
66.249.65.145 - - [23/Mar/2009:17:43:56 +0000] "GET /Home/F__r_Hotels--75.html HTTP/1.1" 200 16354 "" "Mozilla/5.0 (compatible; Googlebot/2.1; +http://www.google.com/bot.html)"
66.249.65.145 - - [23/Mar/2009:17:43:56 +0000] "GET /Home/Lastminute--63.html HTTP/1.1" 200 32674 "" "Mozilla/5.0 (compatible; Googlebot/2.1; +http://www.google.com/bot.html)"
93.214.169.120 - - [23/Mar/2009:17:44:12 +0000] "GET /Home/Details--20.html HTTP/1.1" 200 42902 "" "Mozilla/4.0 (compatible; MSIE 7.0; Windows NT 6.0; GTB5; SLCC1; .NET CLR 2.0.50727; Media Center PC 5.0; .NET CLR 3.0.04506; .NET CLR 1.1.4322)"
93.214.169.120 - - [23/Mar/2009:17:45:39 +0000] "GET /Home/Specials--60.html HTTP/1.1" 200 13891 "http://www.sewahotel.com/de/details.html?pid=11&rid=62&lang=de&hotel_id=364" "Mozilla/4.0 (compatible; MSIE 7.0; Windows NT 6.0; GTB5; SLCC1; .NET CLR 2.0.50727; Media Center PC 5.0; .NET CLR 3.0.04506; .NET CLR 1.1.4322)"
65.55.105.197 - - [23/Mar/2009:17:46:17 +0000] "GET /Home/Unsere_Hotels--7.html HTTP/1.1" 200 17933 "" "msnbot/1.1 (+http://search.msn.com/msnbot.htm)"
66.249.65.145 - - [23/Mar/2009:17:46:35 +0000] "GET /Home/F__r_Hotels--75.html HTTP/1.1" 200 16354 "" "Mozilla/5.0 (compatible; Googlebot/2.1; +http://www.google.com/bot.html)"
67.195.37.170 - - [23/Mar/2009:17:47:37 +0000] "GET /Home/Lastminute--63.html HTTP/1.1" 200 22736 "" "Mozilla/5.0 (compatible; Yahoo! Slurp; http://help.yahoo.com/help/us/ysearch/slurp)"
65.55.105.208 - - [23/Mar/2009:17:47:43 +0000] "GET /Home/Specials--60.html HTTP/1.1" 200 25569 "" "msnbot/1.1 (+http://search.msn.com/msnbot.htm)"
65.55.105.208 - - [23/Mar/2009:17:47:43 +0000] "GET /Home/Lastminute--63.html HTTP/1.1" 200 26729 "" "msnbot/1.1 (+http://search.msn.com/msnbot.htm)"
80.130.125.167 - - [23/Mar/2009:17:48:41 +0000] "GET /Home--1.html HTTP/1.1" 200 25304 "http://www.meinsuedtirol.com/Innichen.208.0.html" "Mozilla/4.0 (compatible; MSIE 7.0; Windows NT 5.1; .NET CLR 1.1.4322)"
80.130.125.167 - - [23/Mar/2009:17:49:05 +0000] "GET /Home/Unsere_Hotels--7.html HTTP/1.1" 200 13440 "http://www.sewahotel.com/" "Mozilla/4.0 (compatible; MSIE 7.0; Windows NT 5.1; .NET CLR 1.1.4322)"
80.130.125.167 - - [23/Mar/2009:17:49:11 +0000] "GET /Home/Unsere_Hotels/Dolomiten--53.html HTTP/1.1" 200 40725 "http://www.sewahotel.com/de/unsere-hotels.html" "Mozilla/4.0 (compatible; MSIE 7.0; Windows NT 5.1; .NET CLR 1.1.4322)"
194.8.75.103 - - [23/Mar/2009:17:49:23 +0000] "GET /Home/Buchen--19.html HTTP/1.1" 200 23985 "http://www.sewahotel.com/de/buchen.html?pid=0&rid=0" "Mozilla/4.0 (compatible; MSIE 6.0; Windows NT 5.1)"
194.8.75.103 - - [23/Mar/2009:17:49:26 +0000] "GET /Home/Best__tigung--64.html HTTP/1.1" 200 23159 "http://www.sewahotel.com/de/buchen.html?pid=0&rid=0" "Mozilla/4.0 (compatible; MSIE 6.0; Windows NT 5.1)"
66.249.65.145 - - [23/Mar/2009:17:51:53 +0000] "GET /Home/Anfrage--112.html HTTP/1.1" 200 17675 "" "Mozilla/5.0 (compatible; Googlebot/2.1; +http://www.google.com/bot.html)"
66.249.65.145 - - [23/Mar/2009:17:54:08 +0000] "GET /Home/Details--20.html HTTP/1.1" 200 49157 "" "Mozilla/5.0 (compatible; Googlebot/2.1; +http://www.google.com/bot.html)"
91.113.120.195 - - [23/Mar/2009:17:54:21 +0000] "GET /Home--1.html HTTP/1.1" 200 25304 "http://www.meinsuedtirol.com/Kontakt_fuer_Unterkunftsbetriebe.kontakt0.0.html" "Mozilla/4.0 (compatible; MSIE 7.0; Windows NT 5.1; .NET CLR 2.0.50727; .NET CLR 1.1.4322)"
66.249.65.145 - - [23/Mar/2009:17:54:33 +0000] "GET /Home/Specials/Wanderurlaub--106.html HTTP/1.1" 200 41507 "" "Mozilla/5.0 (compatible; Googlebot/2.1; +http://www.google.com/bot.html)"
194.8.74.11 - - [23/Mar/2009:17:54:36 +0000] "GET /Home/Buchen--19.html HTTP/1.1" 200 23985 "" "Mozilla/1.22 (compatible; MSIE 2.0; Windows 95)"
194.8.74.11 - - [23/Mar/2009:17:54:44 +0000] "GET /Home/Best__tigung--64.html HTTP/1.1" 200 27664 "http://www.sewahotel.com/de/buchen.html?pid=0&rid=0" "Mozilla/1.22 (compatible; MSIE 2.0; Windows 95)"
65.55.105.209 - - [23/Mar/2009:17:54:46 +0000] "GET /Home/Wetter/Aktuelles_Wetter--44.html HTTP/1.1" 200 12224 "" "msnbot/1.1 (+http://search.msn.com/msnbot.htm)"
194.8.75.175 - - [23/Mar/2009:17:55:56 +0000] "GET /Home/Buchen--19.html HTTP/1.1" 200 23985 "http://www.sewahotel.com/de/buchen.html?pid=0&rid=0" "Mozilla/5.0 (Windows; U; Win98; en-US; rv:1.5) Gecko/20031016 K-Meleon/0.8.2"
194.8.75.175 - - [23/Mar/2009:17:56:00 +0000] "GET /Home/Best__tigung--64.html HTTP/1.1" 200 23856 "http://www.sewahotel.com/de/buchen.html?pid=0&rid=0" "Mozilla/5.0 (Windows; U; Win98; en-US; rv:1.5) Gecko/20031016 K-Meleon/0.8.2"
67.195.37.170 - - [23/Mar/2009:17:56:22 +0000] "GET /Home--1.html HTTP/1.1" 200 25228 "" "Mozilla/5.0 (compatible; Yahoo! Slurp; http://help.yahoo.com/help/us/ysearch/slurp)"
72.30.65.29 - - [23/Mar/2009:17:56:50 +0000] "GET /Home/Unsere_Hotels/Dolomiten--53.html HTTP/1.1" 200 52877 "" "Mozilla/5.0 (compatible; Yahoo! Slurp/3.0; http://help.yahoo.com/help/us/ysearch/slurp)"
91.113.120.195 - - [23/Mar/2009:17:57:08 +0000] "GET /Home/Unsere_Hotels/Eisacktal--56.html HTTP/1.1" 200 30619 "http://www.sewahotel.com/" "Mozilla/4.0 (compatible; MSIE 7.0; Windows NT 5.1; .NET CLR 2.0.50727; .NET CLR 1.1.4322)"
66.249.65.145 - - [23/Mar/2009:17:57:12 +0000] "GET /Home/Specials/Wanderurlaub--106.html HTTP/1.1" 200 40625 "" "Mozilla/5.0 (compatible; Googlebot/2.1; +http://www.google.com/bot.html)"
83.233.30.104 - - [23/Mar/2009:17:57:30 +0000] "GET /Home/Details-hotel--105.html HTTP/1.1" 200 45249 "http://www.sewahotel.com/de/details-hotel.html" "Mozilla/4.0 (compatible; MSIE 6.0; Windows NT 5.1; SV1; .NET CLR 1.1.4322)"
65.55.105.197 - - [23/Mar/2009:17:58:47 +0000] "GET /Home/Unsere_Hotels/__sterreich--79.html HTTP/1.1" 200 13834 "" "msnbot/1.1 (+http://search.msn.com/msnbot.htm)"
194.8.75.103 - - [23/Mar/2009:17:59:23 +0000] "GET /Home/Buchen--19.html HTTP/1.1" 200 23985 "http://www.sewahotel.com/de/buchen.html?pid=0&rid=0" "Mozilla/4.0 (compatible; MSIE 4.01; Digital AlphaServer 1000A 4/233; Windows NT; Powered By 64-Bit Alpha Processor)"
194.8.75.103 - - [23/Mar/2009:17:59:29 +0000] "GET /Home/Best__tigung--64.html HTTP/1.1" 200 24225 "http://www.sewahotel.com/de/buchen.html?pid=0&rid=0" "Mozilla/4.0 (compatible; MSIE 4.01; Digital AlphaServer 1000A 4/233; Windows NT; Powered By 64-Bit Alpha Processor)"
66.249.65.145 - - [23/Mar/2009:17:59:52 +0000] "GET /Home/Specials--60.html HTTP/1.1" 200 13607 "" "Mozilla/5.0 (compatible; Googlebot/2.1; +http://www.google.com/bot.html)"
194.8.74.11 - - [23/Mar/2009:18:00:33 +0000] "GET /Home/Buchen--19.html HTTP/1.1" 200 23985 "" "Mozilla/4.0 (compatible; MSIE 7.0b; Windows NT 6.0 ; .NET CLR 2.0.50215; SL Commerce Client v1.0; Tablet PC 2.0"
67.195.37.170 - - [23/Mar/2009:18:00:35 +0000] "GET /Home/Unsere_Hotels/Pustertal--59.html HTTP/1.1" 200 30692 "" "Mozilla/5.0 (compatible; Yahoo! Slurp/3.0; http://help.yahoo.com/help/us/ysearch/slurp)"
194.8.74.11 - - [23/Mar/2009:18:00:39 +0000] "GET /Home/Best__tigung--64.html HTTP/1.1" 200 27011 "http://www.sewahotel.com/de/buchen.html?pid=0&rid=0" "Mozilla/4.0 (compatible; MSIE 7.0b; Windows NT 6.0 ; .NET CLR 2.0.50215; SL Commerce Client v1.0; Tablet PC 2.0"
65.55.105.202 - - [23/Mar/2009:18:02:09 +0000] "GET /Home/Specials/Regionen--133.html HTTP/1.1" 200 13371 "" "msnbot/1.1 (+http://search.msn.com/msnbot.htm)"
74.125.16.2 - - [23/Mar/2009:18:02:15 +0000] "GET /Home/Details--20.html HTTP/1.1" 200 44497 "http://translate.google.ro/translate?hl=ro&sl=de&u=http://www.sewahotel.com/de/details.html%3Fpid%3D11%26rid%3D62%26lang%3Dde%26hotel_id%3D298&ei=TMHHSfyQNtGIsAbZj9nVCw&sa=X&oi=translate&resnum=7&ct=result&prev=/search%3Fq%3DHP%2Bnur%2BMittags%26hl%3Dro%26sa%3DG" "Mozilla/4.0 (compatible; MSIE 7.0; Windows NT 5.1; .NET CLR 1.1.4322; .NET CLR 2.0.50727),gzip(gfe) (via translate.google.com)"
66.249.65.145 - - [23/Mar/2009:18:02:31 +0000] "GET /Home/Specials--60.html HTTP/1.1" 200 15315 "" "Mozilla/5.0 (compatible; Googlebot/2.1; +http://www.google.com/bot.html)"
65.55.105.208 - - [23/Mar/2009:18:02:53 +0000] "GET /Home/Specials--60.html HTTP/1.1" 200 31901 "" "msnbot/1.1 (+http://search.msn.com/msnbot.htm)"
65.55.105.202 - - [23/Mar/2009:18:03:04 +0000] "GET /Home/Lastminute--63.html HTTP/1.1" 200 23066 "" "msnbot/1.1 (+http://search.msn.com/msnbot.htm)"
194.8.75.239 - - [23/Mar/2009:18:03:27 +0000] "GET /Home/Buchen--19.html HTTP/1.1" 200 23985 "" "Mozilla/4.0 (compatible; MSIE 5.0; Windows 95) Opera 6.01 [en]"
194.8.75.239 - - [23/Mar/2009:18:03:27 +0000] "GET /Home/Best__tigung--64.html HTTP/1.1" 200 19043 "http://www.sewahotel.com/de/buchen.html?pid=0&rid=0" "Mozilla/4.0 (compatible; MSIE 5.0; Windows 95) Opera 6.01 [en]"
66.249.65.145 - - [23/Mar/2009:18:03:46 +0000] "GET /Home/Details--20.html HTTP/1.1" 200 67553 "" "Mozilla/5.0 (compatible; Googlebot/2.1; +http://www.google.com/bot.html)"
91.141.112.178 - - [23/Mar/2009:18:03:56 +0000] "GET /Home/Details--20.html HTTP/1.1" 200 49128 "http://www.meinsuedtirol.com/Hotel-Bamboo-Latsch-.1319.0.0.1240.0.html" "Mozilla/5.0 (Macintosh; U; Intel Mac OS X 10_5_6; de-de) AppleWebKit/525.27.1 (KHTML, like Gecko) Version/3.2.1 Safari/525.27.1"
72.30.65.29 - - [23/Mar/2009:18:04:27 +0000] "GET /Home/Details--20.html HTTP/1.1" 200 41782 "" "Mozilla/5.0 (compatible; Yahoo! Slurp/3.0; http://help.yahoo.com/help/us/ysearch/slurp)"
91.141.112.178 - - [23/Mar/2009:18:04:43 +0000] "GET /Home/Details--20.html HTTP/1.1" 200 49128 "http://www.meinsuedtirol.com/Hotel-Bamboo-Latsch-.1319.0.0.1240.0.html" "Mozilla/5.0 (Macintosh; U; Intel Mac OS X 10_5_6; de-de) AppleWebKit/525.27.1 (KHTML, like Gecko) Version/3.2.1 Safari/525.27.1"
174.129.119.29 - - [23/Mar/2009:18:07:31 +0000] "GET /Home--1.html HTTP/1.1" 200 25304 "" "RedBot/1.1 (Indian Language Web Search Engine; Rediff.com; pvvpr at iiit dot ac dot in)"
194.8.75.245 - - [23/Mar/2009:18:07:45 +0000] "GET /Home/Buchen--19.html HTTP/1.1" 200 23985 "" "Mozilla/4.0 (compatible; MSIE 6.0; Windows NT 5.1; SV1; MRA 4.6 (build 01425); MRSPUTNIK 1, 5, 0, 19 SW)"
66.249.65.145 - - [23/Mar/2009:18:07:50 +0000] "GET /Home/Anfrage--112.html HTTP/1.1" 200 16829 "" "Mozilla/5.0 (compatible; Googlebot/2.1; +http://www.google.com/bot.html)"
194.8.75.245 - - [23/Mar/2009:18:07:51 +0000] "GET /Home/Best__tigung--64.html HTTP/1.1" 200 19136 "http://www.sewahotel.com/de/buchen.html?pid=0&rid=0" "Mozilla/4.0 (compatible; MSIE 6.0; Windows NT 5.1; SV1; MRA 4.6 (build 01425); MRSPUTNIK 1, 5, 0, 19 SW)"
194.8.75.214 - - [23/Mar/2009:18:08:43 +0000] "GET /Home/Buchen--19.html HTTP/1.1" 200 23985 "" "Mozilla/4.0 (compatible; MSIE 6.0; Windows NT 5.1; SV1; InfoPath.1"
194.8.75.214 - - [23/Mar/2009:18:08:44 +0000] "GET /Home/Best__tigung--64.html HTTP/1.1" 200 18801 "http://www.sewahotel.com/de/buchen.html?pid=0&rid=0" "Mozilla/4.0 (compatible; MSIE 6.0; Windows NT 5.1; SV1; InfoPath.1"
87.158.107.136 - - [23/Mar/2009:18:09:58 +0000] "GET /Home/Details--20.html HTTP/1.1" 200 42438 "http://www.meinsuedtirol.com/Residence-Sankt-Johann-Prad-Am-Stilfserjoch-.2460.0.0.1240.0.html" "Mozilla/5.0 (Windows; U; Windows NT 5.1; de; rv:1.9.0.7) Gecko/2009021910 Firefox/3.0.7"
66.249.65.145 - - [23/Mar/2009:18:10:30 +0000] "GET /Home/F__r_Hotels--75.html HTTP/1.1" 200 16483 "" "Mozilla/5.0 (compatible; Googlebot/2.1; +http://www.google.com/bot.html)"
83.233.30.104 - - [23/Mar/2009:18:14:28 +0000] "GET /Home/Details-hotel--105.html HTTP/1.1" 200 45249 "http://www.sewahotel.com/de/details-hotel.html" "Mozilla/4.0 (compatible; MSIE 6.0; Windows NT 5.1; SV1; .NET CLR 1.1.4322)"
213.156.52.104 - - [23/Mar/2009:18:14:47 +0000] "GET /Home/Details--20.html HTTP/1.1" 200 40013 "" "Mozilla/4.0 (compatible; MSIE 6.0; Windows NT 5.1; SV1)"
72.30.65.29 - - [23/Mar/2009:18:14:52 +0000] "GET /Home/Details--20.html HTTP/1.1" 200 44021 "" "Mozilla/5.0 (compatible; Yahoo! Slurp/3.0; http://help.yahoo.com/help/us/ysearch/slurp)"
194.8.75.175 - - [23/Mar/2009:18:15:39 +0000] "GET /Home/Buchen--19.html HTTP/1.1" 200 23985 "http://www.sewahotel.com/de/buchen.html?pid=0&rid=0" "Mozilla/5.0 (Windows; U; WinNT4.0; en-US; rv:1.2b) Gecko/20021016 K-Meleon 0.7"
194.8.75.175 - - [23/Mar/2009:18:15:41 +0000] "GET /Home/Best__tigung--64.html HTTP/1.1" 200 23922 "http://www.sewahotel.com/de/buchen.html?pid=0&rid=0" "Mozilla/5.0 (Windows; U; WinNT4.0; en-US; rv:1.2b) Gecko/20021016 K-Meleon 0.7"
66.249.65.145 - - [23/Mar/2009:18:15:49 +0000] "GET /Home/Details--20.html HTTP/1.1" 200 45322 "" "Mozilla/5.0 (compatible; Googlebot/2.1; +http://www.google.com/bot.html)"
66.249.65.145 - - [23/Mar/2009:18:16:34 +0000] "GET /Home/Details--20.html HTTP/1.1" 200 46083 "" "Mozilla/5.0 (compatible; Googlebot/2.1; +http://www.google.com/bot.html)"
66.249.65.145 - - [23/Mar/2009:18:16:35 +0000] "GET /Home/Details--20.html HTTP/1.1" 200 57494 "" "Mozilla/5.0 (compatible; Googlebot/2.1; +http://www.google.com/bot.html)"
66.249.65.145 - - [23/Mar/2009:18:16:36 +0000] "GET /Home/Details--20.html HTTP/1.1" 200 67742 "" "Mozilla/5.0 (compatible; Googlebot/2.1; +http://www.google.com/bot.html)"
72.30.65.29 - - [23/Mar/2009:18:17:21 +0000] "GET /Home/Lastminute--63.html HTTP/1.1" 200 22133 "" "Mozilla/5.0 (compatible; Yahoo! Slurp/3.0; http://help.yahoo.com/help/us/ysearch/slurp)"
66.249.65.145 - - [23/Mar/2009:18:18:09 +0000] "GET /Home/Details--20.html HTTP/1.1" 200 55626 "" "Mozilla/5.0 (compatible; Googlebot/2.1; +http://www.google.com/bot.html)"
67.195.37.170 - - [23/Mar/2009:18:18:23 +0000] "GET /Home/Lastminute--63.html HTTP/1.1" 200 22769 "" "Mozilla/5.0 (compatible; Yahoo! Slurp/3.0; http://help.yahoo.com/help/us/ysearch/slurp)"
66.249.65.145 - - [23/Mar/2009:18:18:30 +0000] "GET /Home/Specials--60.html HTTP/1.1" 200 13607 "" "Mozilla/5.0 (compatible; Googlebot/2.1; +http://www.google.com/bot.html)"
78.48.72.90 - - [23/Mar/2009:18:19:06 +0000] "GET /Home/Details--20.html HTTP/1.1" 200 42902 "http://www.meinsuedtirol.com/Hotel-Adler-Morter-Latsch-.1307.0.0.1240.0.html" "Mozilla/5.0 (Windows; U; Windows NT 5.1; de; rv:1.9.0.7) Gecko/2009021910 Firefox/3.0.7"
88.131.106.15 - - [23/Mar/2009:18:19:18 +0000] "GET /Home--1.html HTTP/1.1" 200 25025 "" "Speedy Spider (http://www.entireweb.com/about/search_tech/speedy_spider/)"
72.30.65.29 - - [23/Mar/2009:18:19:34 +0000] "GET /Home--1.html HTTP/1.1" 200 25099 "" "Mozilla/5.0 (compatible; Yahoo! Slurp/3.0; http://help.yahoo.com/help/us/ysearch/slurp)"
88.131.106.15 - - [23/Mar/2009:18:19:48 +0000] "GET /Home/Specials/Skiurlaub--110.html HTTP/1.1" 200 10595 "" "Speedy Spider (http://www.entireweb.com/about/search_tech/speedy_spider/)"
194.8.75.212 - - [23/Mar/2009:18:20:16 +0000] "GET /Home/Buchen--19.html HTTP/1.1" 200 23985 "" "Mozilla/4.0 (compatible; MSIE 6.0; Windows NT 5.1; SV1; MRA 4.6 (build 01425); MRSPUTNIK 1, 5, 0, 19 SW)"
194.8.75.212 - - [23/Mar/2009:18:20:18 +0000] "GET /Home/Best__tigung--64.html HTTP/1.1" 200 18815 "http://www.sewahotel.com/de/buchen.html?pid=0&rid=0" "Mozilla/4.0 (compatible; MSIE 6.0; Windows NT 5.1; SV1; MRA 4.6 (build 01425); MRSPUTNIK 1, 5, 0, 19 SW)"
66.249.65.145 - - [23/Mar/2009:18:20:31 +0000] "GET /Home/Lastminute--63.html HTTP/1.1" 200 32658 "" "Mozilla/5.0 (compatible; Googlebot/2.1; +http://www.google.com/bot.html)"
65.55.105.209 - - [23/Mar/2009:18:21:08 +0000] "GET /Home/Wetter/Aktuelles_Wetter--44.html HTTP/1.1" 200 12182 "" "msnbot/1.1 (+http://search.msn.com/msnbot.htm)"
66.249.65.145 - - [23/Mar/2009:18:21:11 +0000] "GET /Home/Finden___Buchen--2.html HTTP/1.1" 200 36628 "" "Mozilla/5.0 (compatible; Googlebot/2.1; +http://www.google.com/bot.html)"
72.30.65.29 - - [23/Mar/2009:18:21:17 +0000] "GET /Home/F__r_Hotels--75.html HTTP/1.1" 200 15767 "" "Mozilla/5.0 (compatible; Yahoo! Slurp/3.0; http://help.yahoo.com/help/us/ysearch/slurp)"
72.30.65.29 - - [23/Mar/2009:18:21:30 +0000] "GET /Home/Unsere_Hotels--7.html HTTP/1.1" 200 15014 "" "Mozilla/5.0 (compatible; Yahoo! Slurp/3.0; http://help.yahoo.com/help/us/ysearch/slurp)"
62.221.168.98 - - [23/Mar/2009:18:22:17 +0000] "GET /Home/Details--20.html HTTP/1.1" 200 45164 "" "Mozilla/4.0 (compatible; MSIE 6.0; Windows NT 5.1; SV1; .NET CLR 2.0.50727; .NET CLR 1.1.4322; .NET CLR 3.0.04506.30; .NET CLR 3.0.04506.648)"
72.30.65.29 - - [23/Mar/2009:18:22:35 +0000] "GET /Home/Specials--60.html HTTP/1.1" 200 13607 "" "Mozilla/5.0 (compatible; Yahoo! Slurp/3.0; http://help.yahoo.com/help/us/ysearch/slurp)"
62.221.168.98 - - [23/Mar/2009:18:22:43 +0000] "GET /Home--1.html HTTP/1.1" 200 25210 "http://www.sewahotel.com/de/details.html?pid=11&rid=62&lang=de&hotel_id=335" "Mozilla/4.0 (compatible; MSIE 6.0; Windows NT 5.1; SV1; .NET CLR 2.0.50727; .NET CLR 1.1.4322; .NET CLR 3.0.04506.30; .NET CLR 3.0.04506.648)"
66.249.65.145 - - [23/Mar/2009:18:22:52 +0000] "GET /Home/Details--20.html HTTP/1.1" 200 48642 "" "Mozilla/5.0 (compatible; Googlebot/2.1; +http://www.google.com/bot.html)"
62.221.168.98 - - [23/Mar/2009:18:23:15 +0000] "GET /Home/Unsere_Hotels/Pustertal--59.html HTTP/1.1" 200 31325 "http://www.sewahotel.com/it.html?pid=11&rid=62" "Mozilla/4.0 (compatible; MSIE 6.0; Windows NT 5.1; SV1; .NET CLR 2.0.50727; .NET CLR 1.1.4322; .NET CLR 3.0.04506.30; .NET CLR 3.0.04506.648)"
72.30.65.29 - - [23/Mar/2009:18:23:12 +0000] "GET /Home/Details--20.html HTTP/1.1" 200 52245 "" "Mozilla/5.0 (compatible; Yahoo! Slurp/3.0; http://help.yahoo.com/help/us/ysearch/slurp)"
72.30.65.29 - - [23/Mar/2009:18:23:41 +0000] "GET /Home/Wetter/Aktuelles_Wetter--44.html HTTP/1.1" 200 11665 "" "Mozilla/5.0 (compatible; Yahoo! Slurp/3.0; http://help.yahoo.com/help/us/ysearch/slurp)"
62.221.168.98 - - [23/Mar/2009:18:23:50 +0000] "GET /Home/Details--20.html HTTP/1.1" 200 42939 "http://www.sewahotel.com/it/i-nostri-hotel/val-pusteria.html" "Mozilla/4.0 (compatible; MSIE 6.0; Windows NT 5.1; SV1; .NET CLR 2.0.50727; .NET CLR 1.1.4322; .NET CLR 3.0.04506.30; .NET CLR 3.0.04506.648)"
66.249.65.145 - - [23/Mar/2009:18:23:52 +0000] "GET /Home/Specials--60.html HTTP/1.1" 200 15647 "" "Mozilla/5.0 (compatible; Googlebot/2.1; +http://www.google.com/bot.html)"
62.221.168.98 - - [23/Mar/2009:18:24:39 +0000] "GET /Home/Details--20.html HTTP/1.1" 200 44912 "http://www.sewahotel.com/it/i-nostri-hotel/val-pusteria.html" "Mozilla/4.0 (compatible; MSIE 6.0; Windows NT 5.1; SV1; .NET CLR 2.0.50727; .NET CLR 1.1.4322; .NET CLR 3.0.04506.30; .NET CLR 3.0.04506.648)"
88.131.106.15 - - [23/Mar/2009:18:25:10 +0000] "GET /Home/__ber_uns--65.html HTTP/1.1" 200 12758 "" "Speedy Spider (http://www.entireweb.com/about/search_tech/speedy_spider/)"
88.131.106.15 - - [23/Mar/2009:18:25:11 +0000] "GET /Home/__ber_uns--65.html HTTP/1.1" 200 12832 "" "Speedy Spider (http://www.entireweb.com/about/search_tech/speedy_spider/)"
66.249.65.145 - - [23/Mar/2009:18:25:13 +0000] "GET /Home/Details--20.html HTTP/1.1" 200 49588 "" "Mozilla/5.0 (compatible; Googlebot/2.1; +http://www.google.com/bot.html)"
194.8.75.44 - - [23/Mar/2009:18:25:28 +0000] "GET /Home/Buchen--19.html HTTP/1.1" 200 23985 "" "Mozilla/4.0 (compatible; MSIE 6.0; Windows NT 5.1; .NET CLR 1.0.3705)"
194.8.75.44 - - [23/Mar/2009:18:25:28 +0000] "GET /Home/Best__tigung--64.html HTTP/1.1" 200 19866 "http://www.sewahotel.com/de/buchen.html?pid=0&rid=0" "Mozilla/4.0 (compatible; MSIE 6.0; Windows NT 5.1; .NET CLR 1.0.3705)"
194.8.75.44 - - [23/Mar/2009:18:25:54 +0000] "GET /Home/Buchen--19.html HTTP/1.1" 200 23985 "" "Mozilla/4.0 (compatible; MSIE 6.0; Windows NT 5.2; SV1; .NET CLR 1.1.4322; .NET CLR 2.0.50727)"
194.8.75.44 - - [23/Mar/2009:18:25:54 +0000] "GET /Home/Best__tigung--64.html HTTP/1.1" 200 20060 "http://www.sewahotel.com/de/buchen.html?pid=0&rid=0" "Mozilla/4.0 (compatible; MSIE 6.0; Windows NT 5.2; SV1; .NET CLR 1.1.4322; .NET CLR 2.0.50727)"
