208.115.111.248 - - [23/Mar/2009:11:56:10 +0000] "GET /Home--1.html HTTP/1.1" 200 25353 "" "Mozilla/5.0 (compatible; DotBot/1.1; http://www.dotnetdotcom.org/, crawler@dotnetdotcom.org)"
208.115.111.248 - - [23/Mar/2009:11:56:15 +0000] "GET /Home--1.html HTTP/1.1" 200 25358 "" "Mozilla/5.0 (compatible; DotBot/1.1; http://www.dotnetdotcom.org/, crawler@dotnetdotcom.org)"
208.115.111.248 - - [23/Mar/2009:11:56:19 +0000] "GET /Home/Anfrage--112.html HTTP/1.1" 200 17675 "" "Mozilla/5.0 (compatible; DotBot/1.1; http://www.dotnetdotcom.org/, crawler@dotnetdotcom.org)"
208.115.111.248 - - [23/Mar/2009:11:56:23 +0000] "GET /Home/Anfrage--112.html HTTP/1.1" 200 17675 "" "Mozilla/5.0 (compatible; DotBot/1.1; http://www.dotnetdotcom.org/, crawler@dotnetdotcom.org)"
65.55.108.241 - - [23/Mar/2009:11:56:25 +0000] "GET /Home/F__r_Hotels--75.html HTTP/1.1" 200 16059 "" "msnbot-media/1.1 (+http://search.msn.com/msnbot.htm)"
66.249.65.145 - - [23/Mar/2009:11:56:27 +0000] "GET /Home/Details--20.html HTTP/1.1" 200 39048 "" "Mozilla/5.0 (compatible; Googlebot/2.1; +http://www.google.com/bot.html)"
208.115.111.248 - - [23/Mar/2009:11:56:28 +0000] "GET /Home/Anfrage--112.html HTTP/1.1" 200 17675 "" "Mozilla/5.0 (compatible; DotBot/1.1; http://www.dotnetdotcom.org/, crawler@dotnetdotcom.org)"
208.115.111.248 - - [23/Mar/2009:11:56:32 +0000] "GET /Home/Anfrage--112.html HTTP/1.1" 200 17675 "" "Mozilla/5.0 (compatible; DotBot/1.1; http://www.dotnetdotcom.org/, crawler@dotnetdotcom.org)"
208.115.111.248 - - [23/Mar/2009:11:56:36 +0000] "GET /Home/Anfrage--112.html HTTP/1.1" 200 17675 "" "Mozilla/5.0 (compatible; DotBot/1.1; http://www.dotnetdotcom.org/, crawler@dotnetdotcom.org)"
208.115.111.248 - - [23/Mar/2009:11:56:42 +0000] "GET /Home/Anfrage--112.html HTTP/1.1" 200 17675 "" "Mozilla/5.0 (compatible; DotBot/1.1; http://www.dotnetdotcom.org/, crawler@dotnetdotcom.org)"
65.55.105.203 - - [23/Mar/2009:11:56:43 +0000] "GET /Home/Specials--60.html HTTP/1.1" 200 60410 "" "msnbot/1.1 (+http://search.msn.com/msnbot.htm)"
208.115.111.248 - - [23/Mar/2009:11:56:47 +0000] "GET /Home/Anfrage--112.html HTTP/1.1" 200 17675 "" "Mozilla/5.0 (compatible; DotBot/1.1; http://www.dotnetdotcom.org/, crawler@dotnetdotcom.org)"
72.30.65.29 - - [23/Mar/2009:11:57:03 +0000] "GET /Home/Details--20.html HTTP/1.1" 200 45587 "" "Mozilla/5.0 (compatible; Yahoo! Slurp/3.0; http://help.yahoo.com/help/us/ysearch/slurp)"
66.249.65.145 - - [23/Mar/2009:11:57:31 +0000] "GET /Home/Map/Vinschgau--119.html HTTP/1.1" 200 19590 "" "Mozilla/5.0 (compatible; Googlebot/2.1; +http://www.google.com/bot.html)"
66.249.65.145 - - [23/Mar/2009:11:58:12 +0000] "GET /Home/Specials--60.html HTTP/1.1" 200 33758 "" "Mozilla/5.0 (compatible; Googlebot/2.1; +http://www.google.com/bot.html)"
194.149.247.24 - - [23/Mar/2009:11:58:30 +0000] "GET /Home/Details--20.html HTTP/1.1" 200 52091 "" "Mozilla/4.0 (compatible; MSIE 6.0; Windows NT 5.1; SV1; .NET CLR 2.0.50727)"
65.55.105.205 - - [23/Mar/2009:11:59:03 +0000] "GET /Home/Wetter/Bergwetter--42.html HTTP/1.1" 200 11119 "" "msnbot/1.1 (+http://search.msn.com/msnbot.htm)"
72.30.65.29 - - [23/Mar/2009:11:59:20 +0000] "GET /Home/Unsere_Hotels--7.html HTTP/1.1" 200 17136 "" "Mozilla/5.0 (compatible; Yahoo! Slurp/3.0; http://help.yahoo.com/help/us/ysearch/slurp)"
93.39.85.55 - - [23/Mar/2009:11:59:27 +0000] "GET /Home--1.html HTTP/1.1" 200 25304 "http://www.meinsuedtirol.com/Perca-.221.1.html" "Mozilla/4.0 (compatible; MSIE 7.0; Windows NT 5.1; .NET CLR 2.0.50727; Zango 10.3.75.0)"
66.249.65.145 - - [23/Mar/2009:11:59:51 +0000] "GET /Home/Map/S__dtirols_S__den--121.html HTTP/1.1" 200 22159 "" "Mozilla/5.0 (compatible; Googlebot/2.1; +http://www.google.com/bot.html)"
65.55.105.205 - - [23/Mar/2009:12:00:18 +0000] "GET /Home/Details--20.html HTTP/1.1" 200 54367 "" "msnbot/1.1 (+http://search.msn.com/msnbot.htm)"
66.249.65.145 - - [23/Mar/2009:12:00:22 +0000] "GET /Home/Specials--60.html HTTP/1.1" 200 46681 "" "Mozilla/5.0 (compatible; Googlebot/2.1; +http://www.google.com/bot.html)"
66.249.65.145 - - [23/Mar/2009:12:01:48 +0000] "GET /Home/Specials/Stadturlaub--108.html HTTP/1.1" 200 12657 "" "Mozilla/5.0 (compatible; Googlebot/2.1; +http://www.google.com/bot.html)"
65.55.105.205 - - [23/Mar/2009:12:02:08 +0000] "GET /Home/Wetter/Aktuelles_Wetter--44.html HTTP/1.1" 200 12182 "" "msnbot/1.1 (+http://search.msn.com/msnbot.htm)"
66.249.65.145 - - [23/Mar/2009:12:02:10 +0000] "GET /Home/Reisef__hrer_S__dtirol--80.html HTTP/1.1" 200 20913 "" "Mozilla/5.0 (compatible; Googlebot/2.1; +http://www.google.com/bot.html)"
66.249.65.145 - - [23/Mar/2009:12:02:32 +0000] "GET /Home/Specials--60.html HTTP/1.1" 200 61412 "" "Mozilla/5.0 (compatible; Googlebot/2.1; +http://www.google.com/bot.html)"
66.249.65.145 - - [23/Mar/2009:12:04:29 +0000] "GET /Home/Details--20.html HTTP/1.1" 200 45724 "" "Mozilla/5.0 (compatible; Googlebot/2.1; +http://www.google.com/bot.html)"
66.249.65.145 - - [23/Mar/2009:12:04:30 +0000] "GET /Home/Specials--60.html HTTP/1.1" 200 15315 "" "Mozilla/5.0 (compatible; Googlebot/2.1; +http://www.google.com/bot.html)"
194.8.75.103 - - [23/Mar/2009:12:04:40 +0000] "GET /Home/Buchen--19.html HTTP/1.1" 200 23985 "http://www.sewahotel.com/de/buchen.html?pid=0&rid=0" "Mozilla/4.0 (compatible; MSIE 6.0; Windows NT 5.1; .NET CLR 1.1.4322; FDM)"
66.249.65.145 - - [23/Mar/2009:12:04:42 +0000] "GET /Home/Specials--60.html HTTP/1.1" 200 38430 "" "Mozilla/5.0 (compatible; Googlebot/2.1; +http://www.google.com/bot.html)"
79.14.19.81 - - [23/Mar/2009:12:04:41 +0000] "GET /Home/Ergebnisse-hotel--102.html HTTP/1.1" 200 103672 "" "Mozilla/4.0 (compatible; MSIE 7.0; Windows NT 5.1; FunWebProducts; GTB5; .NET CLR 1.1.4322; .NET CLR 2.0.50727)"
194.8.75.103 - - [23/Mar/2009:12:04:43 +0000] "GET /Home/Best__tigung--64.html HTTP/1.1" 200 23813 "http://www.sewahotel.com/de/buchen.html?pid=0&rid=0" "Mozilla/4.0 (compatible; MSIE 6.0; Windows NT 5.1; .NET CLR 1.1.4322; FDM)"
65.55.105.205 - - [23/Mar/2009:12:04:50 +0000] "GET /Home/Specials--60.html HTTP/1.1" 200 15315 "" "msnbot/1.1 (+http://search.msn.com/msnbot.htm)"
65.55.105.197 - - [23/Mar/2009:12:05:31 +0000] "GET /Home/Wetter/Aktuelles_Wetter--44.html HTTP/1.1" 200 12182 "" "msnbot/1.1 (+http://search.msn.com/msnbot.htm)"
65.55.105.203 - - [23/Mar/2009:12:05:44 +0000] "GET /Home/Unsere_Hotels--7.html HTTP/1.1" 200 15540 "" "msnbot/1.1 (+http://search.msn.com/msnbot.htm)"
65.55.105.209 - - [23/Mar/2009:12:06:00 +0000] "GET /Home/Details--20.html HTTP/1.1" 200 48783 "" "msnbot/1.1 (+http://search.msn.com/msnbot.htm)"
114.255.30.194 - - [23/Mar/2009:12:06:22 +0000] "GET /Home/Details--20.html HTTP/1.1" 200 48378 "" "Mozilla/4.0 (compatible; MSIE 6.0; Windows NT 5.1; SV1; .NET CLR 1.1.4322; .NET CLR 2.0.50728)"
114.255.30.194 - - [23/Mar/2009:12:06:24 +0000] "GET /Home/Details-hotel--105.html HTTP/1.1" 200 47587 "" "Mozilla/4.0 (compatible; MSIE 6.0; Windows NT 5.1; SV1; .NET CLR 1.1.4322; .NET CLR 2.0.50728)"
72.30.65.29 - - [23/Mar/2009:12:06:48 +0000] "GET /Home/Details--20.html HTTP/1.1" 200 44742 "" "Mozilla/5.0 (compatible; Yahoo! Slurp/3.0; http://help.yahoo.com/help/us/ysearch/slurp)"
66.249.65.145 - - [23/Mar/2009:12:06:54 +0000] "GET /Home/__ber_uns--65.html HTTP/1.1" 200 12857 "" "Mozilla/5.0 (compatible; Googlebot/2.1; +http://www.google.com/bot.html)"
66.249.65.145 - - [23/Mar/2009:12:06:54 +0000] "GET /Home/Details--20.html HTTP/1.1" 200 54966 "" "Mozilla/5.0 (compatible; Googlebot/2.1; +http://www.google.com/bot.html)"
72.30.65.29 - - [23/Mar/2009:12:07:04 +0000] "GET /Home/F__r_Hotels--75.html HTTP/1.1" 200 16059 "" "Mozilla/5.0 (compatible; Yahoo! Slurp/3.0; http://help.yahoo.com/help/us/ysearch/slurp)"
66.249.65.145 - - [23/Mar/2009:12:07:09 +0000] "GET /Home/Details--20.html HTTP/1.1" 200 42094 "" "Mozilla/5.0 (compatible; Googlebot/2.1; +http://www.google.com/bot.html)"
65.55.105.207 - - [23/Mar/2009:12:08:25 +0000] "GET /Home/Reisef__hrer_S__dtirol--80.html HTTP/1.1" 200 21407 "" "msnbot/1.1 (+http://search.msn.com/msnbot.htm)"
66.249.65.145 - - [23/Mar/2009:12:09:03 +0000] "GET /Home/Specials--60.html HTTP/1.1" 200 38200 "" "Mozilla/5.0 (compatible; Googlebot/2.1; +http://www.google.com/bot.html)"
66.249.65.145 - - [23/Mar/2009:12:09:05 +0000] "GET /Home/Unsere_Hotels/Meraner_Land--51.html HTTP/1.1" 200 73922 "" "Mozilla/5.0 (compatible; Googlebot/2.1; +http://www.google.com/bot.html)"
66.249.65.145 - - [23/Mar/2009:12:09:14 +0000] "GET /Home/Lastminute--63.html HTTP/1.1" 200 23792 "" "Mozilla/5.0 (compatible; Googlebot/2.1; +http://www.google.com/bot.html)"
66.249.65.145 - - [23/Mar/2009:12:09:50 +0000] "GET /Home/Details--20.html HTTP/1.1" 200 42620 "" "Mozilla/5.0 (compatible; Googlebot/2.1; +http://www.google.com/bot.html)"
88.34.173.210 - - [23/Mar/2009:12:10:00 +0000] "GET /Home/Details--20.html HTTP/1.1" 200 41657 "" "Mozilla/4.0 (compatible; MSIE 7.0; Windows NT 6.0; SLCC1; .NET CLR 2.0.50727; Media Center PC 5.0; .NET CLR 3.0.04506)"
66.249.65.145 - - [23/Mar/2009:12:11:13 +0000] "GET /Home/Details--20.html HTTP/1.1" 200 54964 "" "Mozilla/5.0 (compatible; Googlebot/2.1; +http://www.google.com/bot.html)"
83.233.30.104 - - [23/Mar/2009:12:11:26 +0000] "GET /Home/Details-hotel--105.html HTTP/1.1" 200 45249 "http://www.sewahotel.com/de/details-hotel.html" "Mozilla/4.0 (compatible; MSIE 6.0; Windows NT 5.1; SV1; .NET CLR 1.1.4322)"
66.249.65.145 - - [23/Mar/2009:12:11:38 +0000] "GET /Home/Finden___Buchen--2.html HTTP/1.1" 200 36110 "" "Mozilla/5.0 (compatible; Googlebot/2.1; +http://www.google.com/bot.html)"
79.25.188.250 - - [23/Mar/2009:12:11:45 +0000] "GET /Home--1.html HTTP/1.1" 200 25304 "http://www.meinsuedtirol.com/Hotel-Lago-Di-Braies-Prags-.382.0.0.1240.1.html" "Mozilla/4.0 (compatible; MSIE 7.0; Windows NT 6.0; SLCC1; .NET CLR 2.0.50727; Media Center PC 5.0; .NET CLR 3.0.04506)"
66.249.65.145 - - [23/Mar/2009:12:12:30 +0000] "GET /Home/Details--20.html HTTP/1.1" 200 47053 "" "Mozilla/5.0 (compatible; Googlebot/2.1; +http://www.google.com/bot.html)"
72.30.65.29 - - [23/Mar/2009:12:12:50 +0000] "GET /Home/Details--20.html HTTP/1.1" 200 53798 "" "Mozilla/5.0 (compatible; Yahoo! Slurp/3.0; http://help.yahoo.com/help/us/ysearch/slurp)"
66.249.65.145 - - [23/Mar/2009:12:13:23 +0000] "GET /Home/Details--20.html HTTP/1.1" 200 48485 "" "Mozilla/5.0 (compatible; Googlebot/2.1; +http://www.google.com/bot.html)"
67.195.37.170 - - [23/Mar/2009:12:14:02 +0000] "GET /Home/Specials/Lastminuteurlaub--111.html HTTP/1.1" 200 16664 "" "Mozilla/5.0 (compatible; Yahoo! Slurp/3.0; http://help.yahoo.com/help/us/ysearch/slurp)"
66.249.65.145 - - [23/Mar/2009:12:14:03 +0000] "GET /Home/Map/Eisacktal--120.html HTTP/1.1" 200 22140 "" "Mozilla/5.0 (compatible; Googlebot/2.1; +http://www.google.com/bot.html)"
65.55.105.205 - - [23/Mar/2009:12:14:18 +0000] "GET /Home/Details--20.html HTTP/1.1" 200 42986 "" "msnbot/1.1 (+http://search.msn.com/msnbot.htm)"
66.249.65.145 - - [23/Mar/2009:12:15:11 +0000] "GET /Home/Details--20.html HTTP/1.1" 200 43962 "" "Mozilla/5.0 (compatible; Googlebot/2.1; +http://www.google.com/bot.html)"
66.249.65.145 - - [23/Mar/2009:12:15:33 +0000] "GET /Home/Details--20.html HTTP/1.1" 200 43992 "" "Mozilla/5.0 (compatible; Googlebot/2.1; +http://www.google.com/bot.html)"
85.18.14.243 - - [23/Mar/2009:12:16:00 +0000] "GET /Home--1.html HTTP/1.1" 200 25304 "http://www.meinsuedtirol.com/Specials-.5.1.html" "Mozilla/4.0 (compatible; MSIE 7.0; Windows NT 5.1; .NET CLR 1.1.4322; .NET CLR 2.0.50727; .NET CLR 3.0.04506.30; .NET CLR 3.0.04506.648; .NET CLR 3.0.4506.2152; .NET CLR 3.5.30729)"
66.249.65.145 - - [23/Mar/2009:12:16:26 +0000] "GET /Home/Map/Ahrntal--118.html HTTP/1.1" 200 20373 "" "Mozilla/5.0 (compatible; Googlebot/2.1; +http://www.google.com/bot.html)"
72.30.65.29 - - [23/Mar/2009:12:16:39 +0000] "GET /Home--1.html HTTP/1.1" 200 24766 "" "Mozilla/5.0 (compatible; Yahoo! Slurp/3.0; http://help.yahoo.com/help/us/ysearch/slurp)"
72.30.65.29 - - [23/Mar/2009:12:17:06 +0000] "GET /Home/Lastminute--63.html HTTP/1.1" 200 23099 "" "Mozilla/5.0 (compatible; Yahoo! Slurp/3.0; http://help.yahoo.com/help/us/ysearch/slurp)"
66.249.65.145 - - [23/Mar/2009:12:17:44 +0000] "GET /Home/Details--20.html HTTP/1.1" 200 43672 "" "Mozilla/5.0 (compatible; Googlebot/2.1; +http://www.google.com/bot.html)"
66.249.65.145 - - [23/Mar/2009:12:17:51 +0000] "GET /Home/Details--20.html HTTP/1.1" 200 42702 "" "Mozilla/5.0 (compatible; Googlebot/2.1; +http://www.google.com/bot.html)"
194.8.75.175 - - [23/Mar/2009:12:18:37 +0000] "GET /Home/Buchen--19.html HTTP/1.1" 200 23985 "http://www.sewahotel.com/de/buchen.html?pid=0&rid=0" "Mozilla/4.0 (compatible; MSIE 6.0; Windows NT 5.1; SV1; .NET CLR 1.1.4322) NS8/0.9.6"
194.8.75.175 - - [23/Mar/2009:12:18:41 +0000] "GET /Home/Best__tigung--64.html HTTP/1.1" 200 23676 "http://www.sewahotel.com/de/buchen.html?pid=0&rid=0" "Mozilla/4.0 (compatible; MSIE 6.0; Windows NT 5.1; SV1; .NET CLR 1.1.4322) NS8/0.9.6"
66.249.65.145 - - [23/Mar/2009:12:18:51 +0000] "GET /Home/Details--20.html HTTP/1.1" 200 44487 "" "Mozilla/5.0 (compatible; Googlebot/2.1; +http://www.google.com/bot.html)"
83.233.30.104 - - [23/Mar/2009:12:19:45 +0000] "GET /Home/Details-hotel--105.html HTTP/1.1" 200 45249 "http://www.sewahotel.com/de/details-hotel.html" "Mozilla/4.0 (compatible; MSIE 6.0; Windows NT 5.1; SV1; .NET CLR 1.1.4322)"
72.30.65.29 - - [23/Mar/2009:12:19:49 +0000] "GET /Home/Anfrage--112.html HTTP/1.1" 200 17314 "" "Mozilla/5.0 (compatible; Yahoo! Slurp/3.0; http://help.yahoo.com/help/us/ysearch/slurp)"
66.249.65.145 - - [23/Mar/2009:12:19:54 +0000] "GET /Home/Details--20.html HTTP/1.1" 200 44808 "" "Mozilla/5.0 (compatible; Googlebot/2.1; +http://www.google.com/bot.html)"
66.249.65.145 - - [23/Mar/2009:12:20:32 +0000] "GET /Home/Details--20.html HTTP/1.1" 200 45729 "" "Mozilla/5.0 (compatible; Googlebot/2.1; +http://www.google.com/bot.html)"
66.249.65.145 - - [23/Mar/2009:12:21:07 +0000] "GET /Home/Reisef__hrer_S__dtirol--80.html HTTP/1.1" 200 21407 "" "Mozilla/5.0 (compatible; Googlebot/2.1; +http://www.google.com/bot.html)"
66.249.65.145 - - [23/Mar/2009:12:22:04 +0000] "GET /Home/Specials--60.html HTTP/1.1" 200 53945 "" "Mozilla/5.0 (compatible; Googlebot/2.1; +http://www.google.com/bot.html)"
82.194.114.81 - - [23/Mar/2009:12:22:32 +0000] "GET /Home/Details--20.html HTTP/1.1" 200 42297 "" "Mozilla/5.0 (Windows; U; Windows NT 6.0; en-US; rv:1.8.1.11) Gecko/20071127 Firefox/2.0.0.11"
66.249.65.145 - - [23/Mar/2009:12:22:41 +0000] "GET /Home/Map/Meraner_Land--131.html HTTP/1.1" 200 27619 "" "Mozilla/5.0 (compatible; Googlebot/2.1; +http://www.google.com/bot.html)"
66.249.65.145 - - [23/Mar/2009:12:23:12 +0000] "GET /Home/Details--20.html HTTP/1.1" 200 43968 "" "Mozilla/5.0 (compatible; Googlebot/2.1; +http://www.google.com/bot.html)"
67.195.37.170 - - [23/Mar/2009:12:23:51 +0000] "GET /Home/Specials--60.html HTTP/1.1" 200 15315 "" "Mozilla/5.0 (compatible; Yahoo! Slurp/3.0; http://help.yahoo.com/help/us/ysearch/slurp)"
66.249.65.145 - - [23/Mar/2009:12:24:14 +0000] "GET /Home/Details--20.html HTTP/1.1" 200 40305 "" "Mozilla/5.0 (compatible; Googlebot/2.1; +http://www.google.com/bot.html)"
67.195.37.170 - - [23/Mar/2009:12:24:17 +0000] "GET /Home/Unsere_Hotels/Dolomiten--53.html HTTP/1.1" 200 43499 "" "Mozilla/5.0 (compatible; Yahoo! Slurp/3.0; http://help.yahoo.com/help/us/ysearch/slurp)"
66.249.65.145 - - [23/Mar/2009:12:24:33 +0000] "GET /Home/Lastminute--63.html HTTP/1.1" 200 34069 "" "Mozilla/5.0 (compatible; Googlebot/2.1; +http://www.google.com/bot.html)"
208.115.111.248 - - [23/Mar/2009:12:25:46 +0000] "GET /Home/Anfrage--112.html HTTP/1.1" 200 16829 "" "Mozilla/5.0 (compatible; DotBot/1.1; http://www.dotnetdotcom.org/, crawler@dotnetdotcom.org)"
208.115.111.248 - - [23/Mar/2009:12:25:52 +0000] "GET /Home/Anfrage--112.html HTTP/1.1" 200 16829 "" "Mozilla/5.0 (compatible; DotBot/1.1; http://www.dotnetdotcom.org/, crawler@dotnetdotcom.org)"
66.249.65.145 - - [23/Mar/2009:12:25:53 +0000] "GET /Home/Details--20.html HTTP/1.1" 200 54662 "" "Mozilla/5.0 (compatible; Googlebot/2.1; +http://www.google.com/bot.html)"
208.115.111.248 - - [23/Mar/2009:12:25:56 +0000] "GET /Home/Anfrage--112.html HTTP/1.1" 200 16829 "" "Mozilla/5.0 (compatible; DotBot/1.1; http://www.dotnetdotcom.org/, crawler@dotnetdotcom.org)"
208.115.111.248 - - [23/Mar/2009:12:26:01 +0000] "GET /Home/Anfrage--112.html HTTP/1.1" 200 16829 "" "Mozilla/5.0 (compatible; DotBot/1.1; http://www.dotnetdotcom.org/, crawler@dotnetdotcom.org)"
208.115.111.248 - - [23/Mar/2009:12:26:05 +0000] "GET /Home/Anfrage--112.html HTTP/1.1" 200 16829 "" "Mozilla/5.0 (compatible; DotBot/1.1; http://www.dotnetdotcom.org/, crawler@dotnetdotcom.org)"
208.115.111.248 - - [23/Mar/2009:12:26:10 +0000] "GET /Home/Anfrage--112.html HTTP/1.1" 200 16829 "" "Mozilla/5.0 (compatible; DotBot/1.1; http://www.dotnetdotcom.org/, crawler@dotnetdotcom.org)"
208.115.111.248 - - [23/Mar/2009:12:26:14 +0000] "GET /Home/Anfrage--112.html HTTP/1.1" 200 16829 "" "Mozilla/5.0 (compatible; DotBot/1.1; http://www.dotnetdotcom.org/, crawler@dotnetdotcom.org)"
208.115.111.248 - - [23/Mar/2009:12:26:18 +0000] "GET /Home/Anfrage--112.html HTTP/1.1" 200 16829 "" "Mozilla/5.0 (compatible; DotBot/1.1; http://www.dotnetdotcom.org/, crawler@dotnetdotcom.org)"
208.115.111.248 - - [23/Mar/2009:12:26:24 +0000] "GET /Home/Anfrage--112.html HTTP/1.1" 200 17314 "" "Mozilla/5.0 (compatible; DotBot/1.1; http://www.dotnetdotcom.org/, crawler@dotnetdotcom.org)"
66.249.65.145 - - [23/Mar/2009:12:26:24 +0000] "GET /Home/Lastminute--63.html HTTP/1.1" 200 33698 "" "Mozilla/5.0 (compatible; Googlebot/2.1; +http://www.google.com/bot.html)"
66.249.65.145 - - [23/Mar/2009:12:26:26 +0000] "GET /Home/Details--20.html HTTP/1.1" 200 37061 "" "Mozilla/5.0 (compatible; Googlebot/2.1; +http://www.google.com/bot.html)"
208.115.111.248 - - [23/Mar/2009:12:26:29 +0000] "GET /Home/Anfrage--112.html HTTP/1.1" 200 17314 "" "Mozilla/5.0 (compatible; DotBot/1.1; http://www.dotnetdotcom.org/, crawler@dotnetdotcom.org)"
194.8.75.103 - - [23/Mar/2009:12:26:48 +0000] "GET /Home/Buchen--19.html HTTP/1.1" 200 23985 "http://www.sewahotel.com/de/buchen.html?pid=0&rid=0" "Mozilla/5.0 (Windows; U; Windows NT 5.0; en-GB; rv:1.8.1) Gecko/20060918 Firefox/2.0"
194.8.75.103 - - [23/Mar/2009:12:26:50 +0000] "GET /Home/Best__tigung--64.html HTTP/1.1" 200 22908 "http://www.sewahotel.com/de/buchen.html?pid=0&rid=0" "Mozilla/5.0 (Windows; U; Windows NT 5.0; en-GB; rv:1.8.1) Gecko/20060918 Firefox/2.0"
62.101.0.30 - - [23/Mar/2009:12:27:38 +0000] "GET /Home/Ergebnisse-hotel--102.html HTTP/1.1" 200 31432 "" "Mozilla/4.0 (compatible; MSIE 6.0; Windows NT 5.1; SV1; .NET CLR 2.0.50727; .NET CLR 1.0.3705; .NET CLR 3.0.4506.2152; .NET CLR 3.5.30729)"
194.8.75.212 - - [23/Mar/2009:12:27:53 +0000] "GET /Home/Buchen--19.html HTTP/1.1" 200 23985 "" "Mozilla/4.0 (compatible; MSIE 6.0; Windows NT 5.1; SV1; .NET CLR 1.1.4322)"
194.8.75.212 - - [23/Mar/2009:12:27:58 +0000] "GET /Home/Best__tigung--64.html HTTP/1.1" 200 19108 "http://www.sewahotel.com/de/buchen.html?pid=0&rid=0" "Mozilla/4.0 (compatible; MSIE 6.0; Windows NT 5.1; SV1; .NET CLR 1.1.4322)"
194.8.75.245 - - [23/Mar/2009:12:28:18 +0000] "GET /Home/Buchen--19.html HTTP/1.1" 200 23985 "" "Mozilla/4.0 (compatible; MSIE 6.0; Windows NT 5.1; Deepnet Explorer 1.5.0; .NET CLR 1.0.3705)"
66.249.65.145 - - [23/Mar/2009:12:28:21 +0000] "GET /Home/Map/S__dtirols_S__den--121.html HTTP/1.1" 200 23469 "" "Mozilla/5.0 (compatible; Googlebot/2.1; +http://www.google.com/bot.html)"
194.8.75.245 - - [23/Mar/2009:12:28:21 +0000] "GET /Home/Best__tigung--64.html HTTP/1.1" 200 19422 "http://www.sewahotel.com/de/buchen.html?pid=0&rid=0" "Mozilla/4.0 (compatible; MSIE 6.0; Windows NT 5.1; Deepnet Explorer 1.5.0; .NET CLR 1.0.3705)"
66.249.65.145 - - [23/Mar/2009:12:28:35 +0000] "GET /Home/Details--20.html HTTP/1.1" 200 38181 "" "Mozilla/5.0 (compatible; Googlebot/2.1; +http://www.google.com/bot.html)"
84.154.79.173 - - [23/Mar/2009:12:30:09 +0000] "GET /Home/Details--20.html HTTP/1.1" 200 41198 "" "Mozilla/4.0 (compatible; MSIE 6.0; Windows NT 5.0; .NET CLR 1.1.4322; .NET CLR 2.0.50727)"
66.249.65.145 - - [23/Mar/2009:12:30:11 +0000] "GET /Home/Lastminute--63.html HTTP/1.1" 200 34310 "" "Mozilla/5.0 (compatible; Googlebot/2.1; +http://www.google.com/bot.html)"
194.8.75.175 - - [23/Mar/2009:12:30:29 +0000] "GET /Home/Buchen--19.html HTTP/1.1" 200 23985 "http://www.sewahotel.com/de/buchen.html?pid=0&rid=0" "Mozilla/4.0 (compatible; MSIE 6.0; Windows NT 5.1; KKman2.0)"
194.8.75.175 - - [23/Mar/2009:12:30:32 +0000] "GET /Home/Best__tigung--64.html HTTP/1.1" 200 23735 "http://www.sewahotel.com/de/buchen.html?pid=0&rid=0" "Mozilla/4.0 (compatible; MSIE 6.0; Windows NT 5.1; KKman2.0)"
66.249.65.145 - - [23/Mar/2009:12:30:45 +0000] "GET /Home/Details--20.html HTTP/1.1" 200 29586 "" "Mozilla/5.0 (compatible; Googlebot/2.1; +http://www.google.com/bot.html)"
72.30.65.29 - - [23/Mar/2009:12:31:09 +0000] "GET /Home/Lastminute--63.html HTTP/1.1" 200 34863 "" "Mozilla/5.0 (compatible; Yahoo! Slurp/3.0; http://help.yahoo.com/help/us/ysearch/slurp)"
66.249.65.145 - - [23/Mar/2009:12:31:14 +0000] "GET /Home/Lastminute--63.html HTTP/1.1" 200 31575 "" "Mozilla/5.0 (compatible; Googlebot/2.1; +http://www.google.com/bot.html)"
66.249.65.145 - - [23/Mar/2009:12:31:58 +0000] "GET /Home/Details--20.html HTTP/1.1" 200 61062 "" "Mozilla/5.0 (compatible; Googlebot/2.1; +http://www.google.com/bot.html)"
72.30.65.29 - - [23/Mar/2009:12:32:01 +0000] "GET /Home/Reisef__hrer_S__dtirol--80.html HTTP/1.1" 200 21407 "" "Mozilla/5.0 (compatible; Yahoo! Slurp/3.0; http://help.yahoo.com/help/us/ysearch/slurp)"
194.8.75.239 - - [23/Mar/2009:12:32:21 +0000] "GET /Home/Buchen--19.html HTTP/1.1" 200 23985 "" "Mozilla/4.0 (compatible; MSIE 6.0; Windows NT 5.1; TheFreeDictionary.com; .NET CLR 1.1.4322; .NET CLR 1.0.3705; .NET CLR 2.0.50727)"
194.8.75.239 - - [23/Mar/2009:12:32:22 +0000] "GET /Home/Best__tigung--64.html HTTP/1.1" 200 19351 "http://www.sewahotel.com/de/buchen.html?pid=0&rid=0" "Mozilla/4.0 (compatible; MSIE 6.0; Windows NT 5.1; TheFreeDictionary.com; .NET CLR 1.1.4322; .NET CLR 1.0.3705; .NET CLR 2.0.50727)"
62.101.0.30 - - [23/Mar/2009:12:32:33 +0000] "GET /Home/Details--20.html HTTP/1.1" 200 53709 "http://www.sewahotel.com/de/ergebnisse-hotel.html?action=get_results&hotel_id=&pid=109&rid=1&lang=de&from_day=23&from_month=03&from_year=2009&to_day=24&to_month=03&to_year=2009&to_year=2009&typ=4&verpflegung=hp&anzahl_erw=2&alterkind1=3&alterkind2=5&alterkind3=&kat_art=A1" "Mozilla/4.0 (compatible; MSIE 6.0; Windows NT 5.1; SV1; .NET CLR 2.0.50727; .NET CLR 1.0.3705; .NET CLR 3.0.4506.2152; .NET CLR 3.5.30729)"
67.195.37.170 - - [23/Mar/2009:12:32:55 +0000] "GET /Home/Details--20.html HTTP/1.1" 200 49170 "" "Mozilla/5.0 (compatible; Yahoo! Slurp; http://help.yahoo.com/help/us/ysearch/slurp)"
66.249.65.145 - - [23/Mar/2009:12:32:55 +0000] "GET /Home/Specials--60.html HTTP/1.1" 200 45685 "" "Mozilla/5.0 (compatible; Googlebot/2.1; +http://www.google.com/bot.html)"
65.55.105.208 - - [23/Mar/2009:12:33:29 +0000] "GET /Home/Specials--60.html HTTP/1.1" 200 47603 "" "msnbot/1.1 (+http://search.msn.com/msnbot.htm)"
66.249.65.145 - - [23/Mar/2009:12:33:50 +0000] "GET /Home/Details--20.html HTTP/1.1" 200 50066 "" "Mozilla/5.0 (compatible; Googlebot/2.1; +http://www.google.com/bot.html)"
66.249.65.145 - - [23/Mar/2009:12:33:54 +0000] "GET /Home/Lastminute--63.html HTTP/1.1" 200 31580 "" "Mozilla/5.0 (compatible; Googlebot/2.1; +http://www.google.com/bot.html)"
65.55.105.205 - - [23/Mar/2009:12:33:55 +0000] "GET /Home/Reisef__hrer_S__dtirol--80.html HTTP/1.1" 200 21407 "" "msnbot/1.1 (+http://search.msn.com/msnbot.htm)"
72.30.65.29 - - [23/Mar/2009:12:34:29 +0000] "GET /Home/Details--20.html HTTP/1.1" 200 40890 "" "Mozilla/5.0 (compatible; Yahoo! Slurp/3.0; http://help.yahoo.com/help/us/ysearch/slurp)"
66.249.65.145 - - [23/Mar/2009:12:35:05 +0000] "GET /Home/Details--20.html HTTP/1.1" 200 37444 "" "Mozilla/5.0 (compatible; Googlebot/2.1; +http://www.google.com/bot.html)"
65.55.105.208 - - [23/Mar/2009:12:35:16 +0000] "GET /Home/Lastminute--63.html HTTP/1.1" 200 32588 "" "msnbot/1.1 (+http://search.msn.com/msnbot.htm)"
194.8.75.214 - - [23/Mar/2009:12:35:39 +0000] "GET /Home/Buchen--19.html HTTP/1.1" 200 23985 "" "Mozilla/4.0 (compatible; MSIE 5.01; Windows 95; MSIECrawler)"
66.249.65.145 - - [23/Mar/2009:12:35:39 +0000] "GET /Home/Details--20.html HTTP/1.1" 200 67393 "" "Mozilla/5.0 (compatible; Googlebot/2.1; +http://www.google.com/bot.html)"
194.8.75.214 - - [23/Mar/2009:12:35:40 +0000] "GET /Home/Best__tigung--64.html HTTP/1.1" 200 19215 "http://www.sewahotel.com/de/buchen.html?pid=0&rid=0" "Mozilla/4.0 (compatible; MSIE 5.01; Windows 95; MSIECrawler)"
194.8.75.239 - - [23/Mar/2009:12:35:50 +0000] "GET /Home/Buchen--19.html HTTP/1.1" 200 23985 "" "Mozilla/4.0 (compatible; MSIE 6.0; Windows NT 5.1) Netscape/8.0.4"
194.8.75.239 - - [23/Mar/2009:12:35:50 +0000] "GET /Home/Best__tigung--64.html HTTP/1.1" 200 18748 "http://www.sewahotel.com/de/buchen.html?pid=0&rid=0" "Mozilla/4.0 (compatible; MSIE 6.0; Windows NT 5.1) Netscape/8.0.4"
65.55.105.207 - - [23/Mar/2009:12:36:08 +0000] "GET /Home/Anfrage--112.html HTTP/1.1" 200 16829 "" "msnbot/1.1 (+http://search.msn.com/msnbot.htm)"
65.55.105.207 - - [23/Mar/2009:12:36:13 +0000] "GET /Home/Finden___Buchen--2.html HTTP/1.1" 200 35925 "" "msnbot/1.1 (+http://search.msn.com/msnbot.htm)"
65.55.105.202 - - [23/Mar/2009:12:36:31 +0000] "GET /Home/Specials--60.html HTTP/1.1" 200 62629 "" "msnbot/1.1 (+http://search.msn.com/msnbot.htm)"
66.249.65.145 - - [23/Mar/2009:12:36:35 +0000] "GET /Home/Details--20.html HTTP/1.1" 200 40829 "" "Mozilla/5.0 (compatible; Googlebot/2.1; +http://www.google.com/bot.html)"
66.249.65.145 - - [23/Mar/2009:12:37:15 +0000] "GET /Home/Details--20.html HTTP/1.1" 200 42097 "" "Mozilla/5.0 (compatible; Googlebot/2.1; +http://www.google.com/bot.html)"
66.249.65.145 - - [23/Mar/2009:12:37:28 +0000] "GET /Home/Details--20.html HTTP/1.1" 200 51165 "" "Mozilla/5.0 (compatible; Googlebot/2.1; +http://www.google.com/bot.html)"
72.30.65.29 - - [23/Mar/2009:12:38:24 +0000] "GET /Home/Finden___Buchen--2.html HTTP/1.1" 200 32690 "" "Mozilla/5.0 (compatible; Yahoo! Slurp/3.0; http://help.yahoo.com/help/us/ysearch/slurp)"
72.30.65.29 - - [23/Mar/2009:12:38:46 +0000] "GET /Home/Lastminute--63.html HTTP/1.1" 200 32703 "" "Mozilla/5.0 (compatible; Yahoo! Slurp/3.0; http://help.yahoo.com/help/us/ysearch/slurp)"
66.249.65.145 - - [23/Mar/2009:12:39:18 +0000] "GET /Home/Details--20.html HTTP/1.1" 200 53685 "" "Mozilla/5.0 (compatible; Googlebot/2.1; +http://www.google.com/bot.html)"
193.47.80.36 - - [23/Mar/2009:12:39:23 +0000] "GET /Home--1.html HTTP/1.1" 200 25304 "" "Mozilla/5.0 (compatible; Exabot/3.0; +http://www.exabot.com/go/robot)"
66.249.65.145 - - [23/Mar/2009:12:39:25 +0000] "GET /Home/Details--20.html HTTP/1.1" 200 51535 "" "Mozilla/5.0 (compatible; Googlebot/2.1; +http://www.google.com/bot.html)"
65.55.105.202 - - [23/Mar/2009:12:39:40 +0000] "GET /Home/Specials--60.html HTTP/1.1" 200 35528 "" "msnbot/1.1 (+http://search.msn.com/msnbot.htm)"
194.8.74.11 - - [23/Mar/2009:12:41:07 +0000] "GET /Home/Buchen--19.html HTTP/1.1" 200 23985 "" "Mozilla/4.0 (compatible; MSIE 5.5; Windows NT 4.0; .NET CLR 1.0.2914)"
194.8.74.11 - - [23/Mar/2009:12:41:12 +0000] "GET /Home/Best__tigung--64.html HTTP/1.1" 200 27186 "http://www.sewahotel.com/de/buchen.html?pid=0&rid=0" "Mozilla/4.0 (compatible; MSIE 5.5; Windows NT 4.0; .NET CLR 1.0.2914)"
66.249.65.145 - - [23/Mar/2009:12:41:22 +0000] "GET /Home/Map/Dolomiten--122.html HTTP/1.1" 200 22467 "" "Mozilla/5.0 (compatible; Googlebot/2.1; +http://www.google.com/bot.html)"
66.249.65.145 - - [23/Mar/2009:12:41:35 +0000] "GET /Home/Details--20.html HTTP/1.1" 200 52317 "" "Mozilla/5.0 (compatible; Googlebot/2.1; +http://www.google.com/bot.html)"
66.249.65.145 - - [23/Mar/2009:12:41:56 +0000] "GET /Home/Details--20.html HTTP/1.1" 200 41310 "" "Mozilla/5.0 (compatible; Googlebot/2.1; +http://www.google.com/bot.html)"
66.249.65.145 - - [23/Mar/2009:12:43:08 +0000] "GET /Home/Lastminute--63.html HTTP/1.1" 200 33795 "" "Mozilla/5.0 (compatible; Googlebot/2.1; +http://www.google.com/bot.html)"
83.233.30.104 - - [23/Mar/2009:12:43:10 +0000] "GET /Home/Details-hotel--105.html HTTP/1.1" 200 45246 "http://www.sewahotel.com/de/details-hotel.html" "Mozilla/4.0 (compatible; MSIE 6.0; Windows NT 5.1; SV1; .NET CLR 1.1.4322)"
66.249.65.145 - - [23/Mar/2009:12:43:46 +0000] "GET /Home/Details--20.html HTTP/1.1" 200 54655 "" "Mozilla/5.0 (compatible; Googlebot/2.1; +http://www.google.com/bot.html)"
75.101.208.115 - - [23/Mar/2009:12:44:32 +0000] "GET /Home--1.html HTTP/1.1" 200 24714 "" "SimilarPages/Nutch-1.0-dev (SimilarPages Nutch Crawler; http://www.similarpages.com; info at similarpages dot com)"
66.249.65.145 - - [23/Mar/2009:12:44:51 +0000] "GET /Home/Details--20.html HTTP/1.1" 200 67667 "" "Mozilla/5.0 (compatible; Googlebot/2.1; +http://www.google.com/bot.html)"
151.69.30.1 - - [23/Mar/2009:12:45:08 +0000] "GET /Home--1.html HTTP/1.1" 200 25304 "http://www.meinsuedtirol.com/Corvara-.139.1.html" "Mozilla/4.0 (compatible; MSIE 7.0; Windows NT 5.1; .NET CLR 1.1.4322; .NET CLR 2.0.50727; .NET CLR 3.0.04506.30; InfoPath.1; .NET CLR 3.0.04506.648)"
151.69.30.1 - - [23/Mar/2009:12:45:25 +0000] "GET /Home--1.html HTTP/1.1" 200 25019 "http://www.sewahotel.com/" "Mozilla/4.0 (compatible; MSIE 7.0; Windows NT 5.1; .NET CLR 1.1.4322; .NET CLR 2.0.50727; .NET CLR 3.0.04506.30; InfoPath.1; .NET CLR 3.0.04506.648)"
151.69.30.1 - - [23/Mar/2009:12:45:49 +0000] "GET /Home/Lastminute--63.html HTTP/1.1" 200 22582 "http://www.sewahotel.com/it.html" "Mozilla/4.0 (compatible; MSIE 7.0; Windows NT 5.1; .NET CLR 1.1.4322; .NET CLR 2.0.50727; .NET CLR 3.0.04506.30; InfoPath.1; .NET CLR 3.0.04506.648)"
66.249.65.145 - - [23/Mar/2009:12:45:56 +0000] "GET /Home/Specials--60.html HTTP/1.1" 200 35365 "" "Mozilla/5.0 (compatible; Googlebot/2.1; +http://www.google.com/bot.html)"
65.55.105.192 - - [23/Mar/2009:12:46:15 +0000] "GET /Home/Lastminute--63.html HTTP/1.1" 200 33395 "" "msnbot/1.1 (+http://search.msn.com/msnbot.htm)"
84.73.11.244 - - [23/Mar/2009:12:46:30 +0000] "GET /Home/Buchen--19.html HTTP/1.1" 200 24109 "" "Mozilla/4.0 (compatible; MSIE 8.0; Windows NT 5.1; Trident/4.0; .NET CLR 2.0.50727; .NET CLR 3.0.4506.2152; .NET CLR 3.5.30729)"
84.73.11.244 - - [23/Mar/2009:12:46:42 +0000] "GET /Home--1.html HTTP/1.1" 200 25304 "" "Mozilla/4.0 (compatible; MSIE 8.0; Windows NT 5.1; Trident/4.0; .NET CLR 2.0.50727; .NET CLR 3.0.4506.2152; .NET CLR 3.5.30729)"
66.249.65.145 - - [23/Mar/2009:12:46:49 +0000] "GET /Home/Lastminute--63.html HTTP/1.1" 200 33892 "" "Mozilla/5.0 (compatible; Googlebot/2.1; +http://www.google.com/bot.html)"
151.69.30.1 - - [23/Mar/2009:12:47:08 +0000] "GET /Home/Details--20.html HTTP/1.1" 200 60099 "http://www.sewahotel.com/it/lastminute.html" "Mozilla/4.0 (compatible; MSIE 7.0; Windows NT 5.1; .NET CLR 1.1.4322; .NET CLR 2.0.50727; .NET CLR 3.0.04506.30; InfoPath.1; .NET CLR 3.0.04506.648)"
65.55.105.197 - - [23/Mar/2009:12:47:15 +0000] "GET /Home--1.html HTTP/1.1" 200 24682 "" "msnbot/1.1 (+http://search.msn.com/msnbot.htm)"
66.249.65.145 - - [23/Mar/2009:12:47:17 +0000] "GET /Home/Details--20.html HTTP/1.1" 200 37533 "" "Mozilla/5.0 (compatible; Googlebot/2.1; +http://www.google.com/bot.html)"
193.158.231.86 - - [23/Mar/2009:12:47:34 +0000] "GET /Home/Details--20.html HTTP/1.1" 200 43889 "" "Mozilla/4.0 (compatible; MSIE 6.0; Windows NT 5.1; SV1; .NET CLR 2.0.50727; .NET CLR 3.0.04506.30)"
151.69.30.1 - - [23/Mar/2009:12:47:59 +0000] "GET /Home/Unsere_Hotels--7.html HTTP/1.1" 200 13072 "http://www.sewahotel.com/it.html" "Mozilla/4.0 (compatible; MSIE 7.0; Windows NT 5.1; .NET CLR 1.1.4322; .NET CLR 2.0.50727; .NET CLR 3.0.04506.30; InfoPath.1; .NET CLR 3.0.04506.648)"
84.73.11.244 - - [23/Mar/2009:12:48:04 +0000] "GET /Home/Ergebnisse--18.html HTTP/1.1" 200 106034 "http://www.sewahotel.com/" "Mozilla/4.0 (compatible; MSIE 8.0; Windows NT 5.1; Trident/4.0; .NET CLR 2.0.50727; .NET CLR 3.0.4506.2152; .NET CLR 3.5.30729)"
66.249.65.145 - - [23/Mar/2009:12:48:08 +0000] "GET /Home/Details--20.html HTTP/1.1" 200 51802 "" "Mozilla/5.0 (compatible; Googlebot/2.1; +http://www.google.com/bot.html)"
138.190.32.7 - - [23/Mar/2009:12:48:13 +0000] "GET /Home/Ergebnisse-hotel--102.html HTTP/1.1" 200 107639 "" "Mozilla/4.0 (compatible; MSIE 6.0; Windows NT 5.1; SV1; i-NavFourF; .NET CLR 1.1.4322; .NET CLR 2.0.50727; InfoPath.1; .NET CLR 3.0.04506.30; .NET CLR 3.0.04506.648; .NET CLR 3.5.21022)"
66.249.65.145 - - [23/Mar/2009:12:48:27 +0000] "GET /Home/Lastminute--63.html HTTP/1.1" 200 32994 "" "Mozilla/5.0 (compatible; Googlebot/2.1; +http://www.google.com/bot.html)"
138.190.32.7 - - [23/Mar/2009:12:49:03 +0000] "GET /Home/Ergebnisse-hotel--102.html HTTP/1.1" 200 22836 "http://www.sewahotel.com/de/ergebnisse-hotel.html?action=get_results&hotel_id=&pid=109&rid=1&lang=de&from_day=10&from_month=04&from_year=2009&to_day=12&to_month=04&to_year=2009&to_year=2009&typ=2&verpflegung=hp&anzahl_erw=2&alterkind1=&alterkind2=&alterkind3=&kat_art=" "Mozilla/4.0 (compatible; MSIE 6.0; Windows NT 5.1; SV1; i-NavFourF; .NET CLR 1.1.4322; .NET CLR 2.0.50727; InfoPath.1; .NET CLR 3.0.04506.30; .NET CLR 3.0.04506.648; .NET CLR 3.5.21022)"
65.55.105.192 - - [23/Mar/2009:12:49:13 +0000] "GET /Home/Reisef__hrer_S__dtirol--80.html HTTP/1.1" 200 21407 "" "msnbot/1.1 (+http://search.msn.com/msnbot.htm)"
138.190.32.7 - - [23/Mar/2009:12:49:14 +0000] "GET /Home/Ergebnisse-hotel--102.html HTTP/1.1" 200 107640 "http://www.sewahotel.com/de/ergebnisse-hotel.html?pid=109&rid=1" "Mozilla/4.0 (compatible; MSIE 6.0; Windows NT 5.1; SV1; i-NavFourF; .NET CLR 1.1.4322; .NET CLR 2.0.50727; InfoPath.1; .NET CLR 3.0.04506.30; .NET CLR 3.0.04506.648; .NET CLR 3.5.21022)"
65.55.105.193 - - [23/Mar/2009:12:49:24 +0000] "GET /Home--1.html HTTP/1.1" 200 24724 "" "msnbot/1.1 (+http://search.msn.com/msnbot.htm)"
138.190.32.7 - - [23/Mar/2009:12:49:55 +0000] "GET /Home/Ergebnisse-hotel--102.html HTTP/1.1" 200 87558 "http://www.sewahotel.com/de/ergebnisse-hotel.html?pid=109&rid=1" "Mozilla/4.0 (compatible; MSIE 6.0; Windows NT 5.1; SV1; i-NavFourF; .NET CLR 1.1.4322; .NET CLR 2.0.50727; InfoPath.1; .NET CLR 3.0.04506.30; .NET CLR 3.0.04506.648; .NET CLR 3.5.21022)"
66.249.65.145 - - [23/Mar/2009:12:49:58 +0000] "GET /Home/Details--20.html HTTP/1.1" 200 48959 "" "Mozilla/5.0 (compatible; Googlebot/2.1; +http://www.google.com/bot.html)"
66.249.65.145 - - [23/Mar/2009:12:50:15 +0000] "GET /Home/Map/__sterreich--123.html HTTP/1.1" 200 18547 "" "Mozilla/5.0 (compatible; Googlebot/2.1; +http://www.google.com/bot.html)"
66.249.65.145 - - [23/Mar/2009:12:50:16 +0000] "GET /Home/Details--20.html HTTP/1.1" 200 54781 "" "Mozilla/5.0 (compatible; Googlebot/2.1; +http://www.google.com/bot.html)"
138.190.32.7 - - [23/Mar/2009:12:50:50 +0000] "GET /Home/Ergebnisse-hotel--102.html HTTP/1.1" 200 36389 "http://www.sewahotel.com/de/ergebnisse-hotel.html?pid=109&rid=1" "Mozilla/4.0 (compatible; MSIE 6.0; Windows NT 5.1; SV1; i-NavFourF; .NET CLR 1.1.4322; .NET CLR 2.0.50727; InfoPath.1; .NET CLR 3.0.04506.30; .NET CLR 3.0.04506.648; .NET CLR 3.5.21022)"
67.195.37.170 - - [23/Mar/2009:12:51:14 +0000] "GET /Home/Details--20.html HTTP/1.1" 200 43906 "" "Mozilla/5.0 (compatible; Yahoo! Slurp/3.0; http://help.yahoo.com/help/us/ysearch/slurp)"
72.30.65.29 - - [23/Mar/2009:12:51:38 +0000] "GET /Home/Unsere_Hotels--7.html HTTP/1.1" 200 17136 "" "Mozilla/5.0 (compatible; Yahoo! Slurp/3.0; http://help.yahoo.com/help/us/ysearch/slurp)"
66.249.65.145 - - [23/Mar/2009:12:52:05 +0000] "GET /Home/Lastminute--63.html HTTP/1.1" 200 34446 "" "Mozilla/5.0 (compatible; Googlebot/2.1; +http://www.google.com/bot.html)"
194.8.75.103 - - [23/Mar/2009:12:52:10 +0000] "GET /Home/Buchen--19.html HTTP/1.1" 200 23985 "http://www.sewahotel.com/de/buchen.html?pid=0&rid=0" "Mozilla/4.0 (compatible; MSIE 6.0; Windows NT 5.1; Crazy Browser 1.0.5)"
194.8.75.103 - - [23/Mar/2009:12:52:11 +0000] "GET /Home/Best__tigung--64.html HTTP/1.1" 200 23733 "http://www.sewahotel.com/de/buchen.html?pid=0&rid=0" "Mozilla/4.0 (compatible; MSIE 6.0; Windows NT 5.1; Crazy Browser 1.0.5)"
66.249.65.145 - - [23/Mar/2009:12:52:26 +0000] "GET /Home/Details--20.html HTTP/1.1" 200 46758 "" "Mozilla/5.0 (compatible; Googlebot/2.1; +http://www.google.com/bot.html)"
66.249.65.145 - - [23/Mar/2009:12:52:38 +0000] "GET /Home/Lastminute--63.html HTTP/1.1" 200 9680 "" "Mozilla/5.0 (compatible; Googlebot/2.1; +http://www.google.com/bot.html)"
89.96.187.164 - - [23/Mar/2009:12:52:42 +0000] "GET /Home--1.html HTTP/1.1" 200 25304 "http://www.meinsuedtirol.com/Glorenza-.239.1.html" "Mozilla/4.0 (compatible; MSIE 7.0; Windows NT 5.1)"
65.55.105.192 - - [23/Mar/2009:12:53:19 +0000] "GET /Home/Specials--60.html HTTP/1.1" 200 59500 "" "msnbot/1.1 (+http://search.msn.com/msnbot.htm)"
66.249.65.145 - - [23/Mar/2009:12:53:53 +0000] "GET /Home/Details--20.html HTTP/1.1" 200 67897 "" "Mozilla/5.0 (compatible; Googlebot/2.1; +http://www.google.com/bot.html)"
66.249.65.145 - - [23/Mar/2009:12:54:37 +0000] "GET /Home/Details--20.html HTTP/1.1" 200 55474 "" "Mozilla/5.0 (compatible; Googlebot/2.1; +http://www.google.com/bot.html)"
194.8.75.175 - - [23/Mar/2009:12:55:26 +0000] "GET /Home/Buchen--19.html HTTP/1.1" 200 23985 "http://www.sewahotel.com/de/buchen.html?pid=0&rid=0" "Mozilla/5.0 (Windows; U; Windows NT 5.0; en-US; rv:1.9a1) Gecko/20051102 Firefox/1.6a1"
194.8.75.175 - - [23/Mar/2009:12:55:26 +0000] "GET /Home/Best__tigung--64.html HTTP/1.1" 200 23528 "http://www.sewahotel.com/de/buchen.html?pid=0&rid=0" "Mozilla/5.0 (Windows; U; Windows NT 5.0; en-US; rv:1.9a1) Gecko/20051102 Firefox/1.6a1"
66.249.65.145 - - [23/Mar/2009:12:55:37 +0000] "GET /Home/Lastminute--63.html HTTP/1.1" 200 33592 "" "Mozilla/5.0 (compatible; Googlebot/2.1; +http://www.google.com/bot.html)"
88.131.106.15 - - [23/Mar/2009:12:56:01 +0000] "GET /Home/Anfrage--112.html HTTP/1.1" 200 17675 "" "Speedy Spider (http://www.entireweb.com/about/search_tech/speedy_spider/)"
72.30.65.29 - - [23/Mar/2009:12:56:38 +0000] "GET /Home/Details--20.html HTTP/1.1" 200 38016 "" "Mozilla/5.0 (compatible; Yahoo! Slurp/3.0; http://help.yahoo.com/help/us/ysearch/slurp)"
65.55.105.207 - - [23/Mar/2009:12:56:44 +0000] "GET /Home--1.html HTTP/1.1" 200 25188 "" "msnbot/1.1 (+http://search.msn.com/msnbot.htm)"
66.249.65.145 - - [23/Mar/2009:12:56:47 +0000] "GET /Home/Details--20.html HTTP/1.1" 200 54861 "" "Mozilla/5.0 (compatible; Googlebot/2.1; +http://www.google.com/bot.html)"
66.249.65.145 - - [23/Mar/2009:12:57:26 +0000] "GET /Home/Details--20.html HTTP/1.1" 200 50891 "" "Mozilla/5.0 (compatible; Googlebot/2.1; +http://www.google.com/bot.html)"
66.249.65.145 - - [23/Mar/2009:12:57:59 +0000] "GET /Home/Details--20.html HTTP/1.1" 200 39771 "" "Mozilla/5.0 (compatible; Googlebot/2.1; +http://www.google.com/bot.html)"
65.55.105.196 - - [23/Mar/2009:12:58:39 +0000] "GET /Home/__ber_uns--65.html HTTP/1.1" 200 12857 "" "msnbot/1.1 (+http://search.msn.com/msnbot.htm)"
66.249.65.145 - - [23/Mar/2009:12:58:57 +0000] "GET /Home/Specials--60.html HTTP/1.1" 200 33622 "" "Mozilla/5.0 (compatible; Googlebot/2.1; +http://www.google.com/bot.html)"
88.131.106.15 - - [23/Mar/2009:12:59:02 +0000] "GET /Home/Unsere_Hotels/Eisacktal--56.html HTTP/1.1" 200 31655 "" "Speedy Spider (http://www.entireweb.com/about/search_tech/speedy_spider/)"
193.204.167.87 - - [23/Mar/2009:12:59:02 +0000] "GET /Home--1.html HTTP/1.1" 200 25304 "http://www.meinsuedtirol.com/Pensione-Brunico-Alto-Adige-Sudtirolo-.871.1.html" "Mozilla/4.0 (compatible; MSIE 7.0; Windows NT 5.1; InfoPath.1)"
66.249.65.145 - - [23/Mar/2009:12:59:11 +0000] "GET /Home/Details--20.html HTTP/1.1" 200 55547 "" "Mozilla/5.0 (compatible; Googlebot/2.1; +http://www.google.com/bot.html)"
67.195.37.170 - - [23/Mar/2009:12:59:31 +0000] "GET /Home/__ber_uns--65.html HTTP/1.1" 200 12330 "" "Mozilla/5.0 (compatible; Yahoo! Slurp; http://help.yahoo.com/help/us/ysearch/slurp)"
66.249.65.145 - - [23/Mar/2009:13:00:06 +0000] "GET /Home/Unsere_Hotels/Meraner_Land--51.html HTTP/1.1" 200 74450 "" "Mozilla/5.0 (compatible; Googlebot/2.1; +http://www.google.com/bot.html)"
79.199.45.105 - - [23/Mar/2009:13:00:16 +0000] "GET /Home/Details--20.html HTTP/1.1" 200 41229 "" "Mozilla/4.0 (compatible; MSIE 6.0; Windows NT 5.1)"
65.55.110.36 - - [23/Mar/2009:13:00:31 +0000] "GET /Home/__ber_uns--65.html HTTP/1.1" 200 12857 "http://search.live.com/results.aspx?q=suedtirol" "Mozilla/4.0 (compatible; MSIE 6.0; Windows NT 5.2; SV1; .NET CLR 1.1.4322)"
66.249.65.145 - - [23/Mar/2009:13:00:40 +0000] "GET /Home/Details--20.html HTTP/1.1" 200 43234 "" "Mozilla/5.0 (compatible; Googlebot/2.1; +http://www.google.com/bot.html)"
66.249.65.145 - - [23/Mar/2009:13:01:00 +0000] "GET /Home/Reisef__hrer_S__d.../Schnalstal--98.html HTTP/1.1" 200 22793 "" "Mozilla/5.0 (compatible; Googlebot/2.1; +http://www.google.com/bot.html)"
65.55.105.207 - - [23/Mar/2009:13:01:00 +0000] "GET /Home/__ber_uns--65.html HTTP/1.1" 200 13296 "" "msnbot/1.1 (+http://search.msn.com/msnbot.htm)"
66.249.65.145 - - [23/Mar/2009:13:01:07 +0000] "GET /Home/Details--20.html HTTP/1.1" 200 48016 "" "Mozilla/5.0 (compatible; Googlebot/2.1; +http://www.google.com/bot.html)"
65.55.105.206 - - [23/Mar/2009:13:01:48 +0000] "GET /Home/Lastminute--63.html HTTP/1.1" 200 23132 "" "msnbot/1.1 (+http://search.msn.com/msnbot.htm)"
79.27.69.150 - - [23/Mar/2009:13:02:14 +0000] "GET /Home/Details--20.html HTTP/1.1" 200 49128 "" "Mozilla/4.0 (compatible; MSIE 7.0; Windows NT 5.1; .NET CLR 2.0.50727; .NET CLR 1.1.4322)"
65.55.109.209 - - [23/Mar/2009:13:02:26 +0000] "GET /Home/Lastminute--63.html HTTP/1.1" 200 25396 "http://search.live.com/results.aspx?q=hotels" "Mozilla/4.0 (compatible; MSIE 6.0; Windows NT 5.2; SV1; .NET CLR 1.1.4322)"
79.27.69.150 - - [23/Mar/2009:13:02:35 +0000] "GET /Home--1.html HTTP/1.1" 200 25210 "http://www.sewahotel.com/de/details.html?pid=11&rid=62&lang=de&hotel_id=273" "Mozilla/4.0 (compatible; MSIE 7.0; Windows NT 5.1; .NET CLR 2.0.50727; .NET CLR 1.1.4322)"
66.249.65.145 - - [23/Mar/2009:13:02:55 +0000] "GET /Home/Reisef__hrer_S__d.../Martell--81.html HTTP/1.1" 200 23092 "" "Mozilla/5.0 (compatible; Googlebot/2.1; +http://www.google.com/bot.html)"
66.249.65.145 - - [23/Mar/2009:13:03:17 +0000] "GET /Home/Details--20.html HTTP/1.1" 200 55435 "" "Mozilla/5.0 (compatible; Googlebot/2.1; +http://www.google.com/bot.html)"
66.249.65.145 - - [23/Mar/2009:13:03:20 +0000] "GET /Home/Details--20.html HTTP/1.1" 200 41240 "" "Mozilla/5.0 (compatible; Googlebot/2.1; +http://www.google.com/bot.html)"
65.55.105.204 - - [23/Mar/2009:13:04:00 +0000] "GET /Home/F__r_Hotels--75.html HTTP/1.1" 200 16059 "" "msnbot/1.1 (+http://search.msn.com/msnbot.htm)"
194.8.74.11 - - [23/Mar/2009:13:04:20 +0000] "GET /Home/Buchen--19.html HTTP/1.1" 200 23985 "" "Mozilla/4.0 (compatible; MSIE 6.0; Windows NT 5.1; SV1)"
194.8.74.11 - - [23/Mar/2009:13:04:21 +0000] "GET /Home/Best__tigung--64.html HTTP/1.1" 200 27539 "http://www.sewahotel.com/de/buchen.html?pid=0&rid=0" "Mozilla/4.0 (compatible; MSIE 6.0; Windows NT 5.1; SV1)"
66.249.65.145 - - [23/Mar/2009:13:04:40 +0000] "GET /Home/Details--20.html HTTP/1.1" 200 53985 "" "Mozilla/5.0 (compatible; Googlebot/2.1; +http://www.google.com/bot.html)"
65.55.109.61 - - [23/Mar/2009:13:05:05 +0000] "GET /Home/F__r_Hotels--75.html HTTP/1.1" 200 16021 "http://search.live.com/results.aspx?q=online" "Mozilla/4.0 (compatible; MSIE 6.0; Windows NT 5.2; SV1; .NET CLR 1.1.4322)"
75.101.208.115 - - [23/Mar/2009:13:05:21 +0000] "GET /Home--1.html HTTP/1.1" 200 24682 "" "SimilarPages/Nutch-1.0-dev (SimilarPages Nutch Crawler; http://www.similarpages.com; info at similarpages dot com)"
65.55.105.204 - - [23/Mar/2009:13:05:19 +0000] "GET /Home/Lastminute--63.html HTTP/1.1" 200 79602 "" "msnbot/1.1 (+http://search.msn.com/msnbot.htm)"
66.249.65.145 - - [23/Mar/2009:13:05:28 +0000] "GET /Home/Details--20.html HTTP/1.1" 200 45164 "" "Mozilla/5.0 (compatible; Googlebot/2.1; +http://www.google.com/bot.html)"
194.8.75.103 - - [23/Mar/2009:13:05:43 +0000] "GET /Home/Buchen--19.html HTTP/1.1" 200 23985 "http://www.sewahotel.com/de/buchen.html?pid=0&rid=0" "Mozilla/5.0 (Windows; U; Windows NT 5.1; en-US; rv:1.7) Gecko/20040815 Firefox/0.8 (MOOX M3)"
194.8.75.103 - - [23/Mar/2009:13:05:46 +0000] "GET /Home/Best__tigung--64.html HTTP/1.1" 200 22998 "http://www.sewahotel.com/de/buchen.html?pid=0&rid=0" "Mozilla/5.0 (Windows; U; Windows NT 5.1; en-US; rv:1.7) Gecko/20040815 Firefox/0.8 (MOOX M3)"
65.55.105.197 - - [23/Mar/2009:13:06:14 +0000] "GET /Home/Specials/Stadturlaub--108.html HTTP/1.1" 200 13166 "" "msnbot/1.1 (+http://search.msn.com/msnbot.htm)"
67.195.37.170 - - [23/Mar/2009:13:06:14 +0000] "GET /Home/Anfrage--112.html HTTP/1.1" 200 17314 "" "Mozilla/5.0 (compatible; Yahoo! Slurp/3.0; http://help.yahoo.com/help/us/ysearch/slurp)"
66.249.65.145 - - [23/Mar/2009:13:06:21 +0000] "GET /Home/__ber_uns--65.html HTTP/1.1" 200 12238 "" "Mozilla/5.0 (compatible; Googlebot/2.1; +http://www.google.com/bot.html)"
72.30.65.29 - - [23/Mar/2009:13:06:56 +0000] "GET /Home/Unsere_Hotels--7.html HTTP/1.1" 200 14728 "" "Mozilla/5.0 (compatible; Yahoo! Slurp/3.0; http://help.yahoo.com/help/us/ysearch/slurp)"
66.249.65.145 - - [23/Mar/2009:13:07:38 +0000] "GET /Home/Specials--60.html HTTP/1.1" 200 33696 "" "Mozilla/5.0 (compatible; Googlebot/2.1; +http://www.google.com/bot.html)"
65.55.105.206 - - [23/Mar/2009:13:07:38 +0000] "GET /Home/Details--20.html HTTP/1.1" 200 49055 "" "msnbot/1.1 (+http://search.msn.com/msnbot.htm)"
65.55.105.206 - - [23/Mar/2009:13:07:40 +0000] "GET /Home/Specials--60.html HTTP/1.1" 200 15315 "" "msnbot/1.1 (+http://search.msn.com/msnbot.htm)"
194.8.75.175 - - [23/Mar/2009:13:08:00 +0000] "GET /Home/Buchen--19.html HTTP/1.1" 200 23985 "http://www.sewahotel.com/de/buchen.html?pid=0&rid=0" "Mozilla/5.0 (Windows; U; Windows NT 5.0; en-US; rv:1.8b2) Gecko/20050224 Firefox/1.0+"
194.8.75.175 - - [23/Mar/2009:13:08:02 +0000] "GET /Home/Best__tigung--64.html HTTP/1.1" 200 23638 "http://www.sewahotel.com/de/buchen.html?pid=0&rid=0" "Mozilla/5.0 (Windows; U; Windows NT 5.0; en-US; rv:1.8b2) Gecko/20050224 Firefox/1.0+"
72.30.65.29 - - [23/Mar/2009:13:08:09 +0000] "GET /Home/Specials--60.html HTTP/1.1" 200 15315 "" "Mozilla/5.0 (compatible; Yahoo! Slurp/3.0; http://help.yahoo.com/help/us/ysearch/slurp)"
66.249.65.145 - - [23/Mar/2009:13:08:10 +0000] "GET /Home/Specials--60.html HTTP/1.1" 200 49827 "" "Mozilla/5.0 (compatible; Googlebot/2.1; +http://www.google.com/bot.html)"
66.249.65.145 - - [23/Mar/2009:13:08:41 +0000] "GET /Home/Details--20.html HTTP/1.1" 200 43487 "" "Mozilla/5.0 (compatible; Googlebot/2.1; +http://www.google.com/bot.html)"
66.249.65.145 - - [23/Mar/2009:13:09:48 +0000] "GET /Home/Specials--60.html HTTP/1.1" 200 47185 "" "Mozilla/5.0 (compatible; Googlebot/2.1; +http://www.google.com/bot.html)"
66.249.65.145 - - [23/Mar/2009:13:09:55 +0000] "GET /Home/Lastminute--63.html HTTP/1.1" 200 31501 "" "Mozilla/5.0 (compatible; Googlebot/2.1; +http://www.google.com/bot.html)"
67.195.37.170 - - [23/Mar/2009:13:11:29 +0000] "GET /Home/Unsere_Hotels/S__dtirols_S__den--55.html HTTP/1.1" 200 48699 "" "Mozilla/5.0 (compatible; Yahoo! Slurp/3.0; http://help.yahoo.com/help/us/ysearch/slurp)"
66.249.65.145 - - [23/Mar/2009:13:11:45 +0000] "GET /Home/Lastminute--63.html HTTP/1.1" 200 32086 "" "Mozilla/5.0 (compatible; Googlebot/2.1; +http://www.google.com/bot.html)"
66.249.65.145 - - [23/Mar/2009:13:11:58 +0000] "GET /Home/Details--20.html HTTP/1.1" 200 49127 "" "Mozilla/5.0 (compatible; Googlebot/2.1; +http://www.google.com/bot.html)"
65.55.105.206 - - [23/Mar/2009:13:12:55 +0000] "GET /Home/Specials--60.html HTTP/1.1" 200 49582 "" "msnbot/1.1 (+http://search.msn.com/msnbot.htm)"
66.249.65.145 - - [23/Mar/2009:13:13:51 +0000] "GET /Home/Details--20.html HTTP/1.1" 200 45491 "" "Mozilla/5.0 (compatible; Googlebot/2.1; +http://www.google.com/bot.html)"
66.249.65.145 - - [23/Mar/2009:13:14:02 +0000] "GET /Home/Details--20.html HTTP/1.1" 200 41062 "" "Mozilla/5.0 (compatible; Googlebot/2.1; +http://www.google.com/bot.html)"
66.249.65.145 - - [23/Mar/2009:13:14:08 +0000] "GET /Home/Specials--60.html HTTP/1.1" 200 35985 "" "Mozilla/5.0 (compatible; Googlebot/2.1; +http://www.google.com/bot.html)"
194.8.75.245 - - [23/Mar/2009:13:15:17 +0000] "GET /Home/Buchen--19.html HTTP/1.1" 200 23985 "" "Mozilla/4.0 (compatible; MSIE 6.0; Windows NT 5.1; SV1; .NET CLR 1.1.4322)"
194.8.75.245 - - [23/Mar/2009:13:15:19 +0000] "GET /Home/Best__tigung--64.html HTTP/1.1" 200 18976 "http://www.sewahotel.com/de/buchen.html?pid=0&rid=0" "Mozilla/4.0 (compatible; MSIE 6.0; Windows NT 5.1; SV1; .NET CLR 1.1.4322)"
66.249.65.145 - - [23/Mar/2009:13:15:34 +0000] "GET /Home/Details--20.html HTTP/1.1" 200 51614 "" "Mozilla/5.0 (compatible; Googlebot/2.1; +http://www.google.com/bot.html)"
75.101.208.115 - - [23/Mar/2009:13:15:40 +0000] "GET /Home--1.html HTTP/1.1" 200 25348 "" "SimilarPages/Nutch-1.0-dev (SimilarPages Nutch Crawler; http://www.similarpages.com; info at similarpages dot com)"
72.30.65.29 - - [23/Mar/2009:13:16:04 +0000] "GET /Home/Specials--60.html HTTP/1.1" 200 14012 "" "Mozilla/5.0 (compatible; Yahoo! Slurp/3.0; http://help.yahoo.com/help/us/ysearch/slurp)"
66.249.65.145 - - [23/Mar/2009:13:16:18 +0000] "GET /Home/Specials--60.html HTTP/1.1" 200 68866 "" "Mozilla/5.0 (compatible; Googlebot/2.1; +http://www.google.com/bot.html)"
66.249.65.145 - - [23/Mar/2009:13:17:05 +0000] "GET /Home/Details--20.html HTTP/1.1" 200 60491 "" "Mozilla/5.0 (compatible; Googlebot/2.1; +http://www.google.com/bot.html)"
65.55.105.204 - - [23/Mar/2009:13:17:13 +0000] "GET /Home/Specials/Skiurlaub--110.html HTTP/1.1" 200 42752 "" "msnbot/1.1 (+http://search.msn.com/msnbot.htm)"
66.249.65.145 - - [23/Mar/2009:13:18:29 +0000] "GET /Home/Specials--60.html HTTP/1.1" 200 69645 "" "Mozilla/5.0 (compatible; Googlebot/2.1; +http://www.google.com/bot.html)"
