217.14.4.197 - - [23/Mar/2009:08:46:31 +0000] "GET /Home/Details--20.html HTTP/1.1" 200 42464 "" "Mozilla/5.0 (compatible; MJ12bot/v1.2.4; http://www.majestic12.co.uk/bot.php?+)"
217.14.4.197 - - [23/Mar/2009:08:46:33 +0000] "GET /Home/Details--20.html HTTP/1.1" 200 37662 "" "Mozilla/5.0 (compatible; MJ12bot/v1.2.4; http://www.majestic12.co.uk/bot.php?+)"
217.14.4.197 - - [23/Mar/2009:08:46:40 +0000] "GET /Home/Details--20.html HTTP/1.1" 200 41223 "" "Mozilla/5.0 (compatible; MJ12bot/v1.2.4; http://www.majestic12.co.uk/bot.php?+)"
217.14.4.197 - - [23/Mar/2009:08:46:46 +0000] "GET /Home/Details--20.html HTTP/1.1" 200 44070 "" "Mozilla/5.0 (compatible; MJ12bot/v1.2.4; http://www.majestic12.co.uk/bot.php?+)"
65.55.110.85 - - [23/Mar/2009:08:46:51 +0000] "GET /Home/Reisef__hrer_S__d.../Lana--89.html HTTP/1.1" 200 23370 "http://search.live.com/results.aspx?q=hotels" "Mozilla/4.0 (compatible; MSIE 6.0; Windows NT 5.2; SV1; .NET CLR 1.1.4322)"
217.14.4.197 - - [23/Mar/2009:08:46:57 +0000] "GET /Home/Details--20.html HTTP/1.1" 200 43953 "" "Mozilla/5.0 (compatible; MJ12bot/v1.2.4; http://www.majestic12.co.uk/bot.php?+)"
217.14.4.197 - - [23/Mar/2009:08:47:00 +0000] "GET /Home/Details--20.html HTTP/1.1" 200 38644 "" "Mozilla/5.0 (compatible; MJ12bot/v1.2.4; http://www.majestic12.co.uk/bot.php?+)"
87.179.84.40 - - [23/Mar/2009:08:47:03 +0000] "GET /Home/Specials--60.html HTTP/1.1" 200 13891 "http://www.sewahotel.com/de/details.html?pid=11&rid=62&lang=de&hotel_id=186" "Mozilla/5.0 (Windows; U; Windows NT 5.1; de; rv:1.9.0.7) Gecko/2009021910 Firefox/3.0.7"
217.14.4.197 - - [23/Mar/2009:08:47:10 +0000] "GET /Home/Details--20.html HTTP/1.1" 200 42215 "" "Mozilla/5.0 (compatible; MJ12bot/v1.2.4; http://www.majestic12.co.uk/bot.php?+)"
217.14.4.197 - - [23/Mar/2009:08:47:19 +0000] "GET /Home/Details--20.html HTTP/1.1" 200 45865 "" "Mozilla/5.0 (compatible; MJ12bot/v1.2.4; http://www.majestic12.co.uk/bot.php?+)"
217.14.4.197 - - [23/Mar/2009:08:47:22 +0000] "GET /Home/Details--20.html HTTP/1.1" 200 39944 "" "Mozilla/5.0 (compatible; MJ12bot/v1.2.4; http://www.majestic12.co.uk/bot.php?+)"
87.179.84.40 - - [23/Mar/2009:08:47:24 +0000] "GET /Home/__ber_uns--65.html HTTP/1.1" 200 12857 "http://www.sewahotel.com/de/specials.html?pid=11&rid=62" "Mozilla/5.0 (Windows; U; Windows NT 5.1; de; rv:1.9.0.7) Gecko/2009021910 Firefox/3.0.7"
217.14.4.197 - - [23/Mar/2009:08:47:24 +0000] "GET /Home/Details--20.html HTTP/1.1" 200 40661 "" "Mozilla/5.0 (compatible; MJ12bot/v1.2.4; http://www.majestic12.co.uk/bot.php?+)"
87.179.84.40 - - [23/Mar/2009:08:47:35 +0000] "GET /Home/Details--20.html HTTP/1.1" 200 45561 "http://www.sewahotel.com/de/ueber-uns.html?pid=11&rid=62" "Mozilla/5.0 (Windows; U; Windows NT 5.1; de; rv:1.9.0.7) Gecko/2009021910 Firefox/3.0.7"
217.14.4.197 - - [23/Mar/2009:08:47:38 +0000] "GET /Home/Details--20.html HTTP/1.1" 200 40382 "" "Mozilla/5.0 (compatible; MJ12bot/v1.2.4; http://www.majestic12.co.uk/bot.php?+)"
66.249.65.145 - - [23/Mar/2009:08:47:39 +0000] "GET /Home/Details--20.html HTTP/1.1" 200 60119 "" "Mozilla/5.0 (compatible; Googlebot/2.1; +http://www.google.com/bot.html)"
217.14.4.197 - - [23/Mar/2009:08:47:52 +0000] "GET /Home/Details--20.html HTTP/1.1" 200 42301 "" "Mozilla/5.0 (compatible; MJ12bot/v1.2.4; http://www.majestic12.co.uk/bot.php?+)"
217.14.4.197 - - [23/Mar/2009:08:47:55 +0000] "GET /Home/Details--20.html HTTP/1.1" 200 41265 "" "Mozilla/5.0 (compatible; MJ12bot/v1.2.4; http://www.majestic12.co.uk/bot.php?+)"
217.14.4.197 - - [23/Mar/2009:08:48:04 +0000] "GET /Home/Details--20.html HTTP/1.1" 200 40652 "" "Mozilla/5.0 (compatible; MJ12bot/v1.2.4; http://www.majestic12.co.uk/bot.php?+)"
217.14.4.197 - - [23/Mar/2009:08:48:05 +0000] "GET /Home/Details--20.html HTTP/1.1" 200 44162 "" "Mozilla/5.0 (compatible; MJ12bot/v1.2.4; http://www.majestic12.co.uk/bot.php?+)"
217.14.4.197 - - [23/Mar/2009:08:48:08 +0000] "GET /Home/Details--20.html HTTP/1.1" 200 48069 "" "Mozilla/5.0 (compatible; MJ12bot/v1.2.4; http://www.majestic12.co.uk/bot.php?+)"
217.14.4.197 - - [23/Mar/2009:08:48:13 +0000] "GET /Home/Details--20.html HTTP/1.1" 200 44335 "" "Mozilla/5.0 (compatible; MJ12bot/v1.2.4; http://www.majestic12.co.uk/bot.php?+)"
217.14.4.197 - - [23/Mar/2009:08:48:23 +0000] "GET /Home/Details--20.html HTTP/1.1" 200 53787 "" "Mozilla/5.0 (compatible; MJ12bot/v1.2.4; http://www.majestic12.co.uk/bot.php?+)"
217.14.4.197 - - [23/Mar/2009:08:48:28 +0000] "GET /Home/Details--20.html HTTP/1.1" 200 41094 "" "Mozilla/5.0 (compatible; MJ12bot/v1.2.4; http://www.majestic12.co.uk/bot.php?+)"
217.14.4.197 - - [23/Mar/2009:08:48:45 +0000] "GET /Home/Details--20.html HTTP/1.1" 200 43431 "" "Mozilla/5.0 (compatible; MJ12bot/v1.2.4; http://www.majestic12.co.uk/bot.php?+)"
217.14.4.197 - - [23/Mar/2009:08:48:51 +0000] "GET /Home/Details--20.html HTTP/1.1" 200 45261 "" "Mozilla/5.0 (compatible; MJ12bot/v1.2.4; http://www.majestic12.co.uk/bot.php?+)"
217.14.4.197 - - [23/Mar/2009:08:48:54 +0000] "GET /Home/Details--20.html HTTP/1.1" 200 43212 "" "Mozilla/5.0 (compatible; MJ12bot/v1.2.4; http://www.majestic12.co.uk/bot.php?+)"
217.14.4.197 - - [23/Mar/2009:08:49:03 +0000] "GET /Home/Details--20.html HTTP/1.1" 200 57074 "" "Mozilla/5.0 (compatible; MJ12bot/v1.2.4; http://www.majestic12.co.uk/bot.php?+)"
217.14.4.197 - - [23/Mar/2009:08:49:15 +0000] "GET /Home/Details--20.html HTTP/1.1" 200 43628 "" "Mozilla/5.0 (compatible; MJ12bot/v1.2.4; http://www.majestic12.co.uk/bot.php?+)"
217.14.4.197 - - [23/Mar/2009:08:49:17 +0000] "GET /Home/Details--20.html HTTP/1.1" 200 38894 "" "Mozilla/5.0 (compatible; MJ12bot/v1.2.4; http://www.majestic12.co.uk/bot.php?+)"
217.14.4.197 - - [23/Mar/2009:08:49:19 +0000] "GET /Home/Details--20.html HTTP/1.1" 200 57401 "" "Mozilla/5.0 (compatible; MJ12bot/v1.2.4; http://www.majestic12.co.uk/bot.php?+)"
66.249.65.145 - - [23/Mar/2009:08:49:33 +0000] "GET /Home/Details--20.html HTTP/1.1" 200 42391 "" "Mozilla/5.0 (compatible; Googlebot/2.1; +http://www.google.com/bot.html)"
217.14.4.197 - - [23/Mar/2009:08:49:34 +0000] "GET /Home/Details--20.html HTTP/1.1" 200 41539 "" "Mozilla/5.0 (compatible; MJ12bot/v1.2.4; http://www.majestic12.co.uk/bot.php?+)"
217.14.4.197 - - [23/Mar/2009:08:49:36 +0000] "GET /Home/Details--20.html HTTP/1.1" 200 41297 "" "Mozilla/5.0 (compatible; MJ12bot/v1.2.4; http://www.majestic12.co.uk/bot.php?+)"
66.249.65.145 - - [23/Mar/2009:08:49:49 +0000] "GET /Home/Details--20.html HTTP/1.1" 200 42297 "" "Mozilla/5.0 (compatible; Googlebot/2.1; +http://www.google.com/bot.html)"
217.14.4.197 - - [23/Mar/2009:08:49:49 +0000] "GET /Home/Details--20.html HTTP/1.1" 200 43580 "" "Mozilla/5.0 (compatible; MJ12bot/v1.2.4; http://www.majestic12.co.uk/bot.php?+)"
217.14.4.197 - - [23/Mar/2009:08:49:54 +0000] "GET /Home/Details--20.html HTTP/1.1" 200 42971 "" "Mozilla/5.0 (compatible; MJ12bot/v1.2.4; http://www.majestic12.co.uk/bot.php?+)"
72.30.65.29 - - [23/Mar/2009:08:50:02 +0000] "GET /Home/Details--20.html HTTP/1.1" 200 49626 "" "Mozilla/5.0 (compatible; Yahoo! Slurp/3.0; http://help.yahoo.com/help/us/ysearch/slurp)"
217.14.4.197 - - [23/Mar/2009:08:50:05 +0000] "GET /Home/Details--20.html HTTP/1.1" 200 43872 "" "Mozilla/5.0 (compatible; MJ12bot/v1.2.4; http://www.majestic12.co.uk/bot.php?+)"
217.14.4.197 - - [23/Mar/2009:08:50:07 +0000] "GET /Home/Details--20.html HTTP/1.1" 200 48394 "" "Mozilla/5.0 (compatible; MJ12bot/v1.2.4; http://www.majestic12.co.uk/bot.php?+)"
217.14.4.197 - - [23/Mar/2009:08:50:15 +0000] "GET /Home/Details--20.html HTTP/1.1" 200 55985 "" "Mozilla/5.0 (compatible; MJ12bot/v1.2.4; http://www.majestic12.co.uk/bot.php?+)"
65.55.105.208 - - [23/Mar/2009:08:50:17 +0000] "GET /Home/Wetter/Aktuelles_Wetter--44.html HTTP/1.1" 200 12182 "" "msnbot/1.1 (+http://search.msn.com/msnbot.htm)"
217.14.4.197 - - [23/Mar/2009:08:50:18 +0000] "GET /Home/Details--20.html HTTP/1.1" 200 42243 "" "Mozilla/5.0 (compatible; MJ12bot/v1.2.4; http://www.majestic12.co.uk/bot.php?+)"
217.14.4.197 - - [23/Mar/2009:08:50:20 +0000] "GET /Home/Details--20.html HTTP/1.1" 200 48523 "" "Mozilla/5.0 (compatible; MJ12bot/v1.2.4; http://www.majestic12.co.uk/bot.php?+)"
217.14.4.197 - - [23/Mar/2009:08:50:38 +0000] "GET /Home/Details--20.html HTTP/1.1" 200 40987 "" "Mozilla/5.0 (compatible; MJ12bot/v1.2.4; http://www.majestic12.co.uk/bot.php?+)"
217.14.4.197 - - [23/Mar/2009:08:50:40 +0000] "GET /Home/Details--20.html HTTP/1.1" 200 41093 "" "Mozilla/5.0 (compatible; MJ12bot/v1.2.4; http://www.majestic12.co.uk/bot.php?+)"
83.233.30.104 - - [23/Mar/2009:08:50:52 +0000] "GET /Home/Details-hotel--105.html HTTP/1.1" 200 45246 "http://www.sewahotel.com/de/details-hotel.html" "Mozilla/4.0 (compatible; MSIE 6.0; Windows NT 5.1; SV1; .NET CLR 1.1.4322)"
217.14.4.197 - - [23/Mar/2009:08:50:52 +0000] "GET /Home/Details--20.html HTTP/1.1" 200 46296 "" "Mozilla/5.0 (compatible; MJ12bot/v1.2.4; http://www.majestic12.co.uk/bot.php?+)"
217.14.4.197 - - [23/Mar/2009:08:50:58 +0000] "GET /Home/Details--20.html HTTP/1.1" 200 41381 "" "Mozilla/5.0 (compatible; MJ12bot/v1.2.4; http://www.majestic12.co.uk/bot.php?+)"
217.14.4.197 - - [23/Mar/2009:08:51:11 +0000] "GET /Home/Details--20.html HTTP/1.1" 200 46805 "" "Mozilla/5.0 (compatible; MJ12bot/v1.2.4; http://www.majestic12.co.uk/bot.php?+)"
67.195.37.170 - - [23/Mar/2009:08:51:12 +0000] "GET /Home/Unsere_Hotels/Eisacktal--56.html HTTP/1.1" 200 32735 "" "Mozilla/5.0 (compatible; Yahoo! Slurp; http://help.yahoo.com/help/us/ysearch/slurp)"
217.14.4.197 - - [23/Mar/2009:08:51:14 +0000] "GET /Home/Details--20.html HTTP/1.1" 200 42902 "" "Mozilla/5.0 (compatible; MJ12bot/v1.2.4; http://www.majestic12.co.uk/bot.php?+)"
65.55.110.23 - - [23/Mar/2009:08:51:19 +0000] "GET /Home/Wetter/Aktuelles_Wetter--44.html HTTP/1.1" 200 14107 "http://search.live.com/results.aspx?q=wetter" "Mozilla/4.0 (compatible; MSIE 6.0; Windows NT 5.2; SV1; .NET CLR 1.1.4322)"
217.14.4.197 - - [23/Mar/2009:08:51:20 +0000] "GET /Home/Details--20.html HTTP/1.1" 200 40247 "" "Mozilla/5.0 (compatible; MJ12bot/v1.2.4; http://www.majestic12.co.uk/bot.php?+)"
217.14.4.197 - - [23/Mar/2009:08:51:29 +0000] "GET /Home/Details--20.html HTTP/1.1" 200 43273 "" "Mozilla/5.0 (compatible; MJ12bot/v1.2.4; http://www.majestic12.co.uk/bot.php?+)"
217.14.4.197 - - [23/Mar/2009:08:51:31 +0000] "GET /Home/Details--20.html HTTP/1.1" 200 43792 "" "Mozilla/5.0 (compatible; MJ12bot/v1.2.4; http://www.majestic12.co.uk/bot.php?+)"
217.14.4.197 - - [23/Mar/2009:08:51:44 +0000] "GET /Home/Details--20.html HTTP/1.1" 200 40329 "" "Mozilla/5.0 (compatible; MJ12bot/v1.2.4; http://www.majestic12.co.uk/bot.php?+)"
217.14.4.197 - - [23/Mar/2009:08:51:47 +0000] "GET /Home/Details--20.html HTTP/1.1" 200 47143 "" "Mozilla/5.0 (compatible; MJ12bot/v1.2.4; http://www.majestic12.co.uk/bot.php?+)"
66.249.65.145 - - [23/Mar/2009:08:51:58 +0000] "GET /Home/Details--20.html HTTP/1.1" 200 55537 "" "Mozilla/5.0 (compatible; Googlebot/2.1; +http://www.google.com/bot.html)"
217.14.4.197 - - [23/Mar/2009:08:52:06 +0000] "GET /Home/Details--20.html HTTP/1.1" 200 40847 "" "Mozilla/5.0 (compatible; MJ12bot/v1.2.4; http://www.majestic12.co.uk/bot.php?+)"
66.249.65.145 - - [23/Mar/2009:08:52:13 +0000] "GET /Home/Unsere_Hotels/Pustertal--59.html HTTP/1.1" 200 34136 "" "Mozilla/5.0 (compatible; Googlebot/2.1; +http://www.google.com/bot.html)"
217.14.4.197 - - [23/Mar/2009:08:52:17 +0000] "GET /Home/Details--20.html HTTP/1.1" 200 53448 "" "Mozilla/5.0 (compatible; MJ12bot/v1.2.4; http://www.majestic12.co.uk/bot.php?+)"
217.14.4.197 - - [23/Mar/2009:08:52:19 +0000] "GET /Home/Details--20.html HTTP/1.1" 200 36788 "" "Mozilla/5.0 (compatible; MJ12bot/v1.2.4; http://www.majestic12.co.uk/bot.php?+)"
217.14.4.197 - - [23/Mar/2009:08:52:28 +0000] "GET /Home/Details--20.html HTTP/1.1" 200 42886 "" "Mozilla/5.0 (compatible; MJ12bot/v1.2.4; http://www.majestic12.co.uk/bot.php?+)"
217.14.4.197 - - [23/Mar/2009:08:52:30 +0000] "GET /Home/Details--20.html HTTP/1.1" 200 44103 "" "Mozilla/5.0 (compatible; MJ12bot/v1.2.4; http://www.majestic12.co.uk/bot.php?+)"
217.14.4.197 - - [23/Mar/2009:08:52:37 +0000] "GET /Home/Details--20.html HTTP/1.1" 200 42506 "" "Mozilla/5.0 (compatible; MJ12bot/v1.2.4; http://www.majestic12.co.uk/bot.php?+)"
217.14.4.197 - - [23/Mar/2009:08:52:48 +0000] "GET /Home/Details--20.html HTTP/1.1" 200 39266 "" "Mozilla/5.0 (compatible; MJ12bot/v1.2.4; http://www.majestic12.co.uk/bot.php?+)"
217.14.4.197 - - [23/Mar/2009:08:52:52 +0000] "GET /Home/Details--20.html HTTP/1.1" 200 43632 "" "Mozilla/5.0 (compatible; MJ12bot/v1.2.4; http://www.majestic12.co.uk/bot.php?+)"
217.14.4.197 - - [23/Mar/2009:08:53:04 +0000] "GET /Home/Details--20.html HTTP/1.1" 200 47712 "" "Mozilla/5.0 (compatible; MJ12bot/v1.2.4; http://www.majestic12.co.uk/bot.php?+)"
217.14.4.197 - - [23/Mar/2009:08:53:11 +0000] "GET /Home/Details--20.html HTTP/1.1" 200 41924 "" "Mozilla/5.0 (compatible; MJ12bot/v1.2.4; http://www.majestic12.co.uk/bot.php?+)"
217.14.4.197 - - [23/Mar/2009:08:53:13 +0000] "GET /Home/Details--20.html HTTP/1.1" 200 44565 "" "Mozilla/5.0 (compatible; MJ12bot/v1.2.4; http://www.majestic12.co.uk/bot.php?+)"
217.14.4.197 - - [23/Mar/2009:08:53:15 +0000] "GET /Home/Details--20.html HTTP/1.1" 200 40162 "" "Mozilla/5.0 (compatible; MJ12bot/v1.2.4; http://www.majestic12.co.uk/bot.php?+)"
217.14.4.197 - - [23/Mar/2009:08:53:26 +0000] "GET /Home/Details--20.html HTTP/1.1" 200 41669 "" "Mozilla/5.0 (compatible; MJ12bot/v1.2.4; http://www.majestic12.co.uk/bot.php?+)"
217.14.4.197 - - [23/Mar/2009:08:53:40 +0000] "GET /Home/Details--20.html HTTP/1.1" 200 41134 "" "Mozilla/5.0 (compatible; MJ12bot/v1.2.4; http://www.majestic12.co.uk/bot.php?+)"
217.14.4.197 - - [23/Mar/2009:08:53:42 +0000] "GET /Home/Details--20.html HTTP/1.1" 200 43762 "" "Mozilla/5.0 (compatible; MJ12bot/v1.2.4; http://www.majestic12.co.uk/bot.php?+)"
217.14.4.197 - - [23/Mar/2009:08:53:44 +0000] "GET /Home/Details--20.html HTTP/1.1" 200 45319 "" "Mozilla/5.0 (compatible; MJ12bot/v1.2.4; http://www.majestic12.co.uk/bot.php?+)"
217.14.4.197 - - [23/Mar/2009:08:53:57 +0000] "GET /Home/Details--20.html HTTP/1.1" 200 46592 "" "Mozilla/5.0 (compatible; MJ12bot/v1.2.4; http://www.majestic12.co.uk/bot.php?+)"
217.14.4.197 - - [23/Mar/2009:08:53:59 +0000] "GET /Home/Details--20.html HTTP/1.1" 200 44497 "" "Mozilla/5.0 (compatible; MJ12bot/v1.2.4; http://www.majestic12.co.uk/bot.php?+)"
217.14.4.197 - - [23/Mar/2009:08:54:08 +0000] "GET /Home/Details--20.html HTTP/1.1" 200 47495 "" "Mozilla/5.0 (compatible; MJ12bot/v1.2.4; http://www.majestic12.co.uk/bot.php?+)"
66.249.65.145 - - [23/Mar/2009:08:54:08 +0000] "GET /Home/Unsere_Hotels/Meraner_Land--51.html HTTP/1.1" 200 96762 "" "Mozilla/5.0 (compatible; Googlebot/2.1; +http://www.google.com/bot.html)"
217.14.4.197 - - [23/Mar/2009:08:54:10 +0000] "GET /Home/Details--20.html HTTP/1.1" 200 41203 "" "Mozilla/5.0 (compatible; MJ12bot/v1.2.4; http://www.majestic12.co.uk/bot.php?+)"
217.14.4.197 - - [23/Mar/2009:08:54:12 +0000] "GET /Home/Details--20.html HTTP/1.1" 200 57951 "" "Mozilla/5.0 (compatible; MJ12bot/v1.2.4; http://www.majestic12.co.uk/bot.php?+)"
217.14.4.197 - - [23/Mar/2009:08:54:22 +0000] "GET /Home/Details--20.html HTTP/1.1" 200 43866 "" "Mozilla/5.0 (compatible; MJ12bot/v1.2.4; http://www.majestic12.co.uk/bot.php?+)"
217.14.4.197 - - [23/Mar/2009:08:54:24 +0000] "GET /Home/Details--20.html HTTP/1.1" 200 40833 "" "Mozilla/5.0 (compatible; MJ12bot/v1.2.4; http://www.majestic12.co.uk/bot.php?+)"
217.14.4.197 - - [23/Mar/2009:08:54:36 +0000] "GET /Home/Details--20.html HTTP/1.1" 200 63982 "" "Mozilla/5.0 (compatible; MJ12bot/v1.2.4; http://www.majestic12.co.uk/bot.php?+)"
217.14.4.197 - - [23/Mar/2009:08:54:39 +0000] "GET /Home/Details--20.html HTTP/1.1" 200 64851 "" "Mozilla/5.0 (compatible; MJ12bot/v1.2.4; http://www.majestic12.co.uk/bot.php?+)"
217.14.4.197 - - [23/Mar/2009:08:54:45 +0000] "GET /Home/Details--20.html HTTP/1.1" 200 39912 "" "Mozilla/5.0 (compatible; MJ12bot/v1.2.4; http://www.majestic12.co.uk/bot.php?+)"
217.14.4.197 - - [23/Mar/2009:08:54:53 +0000] "GET /Home/Details--20.html HTTP/1.1" 200 40681 "" "Mozilla/5.0 (compatible; MJ12bot/v1.2.4; http://www.majestic12.co.uk/bot.php?+)"
217.14.4.197 - - [23/Mar/2009:08:54:56 +0000] "GET /Home/Details--20.html HTTP/1.1" 200 42481 "" "Mozilla/5.0 (compatible; MJ12bot/v1.2.4; http://www.majestic12.co.uk/bot.php?+)"
217.14.4.197 - - [23/Mar/2009:08:55:06 +0000] "GET /Home/Details--20.html HTTP/1.1" 200 46891 "" "Mozilla/5.0 (compatible; MJ12bot/v1.2.4; http://www.majestic12.co.uk/bot.php?+)"
217.14.4.197 - - [23/Mar/2009:08:55:09 +0000] "GET /Home/Details--20.html HTTP/1.1" 200 42467 "" "Mozilla/5.0 (compatible; MJ12bot/v1.2.4; http://www.majestic12.co.uk/bot.php?+)"
217.14.4.197 - - [23/Mar/2009:08:55:18 +0000] "GET /Home/Details--20.html HTTP/1.1" 200 39590 "" "Mozilla/5.0 (compatible; MJ12bot/v1.2.4; http://www.majestic12.co.uk/bot.php?+)"
217.14.4.197 - - [23/Mar/2009:08:55:20 +0000] "GET /Home/Details--20.html HTTP/1.1" 200 43762 "" "Mozilla/5.0 (compatible; MJ12bot/v1.2.4; http://www.majestic12.co.uk/bot.php?+)"
72.30.65.29 - - [23/Mar/2009:08:55:29 +0000] "GET /Home/Details--20.html HTTP/1.1" 200 50093 "" "Mozilla/5.0 (compatible; Yahoo! Slurp/3.0; http://help.yahoo.com/help/us/ysearch/slurp)"
72.30.65.29 - - [23/Mar/2009:08:55:29 +0000] "GET /Home/Details--20.html HTTP/1.1" 200 46233 "" "Mozilla/5.0 (compatible; Yahoo! Slurp/3.0; http://help.yahoo.com/help/us/ysearch/slurp)"
217.14.4.197 - - [23/Mar/2009:08:55:35 +0000] "GET /Home/Details--20.html HTTP/1.1" 200 50230 "" "Mozilla/5.0 (compatible; MJ12bot/v1.2.4; http://www.majestic12.co.uk/bot.php?+)"
217.14.4.197 - - [23/Mar/2009:08:55:40 +0000] "GET /Home/Details--20.html HTTP/1.1" 200 45842 "" "Mozilla/5.0 (compatible; MJ12bot/v1.2.4; http://www.majestic12.co.uk/bot.php?+)"
217.14.4.197 - - [23/Mar/2009:08:55:50 +0000] "GET /Home/Details--20.html HTTP/1.1" 200 49440 "" "Mozilla/5.0 (compatible; MJ12bot/v1.2.4; http://www.majestic12.co.uk/bot.php?+)"
217.14.4.197 - - [23/Mar/2009:08:55:53 +0000] "GET /Home/Details--20.html HTTP/1.1" 200 35690 "" "Mozilla/5.0 (compatible; MJ12bot/v1.2.4; http://www.majestic12.co.uk/bot.php?+)"
217.14.4.197 - - [23/Mar/2009:08:55:55 +0000] "GET /Home/Details--20.html HTTP/1.1" 200 35857 "" "Mozilla/5.0 (compatible; MJ12bot/v1.2.4; http://www.majestic12.co.uk/bot.php?+)"
217.14.4.197 - - [23/Mar/2009:08:56:17 +0000] "GET /Home/Details--20.html HTTP/1.1" 200 51678 "" "Mozilla/5.0 (compatible; MJ12bot/v1.2.4; http://www.majestic12.co.uk/bot.php?+)"
66.249.65.145 - - [23/Mar/2009:08:56:18 +0000] "GET /Home/Unsere_Hotels/Pustertal--59.html HTTP/1.1" 200 39288 "" "Mozilla/5.0 (compatible; Googlebot/2.1; +http://www.google.com/bot.html)"
217.14.4.197 - - [23/Mar/2009:08:56:19 +0000] "GET /Home/Details--20.html HTTP/1.1" 200 42390 "" "Mozilla/5.0 (compatible; MJ12bot/v1.2.4; http://www.majestic12.co.uk/bot.php?+)"
217.14.4.197 - - [23/Mar/2009:08:56:27 +0000] "GET /Home/Details--20.html HTTP/1.1" 200 41015 "" "Mozilla/5.0 (compatible; MJ12bot/v1.2.4; http://www.majestic12.co.uk/bot.php?+)"
217.14.4.197 - - [23/Mar/2009:08:56:30 +0000] "GET /Home/Details--20.html HTTP/1.1" 200 46096 "" "Mozilla/5.0 (compatible; MJ12bot/v1.2.4; http://www.majestic12.co.uk/bot.php?+)"
217.14.4.197 - - [23/Mar/2009:08:56:32 +0000] "GET /Home/Details--20.html HTTP/1.1" 200 40143 "" "Mozilla/5.0 (compatible; MJ12bot/v1.2.4; http://www.majestic12.co.uk/bot.php?+)"
217.14.4.197 - - [23/Mar/2009:08:56:45 +0000] "GET /Home/Details--20.html HTTP/1.1" 200 45172 "" "Mozilla/5.0 (compatible; MJ12bot/v1.2.4; http://www.majestic12.co.uk/bot.php?+)"
217.14.4.197 - - [23/Mar/2009:08:56:47 +0000] "GET /Home/Details--20.html HTTP/1.1" 200 44788 "" "Mozilla/5.0 (compatible; MJ12bot/v1.2.4; http://www.majestic12.co.uk/bot.php?+)"
217.14.4.197 - - [23/Mar/2009:08:56:50 +0000] "GET /Home/Details--20.html HTTP/1.1" 200 42805 "" "Mozilla/5.0 (compatible; MJ12bot/v1.2.4; http://www.majestic12.co.uk/bot.php?+)"
217.14.4.197 - - [23/Mar/2009:08:56:57 +0000] "GET /Home/Details--20.html HTTP/1.1" 200 47633 "" "Mozilla/5.0 (compatible; MJ12bot/v1.2.4; http://www.majestic12.co.uk/bot.php?+)"
217.14.4.197 - - [23/Mar/2009:08:56:59 +0000] "GET /Home/Details--20.html HTTP/1.1" 200 42762 "" "Mozilla/5.0 (compatible; MJ12bot/v1.2.4; http://www.majestic12.co.uk/bot.php?+)"
217.14.4.197 - - [23/Mar/2009:08:57:15 +0000] "GET /Home/Details--20.html HTTP/1.1" 200 39189 "" "Mozilla/5.0 (compatible; MJ12bot/v1.2.4; http://www.majestic12.co.uk/bot.php?+)"
217.14.4.197 - - [23/Mar/2009:08:57:29 +0000] "GET /Home/Details--20.html HTTP/1.1" 200 47971 "" "Mozilla/5.0 (compatible; MJ12bot/v1.2.4; http://www.majestic12.co.uk/bot.php?+)"
194.8.74.229 - - [23/Mar/2009:08:57:33 +0000] "GET /Home/Buchen--19.html HTTP/1.1" 200 23985 "" "Mozilla/4.0 (compatible; MSIE 6.0; Windows NT 5.1; Crazy Browser 1.0.5)"
194.8.74.229 - - [23/Mar/2009:08:57:36 +0000] "GET /Home/Best__tigung--64.html HTTP/1.1" 200 17666 "http://www.sewahotel.com/de/buchen.html?pid=0&rid=0" "Mozilla/4.0 (compatible; MSIE 6.0; Windows NT 5.1; Crazy Browser 1.0.5)"
217.14.4.197 - - [23/Mar/2009:08:57:43 +0000] "GET /Home/Details--20.html HTTP/1.1" 200 48267 "" "Mozilla/5.0 (compatible; MJ12bot/v1.2.4; http://www.majestic12.co.uk/bot.php?+)"
217.14.4.197 - - [23/Mar/2009:08:57:46 +0000] "GET /Home/Details--20.html HTTP/1.1" 200 45692 "" "Mozilla/5.0 (compatible; MJ12bot/v1.2.4; http://www.majestic12.co.uk/bot.php?+)"
217.14.4.197 - - [23/Mar/2009:08:57:48 +0000] "GET /Home/Details--20.html HTTP/1.1" 200 43671 "" "Mozilla/5.0 (compatible; MJ12bot/v1.2.4; http://www.majestic12.co.uk/bot.php?+)"
217.14.4.197 - - [23/Mar/2009:08:58:00 +0000] "GET /Home/Details--20.html HTTP/1.1" 200 42761 "" "Mozilla/5.0 (compatible; MJ12bot/v1.2.4; http://www.majestic12.co.uk/bot.php?+)"
217.14.4.197 - - [23/Mar/2009:08:58:02 +0000] "GET /Home/Details--20.html HTTP/1.1" 200 35783 "" "Mozilla/5.0 (compatible; MJ12bot/v1.2.4; http://www.majestic12.co.uk/bot.php?+)"
217.14.4.197 - - [23/Mar/2009:08:58:04 +0000] "GET /Home/Details--20.html HTTP/1.1" 200 42298 "" "Mozilla/5.0 (compatible; MJ12bot/v1.2.4; http://www.majestic12.co.uk/bot.php?+)"
194.8.75.212 - - [23/Mar/2009:08:58:12 +0000] "GET /Home/Buchen--19.html HTTP/1.1" 200 23985 "" "Mozilla/4.0 (compatible; MSIE 6.0; Windows NT 5.1)"
194.8.75.212 - - [23/Mar/2009:08:58:13 +0000] "GET /Home/Best__tigung--64.html HTTP/1.1" 200 19081 "http://www.sewahotel.com/de/buchen.html?pid=0&rid=0" "Mozilla/4.0 (compatible; MSIE 6.0; Windows NT 5.1)"
217.14.4.197 - - [23/Mar/2009:08:58:13 +0000] "GET /Home/Details--20.html HTTP/1.1" 200 40108 "" "Mozilla/5.0 (compatible; MJ12bot/v1.2.4; http://www.majestic12.co.uk/bot.php?+)"
217.14.4.197 - - [23/Mar/2009:08:58:16 +0000] "GET /Home/Details--20.html HTTP/1.1" 200 46156 "" "Mozilla/5.0 (compatible; MJ12bot/v1.2.4; http://www.majestic12.co.uk/bot.php?+)"
217.14.4.197 - - [23/Mar/2009:08:58:25 +0000] "GET /Home/Details--20.html HTTP/1.1" 200 46100 "" "Mozilla/5.0 (compatible; MJ12bot/v1.2.4; http://www.majestic12.co.uk/bot.php?+)"
66.249.65.145 - - [23/Mar/2009:08:58:28 +0000] "GET /Home/Details--20.html HTTP/1.1" 200 43276 "" "Mozilla/5.0 (compatible; Googlebot/2.1; +http://www.google.com/bot.html)"
217.14.4.197 - - [23/Mar/2009:08:58:30 +0000] "GET /Home/Details--20.html HTTP/1.1" 200 42097 "" "Mozilla/5.0 (compatible; MJ12bot/v1.2.4; http://www.majestic12.co.uk/bot.php?+)"
217.14.4.197 - - [23/Mar/2009:08:58:32 +0000] "GET /Home/Details--20.html HTTP/1.1" 200 47194 "" "Mozilla/5.0 (compatible; MJ12bot/v1.2.4; http://www.majestic12.co.uk/bot.php?+)"
217.14.4.197 - - [23/Mar/2009:08:58:41 +0000] "GET /Home/Details--20.html HTTP/1.1" 200 50080 "" "Mozilla/5.0 (compatible; MJ12bot/v1.2.4; http://www.majestic12.co.uk/bot.php?+)"
217.14.4.197 - - [23/Mar/2009:08:58:43 +0000] "GET /Home/Details--20.html HTTP/1.1" 200 42235 "" "Mozilla/5.0 (compatible; MJ12bot/v1.2.4; http://www.majestic12.co.uk/bot.php?+)"
217.14.4.197 - - [23/Mar/2009:08:58:45 +0000] "GET /Home/Details--20.html HTTP/1.1" 200 39025 "" "Mozilla/5.0 (compatible; MJ12bot/v1.2.4; http://www.majestic12.co.uk/bot.php?+)"
217.14.4.197 - - [23/Mar/2009:08:58:50 +0000] "GET /Home/Details--20.html HTTP/1.1" 200 42843 "" "Mozilla/5.0 (compatible; MJ12bot/v1.2.4; http://www.majestic12.co.uk/bot.php?+)"
217.14.4.197 - - [23/Mar/2009:08:58:55 +0000] "GET /Home/Details--20.html HTTP/1.1" 200 44690 "" "Mozilla/5.0 (compatible; MJ12bot/v1.2.4; http://www.majestic12.co.uk/bot.php?+)"
217.14.4.197 - - [23/Mar/2009:08:59:04 +0000] "GET /Home/Details--20.html HTTP/1.1" 200 40043 "" "Mozilla/5.0 (compatible; MJ12bot/v1.2.4; http://www.majestic12.co.uk/bot.php?+)"
217.14.4.197 - - [23/Mar/2009:08:59:06 +0000] "GET /Home/Details--20.html HTTP/1.1" 200 48031 "" "Mozilla/5.0 (compatible; MJ12bot/v1.2.4; http://www.majestic12.co.uk/bot.php?+)"
217.14.4.197 - - [23/Mar/2009:08:59:17 +0000] "GET /Home/Details--20.html HTTP/1.1" 200 41038 "" "Mozilla/5.0 (compatible; MJ12bot/v1.2.4; http://www.majestic12.co.uk/bot.php?+)"
217.14.4.197 - - [23/Mar/2009:08:59:19 +0000] "GET /Home/Details--20.html HTTP/1.1" 200 41855 "" "Mozilla/5.0 (compatible; MJ12bot/v1.2.4; http://www.majestic12.co.uk/bot.php?+)"
217.14.4.197 - - [23/Mar/2009:08:59:24 +0000] "GET /Home/Details--20.html HTTP/1.1" 200 42122 "" "Mozilla/5.0 (compatible; MJ12bot/v1.2.4; http://www.majestic12.co.uk/bot.php?+)"
217.14.4.197 - - [23/Mar/2009:08:59:27 +0000] "GET /Home/Details--20.html HTTP/1.1" 200 41451 "" "Mozilla/5.0 (compatible; MJ12bot/v1.2.4; http://www.majestic12.co.uk/bot.php?+)"
194.8.75.214 - - [23/Mar/2009:08:59:29 +0000] "GET /Home/Buchen--19.html HTTP/1.1" 200 23985 "" "Mozilla/4.0 (compatible; MSIE 6.0; Windows NT 5.2; Win64; x64; SV1; .NET CLR 2.0.50727)"
217.14.4.197 - - [23/Mar/2009:08:59:29 +0000] "GET /Home/Details--20.html HTTP/1.1" 200 79759 "" "Mozilla/5.0 (compatible; MJ12bot/v1.2.4; http://www.majestic12.co.uk/bot.php?+)"
217.14.4.197 - - [23/Mar/2009:08:59:35 +0000] "GET /Home/Details--20.html HTTP/1.1" 200 68762 "" "Mozilla/5.0 (compatible; MJ12bot/v1.2.4; http://www.majestic12.co.uk/bot.php?+)"
65.55.105.192 - - [23/Mar/2009:08:59:36 +0000] "GET /Home/Reisef__hrer_S__d.../Burgstall--88.html HTTP/1.1" 200 23429 "" "msnbot/1.1 (+http://search.msn.com/msnbot.htm)"
194.8.75.214 - - [23/Mar/2009:08:59:36 +0000] "GET /Home/Best__tigung--64.html HTTP/1.1" 200 19115 "http://www.sewahotel.com/de/buchen.html?pid=0&rid=0" "Mozilla/4.0 (compatible; MSIE 6.0; Windows NT 5.2; Win64; x64; SV1; .NET CLR 2.0.50727)"
217.14.4.197 - - [23/Mar/2009:08:59:37 +0000] "GET /Home/Details--20.html HTTP/1.1" 200 69308 "" "Mozilla/5.0 (compatible; MJ12bot/v1.2.4; http://www.majestic12.co.uk/bot.php?+)"
217.14.4.197 - - [23/Mar/2009:08:59:39 +0000] "GET /Home/Details--20.html HTTP/1.1" 200 69244 "" "Mozilla/5.0 (compatible; MJ12bot/v1.2.4; http://www.majestic12.co.uk/bot.php?+)"
217.14.4.197 - - [23/Mar/2009:08:59:49 +0000] "GET /Home/Details--20.html HTTP/1.1" 200 70014 "" "Mozilla/5.0 (compatible; MJ12bot/v1.2.4; http://www.majestic12.co.uk/bot.php?+)"
217.14.4.197 - - [23/Mar/2009:09:00:08 +0000] "GET /Home/Details--20.html HTTP/1.1" 200 70090 "" "Mozilla/5.0 (compatible; MJ12bot/v1.2.4; http://www.majestic12.co.uk/bot.php?+)"
217.14.4.197 - - [23/Mar/2009:09:00:17 +0000] "GET /Home/Details--20.html HTTP/1.1" 200 53447 "" "Mozilla/5.0 (compatible; MJ12bot/v1.2.4; http://www.majestic12.co.uk/bot.php?+)"
217.14.4.197 - - [23/Mar/2009:09:00:20 +0000] "GET /Home/Details--20.html HTTP/1.1" 200 41264 "" "Mozilla/5.0 (compatible; MJ12bot/v1.2.4; http://www.majestic12.co.uk/bot.php?+)"
217.14.4.197 - - [23/Mar/2009:09:00:24 +0000] "GET /Home/Details--20.html HTTP/1.1" 200 43990 "" "Mozilla/5.0 (compatible; MJ12bot/v1.2.4; http://www.majestic12.co.uk/bot.php?+)"
217.14.4.197 - - [23/Mar/2009:09:00:30 +0000] "GET /Home/Details--20.html HTTP/1.1" 200 40964 "" "Mozilla/5.0 (compatible; MJ12bot/v1.2.4; http://www.majestic12.co.uk/bot.php?+)"
66.249.65.145 - - [23/Mar/2009:09:00:36 +0000] "GET /Home/Specials--60.html HTTP/1.1" 200 47605 "" "Mozilla/5.0 (compatible; Googlebot/2.1; +http://www.google.com/bot.html)"
66.249.65.145 - - [23/Mar/2009:09:00:39 +0000] "GET /Home/__ber_uns--65.html HTTP/1.1" 200 13296 "" "Mozilla/5.0 (compatible; Googlebot/2.1; +http://www.google.com/bot.html)"
66.249.65.145 - - [23/Mar/2009:09:00:39 +0000] "GET /Home/Details--20.html HTTP/1.1" 200 41860 "" "Mozilla/5.0 (compatible; Googlebot/2.1; +http://www.google.com/bot.html)"
66.249.65.145 - - [23/Mar/2009:09:00:40 +0000] "GET /Home/Anfrage--112.html HTTP/1.1" 200 17675 "" "Mozilla/5.0 (compatible; Googlebot/2.1; +http://www.google.com/bot.html)"
217.14.4.197 - - [23/Mar/2009:09:00:40 +0000] "GET /Home/Details--20.html HTTP/1.1" 200 41576 "" "Mozilla/5.0 (compatible; MJ12bot/v1.2.4; http://www.majestic12.co.uk/bot.php?+)"
66.249.65.145 - - [23/Mar/2009:09:00:41 +0000] "GET /Home/Lastminute--63.html HTTP/1.1" 200 24664 "" "Mozilla/5.0 (compatible; Googlebot/2.1; +http://www.google.com/bot.html)"
217.14.4.197 - - [23/Mar/2009:09:00:42 +0000] "GET /Home/Details--20.html HTTP/1.1" 200 44038 "" "Mozilla/5.0 (compatible; MJ12bot/v1.2.4; http://www.majestic12.co.uk/bot.php?+)"
66.249.65.145 - - [23/Mar/2009:09:00:42 +0000] "GET /Home/Details--20.html HTTP/1.1" 200 43452 "" "Mozilla/5.0 (compatible; Googlebot/2.1; +http://www.google.com/bot.html)"
66.249.65.145 - - [23/Mar/2009:09:00:43 +0000] "GET /Home/Specials--60.html HTTP/1.1" 200 15515 "" "Mozilla/5.0 (compatible; Googlebot/2.1; +http://www.google.com/bot.html)"
66.249.65.145 - - [23/Mar/2009:09:00:44 +0000] "GET /Home/Details--20.html HTTP/1.1" 200 48324 "" "Mozilla/5.0 (compatible; Googlebot/2.1; +http://www.google.com/bot.html)"
217.14.4.197 - - [23/Mar/2009:09:00:44 +0000] "GET /Home/Details--20.html HTTP/1.1" 200 41012 "" "Mozilla/5.0 (compatible; MJ12bot/v1.2.4; http://www.majestic12.co.uk/bot.php?+)"
66.249.65.145 - - [23/Mar/2009:09:00:45 +0000] "GET /Home/Details--20.html HTTP/1.1" 200 51630 "" "Mozilla/5.0 (compatible; Googlebot/2.1; +http://www.google.com/bot.html)"
66.249.65.145 - - [23/Mar/2009:09:00:46 +0000] "GET /Home/Finden___Buchen--2.html HTTP/1.1" 200 34230 "" "Mozilla/5.0 (compatible; Googlebot/2.1; +http://www.google.com/bot.html)"
217.14.4.197 - - [23/Mar/2009:09:00:46 +0000] "GET /Home/Details--20.html HTTP/1.1" 200 41624 "" "Mozilla/5.0 (compatible; MJ12bot/v1.2.4; http://www.majestic12.co.uk/bot.php?+)"
66.249.65.145 - - [23/Mar/2009:09:00:46 +0000] "GET /Home/Details--20.html HTTP/1.1" 200 48223 "" "Mozilla/5.0 (compatible; Googlebot/2.1; +http://www.google.com/bot.html)"
66.249.65.145 - - [23/Mar/2009:09:00:47 +0000] "GET /Home/Details--20.html HTTP/1.1" 200 39230 "" "Mozilla/5.0 (compatible; Googlebot/2.1; +http://www.google.com/bot.html)"
66.249.65.145 - - [23/Mar/2009:09:00:49 +0000] "GET /Home/Details--20.html HTTP/1.1" 200 36690 "" "Mozilla/5.0 (compatible; Googlebot/2.1; +http://www.google.com/bot.html)"
217.14.4.197 - - [23/Mar/2009:09:00:55 +0000] "GET /Home/Details--20.html HTTP/1.1" 200 44302 "" "Mozilla/5.0 (compatible; MJ12bot/v1.2.4; http://www.majestic12.co.uk/bot.php?+)"
217.14.4.197 - - [23/Mar/2009:09:00:57 +0000] "GET /Home/Details--20.html HTTP/1.1" 200 41276 "" "Mozilla/5.0 (compatible; MJ12bot/v1.2.4; http://www.majestic12.co.uk/bot.php?+)"
217.14.4.197 - - [23/Mar/2009:09:01:07 +0000] "GET /Home/Details--20.html HTTP/1.1" 200 41888 "" "Mozilla/5.0 (compatible; MJ12bot/v1.2.4; http://www.majestic12.co.uk/bot.php?+)"
217.14.4.197 - - [23/Mar/2009:09:01:10 +0000] "GET /Home/Details--20.html HTTP/1.1" 200 44502 "" "Mozilla/5.0 (compatible; MJ12bot/v1.2.4; http://www.majestic12.co.uk/bot.php?+)"
217.14.4.197 - - [23/Mar/2009:09:01:12 +0000] "GET /Home/Details--20.html HTTP/1.1" 200 41476 "" "Mozilla/5.0 (compatible; MJ12bot/v1.2.4; http://www.majestic12.co.uk/bot.php?+)"
217.14.4.197 - - [23/Mar/2009:09:01:25 +0000] "GET /Home/Details--20.html HTTP/1.1" 200 42088 "" "Mozilla/5.0 (compatible; MJ12bot/v1.2.4; http://www.majestic12.co.uk/bot.php?+)"
217.14.4.197 - - [23/Mar/2009:09:01:27 +0000] "GET /Home/Details--20.html HTTP/1.1" 200 44108 "" "Mozilla/5.0 (compatible; MJ12bot/v1.2.4; http://www.majestic12.co.uk/bot.php?+)"
217.14.4.197 - - [23/Mar/2009:09:01:29 +0000] "GET /Home/Details--20.html HTTP/1.1" 200 41082 "" "Mozilla/5.0 (compatible; MJ12bot/v1.2.4; http://www.majestic12.co.uk/bot.php?+)"
217.14.4.197 - - [23/Mar/2009:09:01:34 +0000] "GET /Home/Details--20.html HTTP/1.1" 200 41694 "" "Mozilla/5.0 (compatible; MJ12bot/v1.2.4; http://www.majestic12.co.uk/bot.php?+)"
217.14.4.197 - - [23/Mar/2009:09:01:37 +0000] "GET /Home/Details--20.html HTTP/1.1" 200 44208 "" "Mozilla/5.0 (compatible; MJ12bot/v1.2.4; http://www.majestic12.co.uk/bot.php?+)"
217.14.4.197 - - [23/Mar/2009:09:01:39 +0000] "GET /Home/Details--20.html HTTP/1.1" 200 41182 "" "Mozilla/5.0 (compatible; MJ12bot/v1.2.4; http://www.majestic12.co.uk/bot.php?+)"
217.14.4.197 - - [23/Mar/2009:09:01:47 +0000] "GET /Home/Details--20.html HTTP/1.1" 200 41794 "" "Mozilla/5.0 (compatible; MJ12bot/v1.2.4; http://www.majestic12.co.uk/bot.php?+)"
217.14.4.197 - - [23/Mar/2009:09:01:49 +0000] "GET /Home/Details--20.html HTTP/1.1" 200 44046 "" "Mozilla/5.0 (compatible; MJ12bot/v1.2.4; http://www.majestic12.co.uk/bot.php?+)"
217.14.4.197 - - [23/Mar/2009:09:01:51 +0000] "GET /Home/Details--20.html HTTP/1.1" 200 41020 "" "Mozilla/5.0 (compatible; MJ12bot/v1.2.4; http://www.majestic12.co.uk/bot.php?+)"
217.14.4.197 - - [23/Mar/2009:09:01:56 +0000] "GET /Home/Details--20.html HTTP/1.1" 200 41632 "" "Mozilla/5.0 (compatible; MJ12bot/v1.2.4; http://www.majestic12.co.uk/bot.php?+)"
217.14.4.197 - - [23/Mar/2009:09:01:59 +0000] "GET /Home/Details--20.html HTTP/1.1" 200 44572 "" "Mozilla/5.0 (compatible; MJ12bot/v1.2.4; http://www.majestic12.co.uk/bot.php?+)"
217.14.4.197 - - [23/Mar/2009:09:02:06 +0000] "GET /Home/Details--20.html HTTP/1.1" 200 41546 "" "Mozilla/5.0 (compatible; MJ12bot/v1.2.4; http://www.majestic12.co.uk/bot.php?+)"
217.14.4.197 - - [23/Mar/2009:09:02:09 +0000] "GET /Home/Details--20.html HTTP/1.1" 200 42158 "" "Mozilla/5.0 (compatible; MJ12bot/v1.2.4; http://www.majestic12.co.uk/bot.php?+)"
217.14.4.197 - - [23/Mar/2009:09:02:18 +0000] "GET /Home/Details--20.html HTTP/1.1" 200 44210 "" "Mozilla/5.0 (compatible; MJ12bot/v1.2.4; http://www.majestic12.co.uk/bot.php?+)"
217.14.4.197 - - [23/Mar/2009:09:02:20 +0000] "GET /Home/Details--20.html HTTP/1.1" 200 41184 "" "Mozilla/5.0 (compatible; MJ12bot/v1.2.4; http://www.majestic12.co.uk/bot.php?+)"
72.30.65.29 - - [23/Mar/2009:09:02:20 +0000] "GET /Home/F__r_Hotels--75.html HTTP/1.1" 200 15583 "" "Mozilla/5.0 (compatible; Yahoo! Slurp/3.0; http://help.yahoo.com/help/us/ysearch/slurp)"
217.14.4.197 - - [23/Mar/2009:09:02:22 +0000] "GET /Home/Details--20.html HTTP/1.1" 200 41796 "" "Mozilla/5.0 (compatible; MJ12bot/v1.2.4; http://www.majestic12.co.uk/bot.php?+)"
217.14.4.197 - - [23/Mar/2009:09:02:36 +0000] "GET /Home/Details--20.html HTTP/1.1" 200 44328 "" "Mozilla/5.0 (compatible; MJ12bot/v1.2.4; http://www.majestic12.co.uk/bot.php?+)"
217.14.4.197 - - [23/Mar/2009:09:02:38 +0000] "GET /Home/Details--20.html HTTP/1.1" 200 41302 "" "Mozilla/5.0 (compatible; MJ12bot/v1.2.4; http://www.majestic12.co.uk/bot.php?+)"
66.249.65.145 - - [23/Mar/2009:09:02:46 +0000] "GET /Home/Wetter/Aktuelles_Wetter--44.html HTTP/1.1" 200 12012 "" "Mozilla/5.0 (compatible; Googlebot/2.1; +http://www.google.com/bot.html)"
217.14.4.197 - - [23/Mar/2009:09:02:53 +0000] "GET /Home/Details--20.html HTTP/1.1" 200 41914 "" "Mozilla/5.0 (compatible; MJ12bot/v1.2.4; http://www.majestic12.co.uk/bot.php?+)"
217.14.4.197 - - [23/Mar/2009:09:02:56 +0000] "GET /Home/Details--20.html HTTP/1.1" 200 44552 "" "Mozilla/5.0 (compatible; MJ12bot/v1.2.4; http://www.majestic12.co.uk/bot.php?+)"
217.14.4.197 - - [23/Mar/2009:09:02:58 +0000] "GET /Home/Details--20.html HTTP/1.1" 200 41526 "" "Mozilla/5.0 (compatible; MJ12bot/v1.2.4; http://www.majestic12.co.uk/bot.php?+)"
217.14.4.197 - - [23/Mar/2009:09:03:03 +0000] "GET /Home/Details--20.html HTTP/1.1" 200 42138 "" "Mozilla/5.0 (compatible; MJ12bot/v1.2.4; http://www.majestic12.co.uk/bot.php?+)"
217.14.4.197 - - [23/Mar/2009:09:03:09 +0000] "GET /Home/Details--20.html HTTP/1.1" 200 44108 "" "Mozilla/5.0 (compatible; MJ12bot/v1.2.4; http://www.majestic12.co.uk/bot.php?+)"
217.14.4.197 - - [23/Mar/2009:09:03:16 +0000] "GET /Home/Details--20.html HTTP/1.1" 200 41082 "" "Mozilla/5.0 (compatible; MJ12bot/v1.2.4; http://www.majestic12.co.uk/bot.php?+)"
72.30.65.29 - - [23/Mar/2009:09:04:27 +0000] "GET /Home/Wetter/Aktuelles_Wetter--44.html HTTP/1.1" 200 11319 "" "Mozilla/5.0 (compatible; Yahoo! Slurp/3.0; http://help.yahoo.com/help/us/ysearch/slurp)"
66.249.65.145 - - [23/Mar/2009:09:04:56 +0000] "GET /Home/Specials--60.html HTTP/1.1" 200 67244 "" "Mozilla/5.0 (compatible; Googlebot/2.1; +http://www.google.com/bot.html)"
66.249.65.145 - - [23/Mar/2009:09:05:33 +0000] "GET /Home/Wetter/Aktuelles_Wetter--44.html HTTP/1.1" 200 12224 "" "Mozilla/5.0 (compatible; Googlebot/2.1; +http://www.google.com/bot.html)"
194.8.75.175 - - [23/Mar/2009:09:05:41 +0000] "GET /Home/Buchen--19.html HTTP/1.1" 200 23985 "http://www.sewahotel.com/de/buchen.html?pid=0&rid=0" "Mozilla/5.0 (Windows; U; Windows NT 5.1; en-US; rv:1.7.3) Gecko/20041002 Firefox/0.10"
194.8.75.175 - - [23/Mar/2009:09:05:45 +0000] "GET /Home/Best__tigung--64.html HTTP/1.1" 200 23986 "http://www.sewahotel.com/de/buchen.html?pid=0&rid=0" "Mozilla/5.0 (Windows; U; Windows NT 5.1; en-US; rv:1.7.3) Gecko/20041002 Firefox/0.10"
194.8.75.239 - - [23/Mar/2009:09:05:48 +0000] "GET /Home/Buchen--19.html HTTP/1.1" 200 23985 "" "Mozilla/5.0 (Windows NT 5.1; U; en) Opera 8.00"
194.8.75.239 - - [23/Mar/2009:09:05:48 +0000] "GET /Home/Best__tigung--64.html HTTP/1.1" 200 18715 "http://www.sewahotel.com/de/buchen.html?pid=0&rid=0" "Mozilla/5.0 (Windows NT 5.1; U; en) Opera 8.00"
66.249.65.145 - - [23/Mar/2009:09:07:05 +0000] "GET /Home/Details--20.html HTTP/1.1" 200 46186 "" "Mozilla/5.0 (compatible; Googlebot/2.1; +http://www.google.com/bot.html)"
66.249.65.145 - - [23/Mar/2009:09:07:35 +0000] "GET /Home/Details--20.html HTTP/1.1" 200 50387 "" "Mozilla/5.0 (compatible; Googlebot/2.1; +http://www.google.com/bot.html)"
195.49.224.20 - - [23/Mar/2009:09:07:47 +0000] "GET /Home/Details--20.html HTTP/1.1" 200 34724 "" "Mozilla/4.0 (compatible; MSIE 6.0; Windows NT 5.1; SV1; .NET CLR 1.0.3705; .NET CLR 1.1.4322; .NET CLR 2.0.50727)"
65.55.105.208 - - [23/Mar/2009:09:08:02 +0000] "GET /Home/Lastminute--63.html HTTP/1.1" 200 32829 "" "msnbot/1.1 (+http://search.msn.com/msnbot.htm)"
66.249.65.145 - - [23/Mar/2009:09:08:13 +0000] "GET /Home/Details--20.html HTTP/1.1" 200 51053 "" "Mozilla/5.0 (compatible; Googlebot/2.1; +http://www.google.com/bot.html)"
65.55.105.203 - - [23/Mar/2009:09:08:40 +0000] "GET /Home/Specials--60.html HTTP/1.1" 200 60373 "" "msnbot/1.1 (+http://search.msn.com/msnbot.htm)"
67.195.37.170 - - [23/Mar/2009:09:09:00 +0000] "GET /Home/Lastminute--63.html HTTP/1.1" 200 34089 "" "Mozilla/5.0 (compatible; Yahoo! Slurp/3.0; http://help.yahoo.com/help/us/ysearch/slurp)"
194.8.75.103 - - [23/Mar/2009:09:09:03 +0000] "GET /Home/Buchen--19.html HTTP/1.1" 200 23985 "http://www.sewahotel.com/de/buchen.html?pid=0&rid=0" "Mozilla/5.0 (Windows; U; Windows NT 5.1; en-US; rv:1.6) Gecko/20040206 Firefox/0.8 Mnenhy/0.6.0.103"
65.55.105.208 - - [23/Mar/2009:09:09:03 +0000] "GET /Home/Finden___Buchen--2.html HTTP/1.1" 200 37368 "" "msnbot/1.1 (+http://search.msn.com/msnbot.htm)"
194.8.75.103 - - [23/Mar/2009:09:09:14 +0000] "GET /Home/Best__tigung--64.html HTTP/1.1" 200 22974 "http://www.sewahotel.com/de/buchen.html?pid=0&rid=0" "Mozilla/5.0 (Windows; U; Windows NT 5.1; en-US; rv:1.6) Gecko/20040206 Firefox/0.8 Mnenhy/0.6.0.103"
66.249.65.145 - - [23/Mar/2009:09:09:15 +0000] "GET /Home/Reisef__hrer_S__d.../Schlanders--91.html HTTP/1.1" 200 23517 "" "Mozilla/5.0 (compatible; Googlebot/2.1; +http://www.google.com/bot.html)"
65.55.110.108 - - [23/Mar/2009:09:09:18 +0000] "GET /Home/Finden___Buchen--2.html HTTP/1.1" 200 34174 "http://search.live.com/results.aspx?q=hotels" "Mozilla/4.0 (compatible; MSIE 6.0; Windows NT 5.2; SV1; .NET CLR 1.1.4322)"
194.8.74.229 - - [23/Mar/2009:09:09:20 +0000] "GET /Home/Buchen--19.html HTTP/1.1" 200 23985 "" "Mozilla/4.0 (compatible; MSIE 6.0; Windows NT 5.1; SV1; .NET CLR 1.1.4322) NS8/0.9.6"
194.8.74.229 - - [23/Mar/2009:09:09:22 +0000] "GET /Home/Best__tigung--64.html HTTP/1.1" 200 17731 "http://www.sewahotel.com/de/buchen.html?pid=0&rid=0" "Mozilla/4.0 (compatible; MSIE 6.0; Windows NT 5.1; SV1; .NET CLR 1.1.4322) NS8/0.9.6"
194.8.75.103 - - [23/Mar/2009:09:10:02 +0000] "GET /Home/Buchen--19.html HTTP/1.1" 200 23985 "http://www.sewahotel.com/de/buchen.html?pid=0&rid=0" "Mozilla/5.0 (Windows; U; Windows NT 5.2 x64; en-US; rv:1.9a1) Gecko/20060214 Firefox/1.6a1"
78.42.38.215 - - [23/Mar/2009:09:10:23 +0000] "GET /Home/Details-hotel--105.html HTTP/1.1" 200 41743 "" "Mozilla/4.0 (compatible; MSIE 7.0; Windows NT 5.1; GTB5)"
84.223.52.35 - - [23/Mar/2009:09:10:26 +0000] "GET /Home--1.html HTTP/1.1" 200 25304 "http://www.meinsuedtirol.com/Egna-.200.1.html" "Mozilla/4.0 (compatible; MSIE 7.0; Windows NT 5.1; .NET CLR 1.1.4322; InfoPath.1)"
84.223.52.35 - - [23/Mar/2009:09:10:54 +0000] "GET /Home--1.html HTTP/1.1" 200 25019 "http://www.sewahotel.com/" "Mozilla/4.0 (compatible; MSIE 7.0; Windows NT 5.1; .NET CLR 1.1.4322; InfoPath.1)"
66.249.65.145 - - [23/Mar/2009:09:11:24 +0000] "GET /Home/Details--20.html HTTP/1.1" 200 53723 "" "Mozilla/5.0 (compatible; Googlebot/2.1; +http://www.google.com/bot.html)"
84.223.52.35 - - [23/Mar/2009:09:12:33 +0000] "GET /Home--1.html HTTP/1.1" 200 25019 "http://www.sewahotel.com/" "Mozilla/4.0 (compatible; MSIE 7.0; Windows NT 5.1; .NET CLR 1.1.4322; InfoPath.1)"
84.223.52.35 - - [23/Mar/2009:09:12:35 +0000] "GET /Home--1.html HTTP/1.1" 200 25019 "http://www.sewahotel.com/" "Mozilla/4.0 (compatible; MSIE 7.0; Windows NT 5.1; .NET CLR 1.1.4322; InfoPath.1)"
84.223.52.35 - - [23/Mar/2009:09:12:37 +0000] "GET /Home--1.html HTTP/1.1" 200 25019 "http://www.sewahotel.com/" "Mozilla/4.0 (compatible; MSIE 7.0; Windows NT 5.1; .NET CLR 1.1.4322; InfoPath.1)"
65.55.105.208 - - [23/Mar/2009:09:12:55 +0000] "GET /Home/Reisef__hrer_S__d.../Schnalstal--98.html HTTP/1.1" 200 25041 "" "msnbot/1.1 (+http://search.msn.com/msnbot.htm)"
66.249.65.145 - - [23/Mar/2009:09:13:33 +0000] "GET /Home/Details--20.html HTTP/1.1" 200 35887 "" "Mozilla/5.0 (compatible; Googlebot/2.1; +http://www.google.com/bot.html)"
66.249.65.145 - - [23/Mar/2009:09:13:34 +0000] "GET /Home/Details--20.html HTTP/1.1" 200 46583 "" "Mozilla/5.0 (compatible; Googlebot/2.1; +http://www.google.com/bot.html)"
65.55.105.197 - - [23/Mar/2009:09:13:34 +0000] "GET /Home/Specials--60.html HTTP/1.1" 200 42007 "" "msnbot/1.1 (+http://search.msn.com/msnbot.htm)"
65.55.105.207 - - [23/Mar/2009:09:14:28 +0000] "GET /Home/Finden___Buchen--2.html HTTP/1.1" 200 33457 "" "msnbot/1.1 (+http://search.msn.com/msnbot.htm)"
65.55.110.94 - - [23/Mar/2009:09:14:50 +0000] "GET /Home/Specials--60.html HTTP/1.1" 200 41697 "http://search.live.com/results.aspx?q=vacanze" "Mozilla/4.0 (compatible; MSIE 6.0; Windows NT 5.2; SV1; .NET CLR 1.1.4322)"
65.55.105.208 - - [23/Mar/2009:09:15:41 +0000] "GET /Home/Specials/Motorradurlaub--141.html HTTP/1.1" 200 18305 "" "msnbot/1.1 (+http://search.msn.com/msnbot.htm)"
66.249.65.145 - - [23/Mar/2009:09:15:43 +0000] "GET /Home/Details--20.html HTTP/1.1" 200 47319 "" "Mozilla/5.0 (compatible; Googlebot/2.1; +http://www.google.com/bot.html)"
66.249.65.145 - - [23/Mar/2009:09:15:44 +0000] "GET /Home/Details--20.html HTTP/1.1" 200 48106 "" "Mozilla/5.0 (compatible; Googlebot/2.1; +http://www.google.com/bot.html)"
66.249.65.145 - - [23/Mar/2009:09:16:13 +0000] "GET /Home/Details--20.html HTTP/1.1" 200 44725 "" "Mozilla/5.0 (compatible; Googlebot/2.1; +http://www.google.com/bot.html)"
66.249.65.145 - - [23/Mar/2009:09:17:53 +0000] "GET /Home/Details--20.html HTTP/1.1" 200 54115 "" "Mozilla/5.0 (compatible; Googlebot/2.1; +http://www.google.com/bot.html)"
88.81.174.190 - - [23/Mar/2009:09:18:52 +0000] "GET /Home--1.html HTTP/1.1" 200 25304 "http://www.meinsuedtirol.com/Rodengo-.123.1.html" "Mozilla/4.0 (compatible; MSIE 7.0; Windows NT 5.1; .NET CLR 2.0.50727)"
88.81.174.190 - - [23/Mar/2009:09:19:51 +0000] "GET /Home--1.html HTTP/1.1" 200 25304 "http://www.meinsuedtirol.com/Rodengo-.123.1.html" "Mozilla/4.0 (compatible; MSIE 7.0; Windows NT 5.1; .NET CLR 2.0.50727)"
66.249.65.145 - - [23/Mar/2009:09:20:03 +0000] "GET /Home/Details--20.html HTTP/1.1" 200 47225 "" "Mozilla/5.0 (compatible; Googlebot/2.1; +http://www.google.com/bot.html)"
66.249.65.145 - - [23/Mar/2009:09:21:33 +0000] "GET /Home/Unsere_Hotels/Tauferer_Ahrntal--58.html HTTP/1.1" 200 27043 "" "Mozilla/5.0 (compatible; Googlebot/2.1; +http://www.google.com/bot.html)"
194.8.75.245 - - [23/Mar/2009:09:21:42 +0000] "GET /Home/Buchen--19.html HTTP/1.1" 200 23985 "" "Opera/9.00 (Windows NT 5.1; U; en)"
194.8.75.245 - - [23/Mar/2009:09:21:43 +0000] "GET /Home/Best__tigung--64.html HTTP/1.1" 200 19127 "http://www.sewahotel.com/de/buchen.html?pid=0&rid=0" "Opera/9.00 (Windows NT 5.1; U; en)"
66.249.65.145 - - [23/Mar/2009:09:22:12 +0000] "GET /Home/Details--20.html HTTP/1.1" 200 42746 "" "Mozilla/5.0 (compatible; Googlebot/2.1; +http://www.google.com/bot.html)"
65.55.105.192 - - [23/Mar/2009:09:23:10 +0000] "GET /Home/Lastminute--63.html HTTP/1.1" 200 33725 "" "msnbot/1.1 (+http://search.msn.com/msnbot.htm)"
66.249.65.145 - - [23/Mar/2009:09:23:14 +0000] "GET /Home/F__r_Hotels--75.html HTTP/1.1" 200 17272 "" "Mozilla/5.0 (compatible; Googlebot/2.1; +http://www.google.com/bot.html)"
66.249.65.145 - - [23/Mar/2009:09:24:13 +0000] "GET /Home/Details--20.html HTTP/1.1" 200 44707 "" "Mozilla/5.0 (compatible; Googlebot/2.1; +http://www.google.com/bot.html)"
66.249.65.145 - - [23/Mar/2009:09:24:21 +0000] "GET /Home/Details--20.html HTTP/1.1" 200 47492 "" "Mozilla/5.0 (compatible; Googlebot/2.1; +http://www.google.com/bot.html)"
194.8.75.239 - - [23/Mar/2009:09:25:58 +0000] "GET /Home/Buchen--19.html HTTP/1.1" 200 23985 "" "Mozilla/4.0 (compatible; MSIE 6.0; Windows NT 5.1; .NET CLR 1.1.4322; FDM)"
194.8.75.239 - - [23/Mar/2009:09:25:59 +0000] "GET /Home/Best__tigung--64.html HTTP/1.1" 200 19340 "http://www.sewahotel.com/de/buchen.html?pid=0&rid=0" "Mozilla/4.0 (compatible; MSIE 6.0; Windows NT 5.1; .NET CLR 1.1.4322; FDM)"
72.30.65.29 - - [23/Mar/2009:09:26:08 +0000] "GET /Home/Unsere_Hotels--7.html HTTP/1.1" 200 14728 "" "Mozilla/5.0 (compatible; Yahoo! Slurp/3.0; http://help.yahoo.com/help/us/ysearch/slurp)"
66.249.65.145 - - [23/Mar/2009:09:26:31 +0000] "GET /Home/Details--20.html HTTP/1.1" 200 51205 "" "Mozilla/5.0 (compatible; Googlebot/2.1; +http://www.google.com/bot.html)"
194.8.74.11 - - [23/Mar/2009:09:26:36 +0000] "GET /Home/Buchen--19.html HTTP/1.1" 200 23985 "" "Mozilla/4.0 (compatible; MSIE 6.0; Windows ME) Opera 7.11 [en]"
194.8.74.11 - - [23/Mar/2009:09:26:39 +0000] "GET /Home/Best__tigung--64.html HTTP/1.1" 200 27253 "http://www.sewahotel.com/de/buchen.html?pid=0&rid=0" "Mozilla/4.0 (compatible; MSIE 6.0; Windows ME) Opera 7.11 [en]"
194.8.75.175 - - [23/Mar/2009:09:26:45 +0000] "GET /Home/Buchen--19.html HTTP/1.1" 200 23985 "http://www.sewahotel.com/de/buchen.html?pid=0&rid=0" "Mozilla/4.0 (compatible; MSIE 4.01; Digital AlphaServer 1000A 4/233; Windows NT; Powered By 64-Bit Alpha Processor)"
194.8.75.175 - - [23/Mar/2009:09:26:47 +0000] "GET /Home/Best__tigung--64.html HTTP/1.1" 200 23145 "http://www.sewahotel.com/de/buchen.html?pid=0&rid=0" "Mozilla/4.0 (compatible; MSIE 4.01; Digital AlphaServer 1000A 4/233; Windows NT; Powered By 64-Bit Alpha Processor)"
66.249.65.145 - - [23/Mar/2009:09:26:53 +0000] "GET /Home/Details--20.html HTTP/1.1" 200 44348 "" "Mozilla/5.0 (compatible; Googlebot/2.1; +http://www.google.com/bot.html)"
72.30.65.29 - - [23/Mar/2009:09:26:59 +0000] "GET /Home/F__r_Hotels--75.html HTTP/1.1" 200 16059 "" "Mozilla/5.0 (compatible; Yahoo! Slurp/3.0; http://help.yahoo.com/help/us/ysearch/slurp)"
65.55.105.197 - - [23/Mar/2009:09:27:38 +0000] "GET /Home/Unsere_Hotels--7.html HTTP/1.1" 200 15540 "" "msnbot/1.1 (+http://search.msn.com/msnbot.htm)"
66.249.65.145 - - [23/Mar/2009:09:28:41 +0000] "GET /Home/Details--20.html HTTP/1.1" 200 43885 "" "Mozilla/5.0 (compatible; Googlebot/2.1; +http://www.google.com/bot.html)"
66.249.65.145 - - [23/Mar/2009:09:29:33 +0000] "GET /Home/Details--20.html HTTP/1.1" 200 44231 "" "Mozilla/5.0 (compatible; Googlebot/2.1; +http://www.google.com/bot.html)"
67.195.37.170 - - [23/Mar/2009:09:30:32 +0000] "GET /Home/Specials/Skiurlaub--110.html HTTP/1.1" 200 27458 "" "Mozilla/5.0 (compatible; Yahoo! Slurp/3.0; http://help.yahoo.com/help/us/ysearch/slurp)"
66.249.65.145 - - [23/Mar/2009:09:30:50 +0000] "GET /Home/Details--20.html HTTP/1.1" 200 40686 "" "Mozilla/5.0 (compatible; Googlebot/2.1; +http://www.google.com/bot.html)"
65.55.105.208 - - [23/Mar/2009:09:31:10 +0000] "GET /Home/Reisef__hrer_S__d.../Tiers--93.html HTTP/1.1" 200 24793 "" "msnbot/1.1 (+http://search.msn.com/msnbot.htm)"
66.249.65.145 - - [23/Mar/2009:09:33:00 +0000] "GET /Home/Details--20.html HTTP/1.1" 200 44576 "" "Mozilla/5.0 (compatible; Googlebot/2.1; +http://www.google.com/bot.html)"
66.249.65.145 - - [23/Mar/2009:09:35:09 +0000] "GET /Home/Unsere_Hotels/Pustertal--59.html HTTP/1.1" 200 32520 "" "Mozilla/5.0 (compatible; Googlebot/2.1; +http://www.google.com/bot.html)"
208.115.111.248 - - [23/Mar/2009:09:35:11 +0000] "GET /Home--1.html HTTP/1.1" 200 25304 "" "Mozilla/5.0 (compatible; DotBot/1.1; http://www.dotnetdotcom.org/, crawler@dotnetdotcom.org)"
208.115.111.248 - - [23/Mar/2009:09:35:16 +0000] "GET /Home--1.html HTTP/1.1" 200 25304 "" "Mozilla/5.0 (compatible; DotBot/1.1; http://www.dotnetdotcom.org/, crawler@dotnetdotcom.org)"
208.115.111.248 - - [23/Mar/2009:09:35:21 +0000] "GET /Home--1.html HTTP/1.1" 200 25304 "" "Mozilla/5.0 (compatible; DotBot/1.1; http://www.dotnetdotcom.org/, crawler@dotnetdotcom.org)"
