89.149.241.188 - - [23/Mar/2009:15:46:18 +0000] "GET /Home/Finden___Buchen--2.html HTTP/1.1" 200 31905 "" "Mozilla/4.0 (compatible; MSIE 6.0; Windows NT 5.1; SV1)"
89.149.241.188 - - [23/Mar/2009:15:46:23 +0000] "GET /Home/Details--20.html HTTP/1.1" 200 48778 "" "Mozilla/4.0 (compatible; MSIE 6.0; Windows NT 5.1; SV1)"
89.149.241.188 - - [23/Mar/2009:15:46:24 +0000] "GET /Home/Lastminute--63.html HTTP/1.1" 200 31835 "" "Mozilla/4.0 (compatible; MSIE 6.0; Windows NT 5.1; SV1)"
89.149.241.188 - - [23/Mar/2009:15:46:25 +0000] "GET /Home/Details--20.html HTTP/1.1" 200 66707 "" "Mozilla/4.0 (compatible; MSIE 6.0; Windows NT 5.1; SV1)"
89.149.241.188 - - [23/Mar/2009:15:46:25 +0000] "GET /Home/Lastminute--63.html HTTP/1.1" 200 31808 "" "Mozilla/4.0 (compatible; MSIE 6.0; Windows NT 5.1; SV1)"
89.149.241.188 - - [23/Mar/2009:15:46:26 +0000] "GET /Home/Details--20.html HTTP/1.1" 200 61204 "" "Mozilla/4.0 (compatible; MSIE 6.0; Windows NT 5.1; SV1)"
89.149.241.188 - - [23/Mar/2009:15:46:26 +0000] "GET /Home/Lastminute--63.html HTTP/1.1" 200 30721 "" "Mozilla/4.0 (compatible; MSIE 6.0; Windows NT 5.1; SV1)"
89.149.241.188 - - [23/Mar/2009:15:46:27 +0000] "GET /Home/Details--20.html HTTP/1.1" 200 53175 "" "Mozilla/4.0 (compatible; MSIE 6.0; Windows NT 5.1; SV1)"
89.149.241.188 - - [23/Mar/2009:15:46:27 +0000] "GET /Home/Lastminute--63.html HTTP/1.1" 200 31641 "" "Mozilla/4.0 (compatible; MSIE 6.0; Windows NT 5.1; SV1)"
89.149.241.188 - - [23/Mar/2009:15:46:30 +0000] "GET /Home/Details--20.html HTTP/1.1" 200 61041 "" "Mozilla/4.0 (compatible; MSIE 6.0; Windows NT 5.1; SV1)"
66.249.65.145 - - [23/Mar/2009:15:46:32 +0000] "GET /Home/Details--20.html HTTP/1.1" 200 42262 "" "Mozilla/5.0 (compatible; Googlebot/2.1; +http://www.google.com/bot.html)"
146.216.2.65 - - [23/Mar/2009:15:46:45 +0000] "GET /Home/Finden___Buchen--2.html HTTP/1.1" 200 32505 "http://www.meinsuedtirol.com/Wellnesshotel-Suedtirol-.1326.0.html" "Mozilla/4.0 (compatible; MSIE 7.0; Windows NT 5.1; .NET CLR 1.1.4322; .NET CLR 2.0.50727; .NET CLR 3.0.04506.648; .NET CLR 3.5.21022; InfoPath.1)"
66.249.65.145 - - [23/Mar/2009:15:48:17 +0000] "GET /Home/Details--20.html HTTP/1.1" 200 41218 "" "Mozilla/5.0 (compatible; Googlebot/2.1; +http://www.google.com/bot.html)"
66.249.65.145 - - [23/Mar/2009:15:49:13 +0000] "GET /Home/Unsere_Hotels/Vinschgau--57.html HTTP/1.1" 200 26292 "" "Mozilla/5.0 (compatible; Googlebot/2.1; +http://www.google.com/bot.html)"
87.29.2.90 - - [23/Mar/2009:15:50:02 +0000] "GET /Home/Details--20.html HTTP/1.1" 200 40490 "" "Mozilla/4.0 (compatible; MSIE 7.0; Windows NT 5.1; ADVPLUGIN|K113|3|S2037714266|dial; snprtz|T17415100000224|2600#Service Pack 2#2#5#1; .NET CLR 1.1.4322; .NET CLR 2.0.50727)"
195.3.113.29 - - [23/Mar/2009:15:50:08 +0000] "GET /Home/Details--20.html HTTP/1.1" 200 44509 "" "Mozilla/4.0 (compatible; MSIE 7.0; Windows NT 5.1; GTB5; .NET CLR 1.1.4322)"
66.249.65.145 - - [23/Mar/2009:15:50:30 +0000] "GET /Home/Specials--60.html HTTP/1.1" 200 74971 "" "Mozilla/5.0 (compatible; Googlebot/2.1; +http://www.google.com/bot.html)"
65.55.105.209 - - [23/Mar/2009:15:50:35 +0000] "GET /Home/Details--20.html HTTP/1.1" 200 50359 "" "msnbot/1.1 (+http://search.msn.com/msnbot.htm)"
194.8.75.214 - - [23/Mar/2009:15:50:55 +0000] "GET /Home/Buchen--19.html HTTP/1.1" 200 23985 "" "Mozilla/6.0 (compatible; MSIE 7.0a1; Windows NT 5.2; SV1)"
194.8.75.214 - - [23/Mar/2009:15:50:56 +0000] "GET /Home/Best__tigung--64.html HTTP/1.1" 200 18679 "http://www.sewahotel.com/de/buchen.html?pid=0&rid=0" "Mozilla/6.0 (compatible; MSIE 7.0a1; Windows NT 5.2; SV1)"
65.55.110.137 - - [23/Mar/2009:15:51:42 +0000] "GET /Home/Details--20.html HTTP/1.1" 200 49359 "http://search.live.com/results.aspx?q=hotels" "Mozilla/4.0 (compatible; MSIE 6.0; Windows NT 5.2; SV1; .NET CLR 1.1.4322)"
65.55.105.209 - - [23/Mar/2009:15:52:10 +0000] "GET /Home/Reisef__hrer_S__d.../Schluderns--87.html HTTP/1.1" 200 23600 "" "msnbot/1.1 (+http://search.msn.com/msnbot.htm)"
65.55.105.209 - - [23/Mar/2009:15:52:11 +0000] "GET /Home/Details--20.html HTTP/1.1" 200 41538 "" "msnbot/1.1 (+http://search.msn.com/msnbot.htm)"
65.55.105.209 - - [23/Mar/2009:15:52:12 +0000] "GET /Home/F__r_Hotels--75.html HTTP/1.1" 200 16483 "" "msnbot/1.1 (+http://search.msn.com/msnbot.htm)"
65.55.105.209 - - [23/Mar/2009:15:52:12 +0000] "GET /Home/Reisef__hrer_S__d.../Martell--81.html HTTP/1.1" 200 23996 "" "msnbot/1.1 (+http://search.msn.com/msnbot.htm)"
65.55.105.209 - - [23/Mar/2009:15:52:13 +0000] "GET /Home/Lastminute--63.html HTTP/1.1" 200 37129 "" "msnbot/1.1 (+http://search.msn.com/msnbot.htm)"
65.55.105.209 - - [23/Mar/2009:15:52:14 +0000] "GET /Home/Details--20.html HTTP/1.1" 200 56125 "" "msnbot/1.1 (+http://search.msn.com/msnbot.htm)"
65.55.109.48 - - [23/Mar/2009:15:52:27 +0000] "GET /Home/Details--20.html HTTP/1.1" 200 41552 "http://search.live.com/results.aspx?q=hotel" "Mozilla/4.0 (compatible; MSIE 6.0; Windows NT 5.2; SV1; .NET CLR 1.1.4322)"
65.55.109.58 - - [23/Mar/2009:15:52:30 +0000] "GET /Home/F__r_Hotels--75.html HTTP/1.1" 200 16833 "http://search.live.com/results.aspx?q=hotels" "Mozilla/4.0 (compatible; MSIE 6.0; Windows NT 5.2; SV1; .NET CLR 1.1.4322)"
65.55.110.238 - - [23/Mar/2009:15:52:37 +0000] "GET /Home/Reisef__hrer_S__d.../Martell--81.html HTTP/1.1" 200 23110 "http://search.live.com/results.aspx?q=hotels" "Mozilla/4.0 (compatible; MSIE 6.0; Windows NT 5.2; SV1; .NET CLR 1.1.4322)"
66.249.65.145 - - [23/Mar/2009:15:52:42 +0000] "GET /Home/Details--20.html HTTP/1.1" 200 53403 "" "Mozilla/5.0 (compatible; Googlebot/2.1; +http://www.google.com/bot.html)"
65.55.105.209 - - [23/Mar/2009:15:53:08 +0000] "GET /Home/Details--20.html HTTP/1.1" 200 65961 "" "msnbot/1.1 (+http://search.msn.com/msnbot.htm)"
65.55.105.209 - - [23/Mar/2009:15:53:09 +0000] "GET /Home/F__r_Hotels--75.html HTTP/1.1" 200 16059 "" "msnbot/1.1 (+http://search.msn.com/msnbot.htm)"
67.195.37.170 - - [23/Mar/2009:15:53:19 +0000] "GET /Home--1.html HTTP/1.1" 200 25019 "" "Mozilla/5.0 (compatible; Yahoo! Slurp/3.0; http://help.yahoo.com/help/us/ysearch/slurp)"
65.55.105.203 - - [23/Mar/2009:15:53:41 +0000] "GET /Home/Specials--60.html HTTP/1.1" 200 47638 "" "msnbot/1.1 (+http://search.msn.com/msnbot.htm)"
66.249.65.145 - - [23/Mar/2009:15:54:34 +0000] "GET /Home/Details--20.html HTTP/1.1" 200 39125 "" "Mozilla/5.0 (compatible; Googlebot/2.1; +http://www.google.com/bot.html)"
66.249.65.145 - - [23/Mar/2009:15:54:54 +0000] "GET /Home/Details--20.html HTTP/1.1" 200 46418 "" "Mozilla/5.0 (compatible; Googlebot/2.1; +http://www.google.com/bot.html)"
195.3.113.29 - - [23/Mar/2009:15:54:54 +0000] "GET /Home/Details--20.html HTTP/1.1" 200 47013 "http://www.sewahotel.com/de/details.html?pid=11&rid=62&lang=de&hotel_id=177" "Mozilla/4.0 (compatible; MSIE 7.0; Windows NT 5.1; GTB5; .NET CLR 1.1.4322)"
84.130.62.124 - - [23/Mar/2009:15:55:13 +0000] "GET /Home/Details--20.html HTTP/1.1" 200 43724 "http://www.meinsuedtirol.com/Hotel-Ploseblick-Natz-schabs-.2062.0.0.1240.0.html" "Mozilla/5.0 (Windows; U; Windows NT 5.1; de; rv:1.9.0.7) Gecko/2009021910 Firefox/3.0.5 (de)"
65.55.105.192 - - [23/Mar/2009:15:55:28 +0000] "GET /Home/Events/Liste--46.html HTTP/1.1" 200 4676 "" "msnbot/1.1 (+http://search.msn.com/msnbot.htm)"
87.14.90.188 - - [23/Mar/2009:15:56:08 +0000] "GET /Home/Details--20.html HTTP/1.1" 200 40013 "http://www.meinsuedtirol.com/Hotel-Val-Sarentino-Alto-Adige-Sudtirol-.547.1.html" "Mozilla/5.0 (Windows; U; Windows NT 5.1; it; rv:1.9.0.7) Gecko/2009021910 Firefox/3.0.7"
65.55.105.203 - - [23/Mar/2009:15:56:50 +0000] "GET /Home/Specials--60.html HTTP/1.1" 200 49421 "" "msnbot/1.1 (+http://search.msn.com/msnbot.htm)"
79.199.211.238 - - [23/Mar/2009:15:56:52 +0000] "GET /Home/Details-hotel--105.html HTTP/1.1" 200 41689 "" "Mozilla/4.0 (compatible; MSIE 7.0; Windows NT 5.1; GTB5; .NET CLR 1.1.4322)"
67.195.37.170 - - [23/Mar/2009:15:56:55 +0000] "GET /Home/Details--20.html HTTP/1.1" 200 41197 "" "Mozilla/5.0 (compatible; Yahoo! Slurp/3.0; http://help.yahoo.com/help/us/ysearch/slurp)"
66.249.65.145 - - [23/Mar/2009:15:57:06 +0000] "GET /Home/Details--20.html HTTP/1.1" 200 50905 "" "Mozilla/5.0 (compatible; Googlebot/2.1; +http://www.google.com/bot.html)"
79.199.211.238 - - [23/Mar/2009:15:57:30 +0000] "GET /Home/Details--20.html HTTP/1.1" 200 41736 "http://www.sewahotel.com/de/details-hotel.html?action=get_results&hotel_id=253&pid=6&rid=6&lang=de&from_day=11&from_month=06&from_year=2009&to_day=12&to_month=06&to_year=2009&to_year=2009&typ=2&verpflegung=zf&anzahl_erw=4&alterkind1=5&alterkind2=&alterkind3=" "Mozilla/4.0 (compatible; MSIE 7.0; Windows NT 5.1; GTB5; .NET CLR 1.1.4322)"
72.30.65.29 - - [23/Mar/2009:15:57:42 +0000] "GET /Home/Details--20.html HTTP/1.1" 200 41327 "" "Mozilla/5.0 (compatible; Yahoo! Slurp/3.0; http://help.yahoo.com/help/us/ysearch/slurp)"
72.30.65.29 - - [23/Mar/2009:15:58:34 +0000] "GET /Home/Unsere_Hotels--7.html HTTP/1.1" 200 17859 "" "Mozilla/5.0 (compatible; Yahoo! Slurp/3.0; http://help.yahoo.com/help/us/ysearch/slurp)"
66.249.65.145 - - [23/Mar/2009:15:59:22 +0000] "GET /Home/Details--20.html HTTP/1.1" 200 49659 "" "Mozilla/5.0 (compatible; Googlebot/2.1; +http://www.google.com/bot.html)"
66.249.65.145 - - [23/Mar/2009:15:59:54 +0000] "GET /Home/Details--20.html HTTP/1.1" 200 39648 "" "Mozilla/5.0 (compatible; Googlebot/2.1; +http://www.google.com/bot.html)"
194.8.75.44 - - [23/Mar/2009:16:00:16 +0000] "GET /Home/Buchen--19.html HTTP/1.1" 200 23985 "" "Mozilla/4.0 (compatible; MSIE 7.0; Windows NT 5.1; SV1; .NET CLR 2.0.50727)"
194.8.75.44 - - [23/Mar/2009:16:00:17 +0000] "GET /Home/Best__tigung--64.html HTTP/1.1" 200 20129 "http://www.sewahotel.com/de/buchen.html?pid=0&rid=0" "Mozilla/4.0 (compatible; MSIE 7.0; Windows NT 5.1; SV1; .NET CLR 2.0.50727)"
84.150.121.16 - - [23/Mar/2009:16:00:49 +0000] "GET /Home--1.html HTTP/1.1" 200 25304 "http://www.meinsuedtirol.com/Pension-Gatterer-Muehlbach-.2714.0.0.1240.0.html" "Mozilla/4.0 (compatible; MSIE 7.0; Windows NT 5.1; .NET CLR 1.1.4322; .NET CLR 2.0.50727)"
194.8.75.175 - - [23/Mar/2009:16:01:20 +0000] "GET /Home/Buchen--19.html HTTP/1.1" 200 23985 "http://www.sewahotel.com/de/buchen.html?pid=0&rid=0" "Mozilla/5.0 (Windows; U; Windows NT 5.1; rv:1.7.3) Gecko/20040913 Waterunicorn/0.10 StumbleUpon/1.998"
194.8.75.175 - - [23/Mar/2009:16:01:21 +0000] "GET /Home/Best__tigung--64.html HTTP/1.1" 200 22925 "http://www.sewahotel.com/de/buchen.html?pid=0&rid=0" "Mozilla/5.0 (Windows; U; Windows NT 5.1; rv:1.7.3) Gecko/20040913 Waterunicorn/0.10 StumbleUpon/1.998"
66.249.65.145 - - [23/Mar/2009:16:01:34 +0000] "GET /Home/Specials--60.html HTTP/1.1" 200 72518 "" "Mozilla/5.0 (compatible; Googlebot/2.1; +http://www.google.com/bot.html)"
79.205.63.254 - - [23/Mar/2009:16:01:44 +0000] "GET /Home/Details--20.html HTTP/1.1" 200 42957 "" "Opera/9.64 (Windows NT 5.1; U; de) Presto/2.1.1"
88.131.106.15 - - [23/Mar/2009:16:01:55 +0000] "GET /Home/Unsere_Hotels/__sterreich--79.html HTTP/1.1" 200 16407 "" "Speedy Spider (http://www.entireweb.com/about/search_tech/speedy_spider/)"
66.249.65.145 - - [23/Mar/2009:16:02:35 +0000] "GET /Home/Details--20.html HTTP/1.1" 200 40414 "" "Mozilla/5.0 (compatible; Googlebot/2.1; +http://www.google.com/bot.html)"
83.233.30.104 - - [23/Mar/2009:16:02:53 +0000] "GET /Home/Details-hotel--105.html HTTP/1.1" 200 45249 "http://www.sewahotel.com/de/details-hotel.html" "Mozilla/4.0 (compatible; MSIE 6.0; Windows NT 5.1; SV1; .NET CLR 1.1.4322)"
79.205.63.254 - - [23/Mar/2009:16:02:56 +0000] "GET /Home/Details--20.html HTTP/1.1" 200 45460 "" "Opera/9.64 (Windows NT 5.1; U; de) Presto/2.1.1"
194.8.75.212 - - [23/Mar/2009:16:02:59 +0000] "GET /Home/Buchen--19.html HTTP/1.1" 200 23985 "" "Mozilla/4.0 (compatible; MSIE 6.0; Windows NT 5.0; .NET CLR 1.0.3705; .NET CLR 1.1.4322)"
194.8.75.212 - - [23/Mar/2009:16:03:02 +0000] "GET /Home/Best__tigung--64.html HTTP/1.1" 200 19180 "http://www.sewahotel.com/de/buchen.html?pid=0&rid=0" "Mozilla/4.0 (compatible; MSIE 6.0; Windows NT 5.0; .NET CLR 1.0.3705; .NET CLR 1.1.4322)"
79.205.63.254 - - [23/Mar/2009:16:03:07 +0000] "GET /Home/Ergebnisse--18.html HTTP/1.1" 200 193377 "" "Opera/9.64 (Windows NT 5.1; U; de) Presto/2.1.1"
79.205.63.254 - - [23/Mar/2009:16:03:33 +0000] "GET /Home/Ergebnisse--18.html HTTP/1.1" 200 32029 "" "Opera/9.64 (Windows NT 5.1; U; de) Presto/2.1.1"
66.249.65.145 - - [23/Mar/2009:16:03:46 +0000] "GET /Home/Details--20.html HTTP/1.1" 200 40018 "" "Mozilla/5.0 (compatible; Googlebot/2.1; +http://www.google.com/bot.html)"
79.205.63.254 - - [23/Mar/2009:16:03:49 +0000] "GET /Home/Details--20.html HTTP/1.1" 200 44069 "" "Opera/9.64 (Windows NT 5.1; U; de) Presto/2.1.1"
79.205.63.254 - - [23/Mar/2009:16:04:16 +0000] "GET /Home/Details--20.html HTTP/1.1" 200 46583 "" "Opera/9.64 (Windows NT 5.1; U; de) Presto/2.1.1"
66.249.65.145 - - [23/Mar/2009:16:05:16 +0000] "GET /Home/Details--20.html HTTP/1.1" 200 41300 "" "Mozilla/5.0 (compatible; Googlebot/2.1; +http://www.google.com/bot.html)"
67.195.37.170 - - [23/Mar/2009:16:05:57 +0000] "GET /Home/Anfrage--112.html HTTP/1.1" 200 17675 "" "Mozilla/5.0 (compatible; Yahoo! Slurp/3.0; http://help.yahoo.com/help/us/ysearch/slurp)"
66.249.65.145 - - [23/Mar/2009:16:05:58 +0000] "GET /Home/Details--20.html HTTP/1.1" 200 48694 "" "Mozilla/5.0 (compatible; Googlebot/2.1; +http://www.google.com/bot.html)"
65.55.105.195 - - [23/Mar/2009:16:06:28 +0000] "GET /Home--1.html HTTP/1.1" 200 24759 "" "msnbot/1.1 (+http://search.msn.com/msnbot.htm)"
65.55.105.207 - - [23/Mar/2009:16:07:11 +0000] "GET /Home/Details--20.html HTTP/1.1" 200 61369 "" "msnbot/1.1 (+http://search.msn.com/msnbot.htm)"
79.206.251.240 - - [23/Mar/2009:16:08:00 +0000] "GET /Home--1.html HTTP/1.1" 200 25304 "http://www.sewahotel.com/unsere-liebe-frau-im-walde.html" "Mozilla/5.0 (Windows; U; Windows NT 5.1; de; rv:1.9.0.7) Gecko/2009021910 Firefox/3.0.7"
66.249.65.145 - - [23/Mar/2009:16:08:10 +0000] "GET /Home/Details--20.html HTTP/1.1" 200 54507 "" "Mozilla/5.0 (compatible; Googlebot/2.1; +http://www.google.com/bot.html)"
79.206.251.240 - - [23/Mar/2009:16:08:59 +0000] "GET /Home/Unsere_Hotels/Meraner_Land--51.html HTTP/1.1" 200 74370 "http://www.sewahotel.com/" "Mozilla/5.0 (Windows; U; Windows NT 5.1; de; rv:1.9.0.7) Gecko/2009021910 Firefox/3.0.7"
79.206.251.240 - - [23/Mar/2009:16:09:00 +0000] "GET /Home/Unsere_Hotels/Meraner_Land--51.html HTTP/1.1" 200 74366 "http://www.sewahotel.com/" "Mozilla/5.0 (Windows; U; Windows NT 5.1; de; rv:1.9.0.7) Gecko/2009021910 Firefox/3.0.7"
79.206.251.240 - - [23/Mar/2009:16:09:38 +0000] "GET /Home/__ber_uns--65.html HTTP/1.1" 200 13296 "http://www.sewahotel.com/de/unsere-hotels/meraner-land.html" "Mozilla/5.0 (Windows; U; Windows NT 5.1; de; rv:1.9.0.7) Gecko/2009021910 Firefox/3.0.7"
65.55.105.206 - - [23/Mar/2009:16:09:55 +0000] "GET /Home/Details--20.html HTTP/1.1" 200 39125 "" "msnbot/1.1 (+http://search.msn.com/msnbot.htm)"
66.249.65.145 - - [23/Mar/2009:16:10:23 +0000] "GET /Home/Specials--60.html HTTP/1.1" 200 45771 "" "Mozilla/5.0 (compatible; Googlebot/2.1; +http://www.google.com/bot.html)"
65.55.105.208 - - [23/Mar/2009:16:11:05 +0000] "GET /Home/Details--20.html HTTP/1.1" 200 54375 "" "msnbot/1.1 (+http://search.msn.com/msnbot.htm)"
65.55.105.208 - - [23/Mar/2009:16:11:06 +0000] "GET /Home/Specials/Familienurlaub--109.html HTTP/1.1" 200 26178 "" "msnbot/1.1 (+http://search.msn.com/msnbot.htm)"
84.18.155.177 - - [23/Mar/2009:16:12:20 +0000] "GET /Home/Ergebnisse-hotel--102.html HTTP/1.1" 200 31184 "" "Mozilla/4.0 (compatible; MSIE 7.0; Windows NT 5.1; GTB5; .NET CLR 1.1.4322; .NET CLR 2.0.50727; .NET CLR 3.0.04506.30)"
66.249.65.145 - - [23/Mar/2009:16:12:38 +0000] "GET /Home/Specials--60.html HTTP/1.1" 200 77201 "" "Mozilla/5.0 (compatible; Googlebot/2.1; +http://www.google.com/bot.html)"
84.18.155.177 - - [23/Mar/2009:16:13:10 +0000] "GET /Home/Ergebnisse-hotel--102.html HTTP/1.1" 200 31184 "" "Mozilla/4.0 (compatible; MSIE 7.0; Windows NT 5.1; GTB5; .NET CLR 1.1.4322; .NET CLR 2.0.50727; .NET CLR 3.0.04506.30)"
66.249.65.145 - - [23/Mar/2009:16:13:17 +0000] "GET /Home/Details--20.html HTTP/1.1" 200 40037 "" "Mozilla/5.0 (compatible; Googlebot/2.1; +http://www.google.com/bot.html)"
194.8.75.239 - - [23/Mar/2009:16:13:28 +0000] "GET /Home/Buchen--19.html HTTP/1.1" 200 23985 "" "Mozilla/4.0 (compatible; MSIE 7.0b; Windows NT 6.0 ; .NET CLR 2.0.50215; SL Commerce Client v1.0; Tablet PC 2.0"
194.8.75.239 - - [23/Mar/2009:16:13:29 +0000] "GET /Home/Best__tigung--64.html HTTP/1.1" 200 18973 "http://www.sewahotel.com/de/buchen.html?pid=0&rid=0" "Mozilla/4.0 (compatible; MSIE 7.0b; Windows NT 6.0 ; .NET CLR 2.0.50215; SL Commerce Client v1.0; Tablet PC 2.0"
66.249.65.145 - - [23/Mar/2009:16:14:51 +0000] "GET /Home/Specials--60.html HTTP/1.1" 200 59040 "" "Mozilla/5.0 (compatible; Googlebot/2.1; +http://www.google.com/bot.html)"
65.55.105.207 - - [23/Mar/2009:16:15:45 +0000] "GET /Home/Details--20.html HTTP/1.1" 200 48419 "" "msnbot/1.1 (+http://search.msn.com/msnbot.htm)"
65.55.105.207 - - [23/Mar/2009:16:15:47 +0000] "GET /Home/Specials--60.html HTTP/1.1" 200 34841 "" "msnbot/1.1 (+http://search.msn.com/msnbot.htm)"
65.55.105.207 - - [23/Mar/2009:16:15:49 +0000] "GET /Home/Reisef__hrer_S__d.../Deutschnofen--90.html HTTP/1.1" 200 23662 "" "msnbot/1.1 (+http://search.msn.com/msnbot.htm)"
65.55.105.207 - - [23/Mar/2009:16:15:50 +0000] "GET /Home/Details--20.html HTTP/1.1" 200 63989 "" "msnbot/1.1 (+http://search.msn.com/msnbot.htm)"
65.55.105.207 - - [23/Mar/2009:16:15:51 +0000] "GET /Home/Reisef__hrer_S__d.../Tiers--93.html HTTP/1.1" 200 25193 "" "msnbot/1.1 (+http://search.msn.com/msnbot.htm)"
65.55.105.207 - - [23/Mar/2009:16:15:52 +0000] "GET /Home/Lastminute--63.html HTTP/1.1" 200 32932 "" "msnbot/1.1 (+http://search.msn.com/msnbot.htm)"
66.249.65.145 - - [23/Mar/2009:16:15:58 +0000] "GET /Home/Details--20.html HTTP/1.1" 200 40346 "" "Mozilla/5.0 (compatible; Googlebot/2.1; +http://www.google.com/bot.html)"
217.95.46.187 - - [23/Mar/2009:16:16:07 +0000] "GET /Home/Details--20.html HTTP/1.1" 200 44231 "" "Mozilla/4.0 (compatible; MSIE 6.0; Windows NT 5.1; SV1; GTB5; .NET CLR 1.1.4322; .NET CLR 2.0.50727)"
72.30.65.29 - - [23/Mar/2009:16:16:49 +0000] "GET /Home/Wetter/Aktuelles_Wetter--44.html HTTP/1.1" 200 12012 "" "Mozilla/5.0 (compatible; Yahoo! Slurp/3.0; http://help.yahoo.com/help/us/ysearch/slurp)"
66.249.65.145 - - [23/Mar/2009:16:17:02 +0000] "GET /Home/Specials--60.html HTTP/1.1" 200 65136 "" "Mozilla/5.0 (compatible; Googlebot/2.1; +http://www.google.com/bot.html)"
65.55.105.207 - - [23/Mar/2009:16:17:29 +0000] "GET /Home/F__r_Hotels--75.html HTTP/1.1" 200 16059 "" "msnbot/1.1 (+http://search.msn.com/msnbot.htm)"
65.55.105.207 - - [23/Mar/2009:16:17:30 +0000] "GET /Home/Specials--60.html HTTP/1.1" 200 76817 "" "msnbot/1.1 (+http://search.msn.com/msnbot.htm)"
65.55.105.207 - - [23/Mar/2009:16:17:31 +0000] "GET /Home/__ber_uns--65.html HTTP/1.1" 200 12857 "" "msnbot/1.1 (+http://search.msn.com/msnbot.htm)"
65.55.105.207 - - [23/Mar/2009:16:17:31 +0000] "GET /Home/Details--20.html HTTP/1.1" 200 39372 "" "msnbot/1.1 (+http://search.msn.com/msnbot.htm)"
65.55.105.207 - - [23/Mar/2009:16:17:33 +0000] "GET /Home/F__r_Hotels--75.html HTTP/1.1" 200 16483 "" "msnbot/1.1 (+http://search.msn.com/msnbot.htm)"
67.195.37.170 - - [23/Mar/2009:16:18:11 +0000] "GET /Home/Details--20.html HTTP/1.1" 200 41352 "" "Mozilla/5.0 (compatible; Yahoo! Slurp/3.0; http://help.yahoo.com/help/us/ysearch/slurp)"
194.8.75.103 - - [23/Mar/2009:16:18:16 +0000] "GET /Home/Buchen--19.html HTTP/1.1" 200 23985 "http://www.sewahotel.com/de/buchen.html?pid=0&rid=0" "Mozilla/4.0 (compatible; MSIE 6.0; Windows NT 5.1; SV1; .NET CLR 1.1.4322)"
194.8.75.103 - - [23/Mar/2009:16:18:18 +0000] "GET /Home/Best__tigung--64.html HTTP/1.1" 200 22830 "http://www.sewahotel.com/de/buchen.html?pid=0&rid=0" "Mozilla/4.0 (compatible; MSIE 6.0; Windows NT 5.1; SV1; .NET CLR 1.1.4322)"
88.32.243.10 - - [23/Mar/2009:16:18:23 +0000] "GET /Home/Ergebnisse-hotel--102.html HTTP/1.1" 200 112674 "" "Mozilla/4.0 (compatible; MSIE 7.0; Windows NT 6.0; SLCC1; .NET CLR 2.0.50727; .NET CLR 3.0.04506; .NET CLR 3.5.21022)"
65.55.105.202 - - [23/Mar/2009:16:18:38 +0000] "GET /Home/Reisef__hrer_S__dtirol--80.html HTTP/1.1" 200 21407 "" "msnbot/1.1 (+http://search.msn.com/msnbot.htm)"
88.32.243.10 - - [23/Mar/2009:16:18:40 +0000] "GET /Home/Ergebnisse-hotel--102.html HTTP/1.1" 200 91035 "http://www.sewahotel.com/de/ergebnisse-hotel.html?action=get_results&hotel_id=&pid=109&rid=1&lang=de&from_day=22&from_month=05&from_year=2009&to_day=28&to_month=05&to_year=2009&to_year=2009&typ=2&verpflegung=hp&anzahl_erw=2&alterkind1=&alterkind2=&alterkind3=&kat_art=" "Mozilla/4.0 (compatible; MSIE 7.0; Windows NT 6.0; SLCC1; .NET CLR 2.0.50727; .NET CLR 3.0.04506; .NET CLR 3.5.21022)"
88.32.243.10 - - [23/Mar/2009:16:19:06 +0000] "GET /Home/Ergebnisse-hotel--102.html HTTP/1.1" 200 104118 "http://www.sewahotel.com/de/ergebnisse-hotel.html?pid=109&rid=1" "Mozilla/4.0 (compatible; MSIE 7.0; Windows NT 6.0; SLCC1; .NET CLR 2.0.50727; .NET CLR 3.0.04506; .NET CLR 3.5.21022)"
66.249.65.145 - - [23/Mar/2009:16:19:14 +0000] "GET /Home/Specials--60.html HTTP/1.1" 200 73535 "" "Mozilla/5.0 (compatible; Googlebot/2.1; +http://www.google.com/bot.html)"
67.195.37.170 - - [23/Mar/2009:16:19:15 +0000] "GET /Home/Details--20.html HTTP/1.1" 200 41911 "" "Mozilla/5.0 (compatible; Yahoo! Slurp/3.0; http://help.yahoo.com/help/us/ysearch/slurp)"
88.32.243.10 - - [23/Mar/2009:16:19:19 +0000] "GET /Home/Ergebnisse-hotel--102.html HTTP/1.1" 200 137979 "http://www.sewahotel.com/de/ergebnisse-hotel.html?pid=109&rid=1" "Mozilla/4.0 (compatible; MSIE 7.0; Windows NT 6.0; SLCC1; .NET CLR 2.0.50727; .NET CLR 3.0.04506; .NET CLR 3.5.21022)"
65.55.110.20 - - [23/Mar/2009:16:19:24 +0000] "GET /Home/Reisef__hrer_S__dtirol--80.html HTTP/1.1" 200 16289 "http://search.live.com/results.aspx?q=suedtirol" "Mozilla/4.0 (compatible; MSIE 6.0; Windows NT 5.2; SV1; .NET CLR 1.1.4322)"
72.30.65.29 - - [23/Mar/2009:16:20:02 +0000] "GET /Home/Lastminute--63.html HTTP/1.1" 200 26207 "" "Mozilla/5.0 (compatible; Yahoo! Slurp/3.0; http://help.yahoo.com/help/us/ysearch/slurp)"
65.55.110.43 - - [23/Mar/2009:16:20:13 +0000] "GET /Home/Reisef__hrer_S__d.../Schnalstal--98.html HTTP/1.1" 200 23724 "http://search.live.com/results.aspx?q=hotels" "Mozilla/4.0 (compatible; MSIE 6.0; Windows NT 5.2; SV1; .NET CLR 1.1.4322)"
65.55.105.204 - - [23/Mar/2009:16:20:16 +0000] "GET /Home/Events/Kalender--47.html HTTP/1.1" 200 4804 "" "msnbot/1.1 (+http://search.msn.com/msnbot.htm)"
194.8.75.214 - - [23/Mar/2009:16:20:19 +0000] "GET /Home/Buchen--19.html HTTP/1.1" 200 23985 "" "Mozilla/4.76 [en] (Windows NT 5.0; U)"
194.8.75.214 - - [23/Mar/2009:16:20:20 +0000] "GET /Home/Best__tigung--64.html HTTP/1.1" 200 19007 "http://www.sewahotel.com/de/buchen.html?pid=0&rid=0" "Mozilla/4.76 [en] (Windows NT 5.0; U)"
88.32.243.10 - - [23/Mar/2009:16:20:40 +0000] "GET /Home/Ergebnisse-hotel--102.html HTTP/1.1" 200 86467 "http://www.sewahotel.com/de/ergebnisse-hotel.html?pid=109&rid=1" "Mozilla/4.0 (compatible; MSIE 7.0; Windows NT 6.0; SLCC1; .NET CLR 2.0.50727; .NET CLR 3.0.04506; .NET CLR 3.5.21022)"
66.249.65.145 - - [23/Mar/2009:16:21:19 +0000] "GET /Home/Details--20.html HTTP/1.1" 200 41726 "" "Mozilla/5.0 (compatible; Googlebot/2.1; +http://www.google.com/bot.html)"
66.249.65.145 - - [23/Mar/2009:16:21:26 +0000] "GET /Home/Details--20.html HTTP/1.1" 200 38253 "" "Mozilla/5.0 (compatible; Googlebot/2.1; +http://www.google.com/bot.html)"
65.55.110.149 - - [23/Mar/2009:16:21:34 +0000] "GET /Home/Events/Kalender--47.html HTTP/1.1" 200 5062 "http://search.live.com/results.aspx?q=hotels" "Mozilla/4.0 (compatible; MSIE 6.0; Windows NT 5.2; SV1; .NET CLR 1.1.4322)"
65.55.105.194 - - [23/Mar/2009:16:22:56 +0000] "GET /Home/Finden___Buchen--2.html HTTP/1.1" 200 36628 "" "msnbot/1.1 (+http://search.msn.com/msnbot.htm)"
65.55.105.203 - - [23/Mar/2009:16:23:16 +0000] "GET /Home/Reisef__hrer_S__dtirol--80.html HTTP/1.1" 200 21407 "" "msnbot/1.1 (+http://search.msn.com/msnbot.htm)"
66.249.65.145 - - [23/Mar/2009:16:23:39 +0000] "GET /Home/Specials--60.html HTTP/1.1" 200 72577 "" "Mozilla/5.0 (compatible; Googlebot/2.1; +http://www.google.com/bot.html)"
87.25.174.19 - - [23/Mar/2009:16:23:42 +0000] "GET /Home/Details--20.html HTTP/1.1" 200 52091 "" "Mozilla/4.0 (compatible; MSIE 6.0; Windows NT 5.1; SV1; GTB5; .NET CLR 1.0.3705; .NET CLR 1.1.4322; Media Center PC 4.0)"
194.8.75.175 - - [23/Mar/2009:16:23:44 +0000] "GET /Home/Buchen--19.html HTTP/1.1" 200 23985 "http://www.sewahotel.com/de/buchen.html?pid=0&rid=0" "Mozilla/5.0 (Windows; U; Windows NT 5.0; en-GB; rv:1.8.1) Gecko/20060918 Firefox/2.0"
194.8.75.175 - - [23/Mar/2009:16:23:49 +0000] "GET /Home/Best__tigung--64.html HTTP/1.1" 200 23652 "http://www.sewahotel.com/de/buchen.html?pid=0&rid=0" "Mozilla/5.0 (Windows; U; Windows NT 5.0; en-GB; rv:1.8.1) Gecko/20060918 Firefox/2.0"
66.249.65.145 - - [23/Mar/2009:16:23:59 +0000] "GET /Home/Details--20.html HTTP/1.1" 200 41619 "" "Mozilla/5.0 (compatible; Googlebot/2.1; +http://www.google.com/bot.html)"
66.249.65.145 - - [23/Mar/2009:16:24:18 +0000] "GET /Home/Map/S__dtirols_S__den--121.html HTTP/1.1" 200 22233 "" "Mozilla/5.0 (compatible; Googlebot/2.1; +http://www.google.com/bot.html)"
66.249.65.145 - - [23/Mar/2009:16:24:19 +0000] "GET /Home/Lastminute--63.html HTTP/1.1" 200 35124 "" "Mozilla/5.0 (compatible; Googlebot/2.1; +http://www.google.com/bot.html)"
66.249.65.145 - - [23/Mar/2009:16:24:19 +0000] "GET /Home/Details--20.html HTTP/1.1" 200 55968 "" "Mozilla/5.0 (compatible; Googlebot/2.1; +http://www.google.com/bot.html)"
66.249.65.145 - - [23/Mar/2009:16:24:20 +0000] "GET /Home/Lastminute--63.html HTTP/1.1" 200 35015 "" "Mozilla/5.0 (compatible; Googlebot/2.1; +http://www.google.com/bot.html)"
66.249.65.145 - - [23/Mar/2009:16:24:21 +0000] "GET /Home/Map/Eisacktal--120.html HTTP/1.1" 200 20978 "" "Mozilla/5.0 (compatible; Googlebot/2.1; +http://www.google.com/bot.html)"
66.249.65.145 - - [23/Mar/2009:16:24:21 +0000] "GET /Home/Details--20.html HTTP/1.1" 200 62464 "" "Mozilla/5.0 (compatible; Googlebot/2.1; +http://www.google.com/bot.html)"
66.249.65.145 - - [23/Mar/2009:16:24:22 +0000] "GET /Home/Map/Dolomiten--122.html HTTP/1.1" 200 22487 "" "Mozilla/5.0 (compatible; Googlebot/2.1; +http://www.google.com/bot.html)"
66.249.65.145 - - [23/Mar/2009:16:24:23 +0000] "GET /Home/Details--20.html HTTP/1.1" 200 50044 "" "Mozilla/5.0 (compatible; Googlebot/2.1; +http://www.google.com/bot.html)"
66.249.65.145 - - [23/Mar/2009:16:24:24 +0000] "GET /Home/Lastminute--63.html HTTP/1.1" 200 34726 "" "Mozilla/5.0 (compatible; Googlebot/2.1; +http://www.google.com/bot.html)"
66.249.65.145 - - [23/Mar/2009:16:24:25 +0000] "GET /Home/Map/__sterreich--123.html HTTP/1.1" 200 17385 "" "Mozilla/5.0 (compatible; Googlebot/2.1; +http://www.google.com/bot.html)"
66.249.65.145 - - [23/Mar/2009:16:24:25 +0000] "GET /Home/Map/Meraner_Land--131.html HTTP/1.1" 200 27009 "" "Mozilla/5.0 (compatible; Googlebot/2.1; +http://www.google.com/bot.html)"
66.249.65.145 - - [23/Mar/2009:16:24:26 +0000] "GET /Home/Map/Vinschgau--119.html HTTP/1.1" 200 19664 "" "Mozilla/5.0 (compatible; Googlebot/2.1; +http://www.google.com/bot.html)"
66.249.65.145 - - [23/Mar/2009:16:24:27 +0000] "GET /Home/Map/Ahrntal--118.html HTTP/1.1" 200 19655 "" "Mozilla/5.0 (compatible; Googlebot/2.1; +http://www.google.com/bot.html)"
66.249.65.145 - - [23/Mar/2009:16:24:27 +0000] "GET /Home/Details--20.html HTTP/1.1" 200 62435 "" "Mozilla/5.0 (compatible; Googlebot/2.1; +http://www.google.com/bot.html)"
66.249.65.145 - - [23/Mar/2009:16:24:28 +0000] "GET /Home/Lastminute--63.html HTTP/1.1" 200 35472 "" "Mozilla/5.0 (compatible; Googlebot/2.1; +http://www.google.com/bot.html)"
83.233.30.104 - - [23/Mar/2009:16:25:17 +0000] "GET /Home/Details-hotel--105.html HTTP/1.1" 200 45246 "http://www.sewahotel.com/de/details-hotel.html" "Mozilla/4.0 (compatible; MSIE 6.0; Windows NT 5.1; SV1; .NET CLR 1.1.4322)"
131.107.151.157 - - [23/Mar/2009:16:25:23 +0000] "GET /Home/Reisef__hrer_S__dtirol--80.html HTTP/1.1" 200 16289 "" "Mozilla/4.0 (compatible; MSIE 6.0; Windows NT 5.1; SV1)"
67.195.37.170 - - [23/Mar/2009:16:25:27 +0000] "GET /Home/Unsere_Hotels/Tauferer_Ahrntal--58.html HTTP/1.1" 200 22368 "" "Mozilla/5.0 (compatible; Yahoo! Slurp; http://help.yahoo.com/help/us/ysearch/slurp)"
66.249.65.145 - - [23/Mar/2009:16:25:54 +0000] "GET /Home/Specials--60.html HTTP/1.1" 200 60042 "" "Mozilla/5.0 (compatible; Googlebot/2.1; +http://www.google.com/bot.html)"
66.249.65.145 - - [23/Mar/2009:16:26:40 +0000] "GET /Home/Unsere_Hotels/Vinschgau--57.html HTTP/1.1" 200 26475 "" "Mozilla/5.0 (compatible; Googlebot/2.1; +http://www.google.com/bot.html)"
194.8.75.245 - - [23/Mar/2009:16:27:30 +0000] "GET /Home/Buchen--19.html HTTP/1.1" 200 23985 "" "Mozilla/4.0 (compatible; MSIE 6.0; Windows NT 5.1; FREE; .NET CLR 1.1.4322)"
194.8.75.239 - - [23/Mar/2009:16:27:31 +0000] "GET /Home/Buchen--19.html HTTP/1.1" 200 23985 "" "Mozilla/4.0 (compatible; MSIE 6.0; Windows NT 5.0; .NET CLR 1.0.3705; .NET CLR 1.1.4322)"
194.8.75.239 - - [23/Mar/2009:16:27:31 +0000] "GET /Home/Best__tigung--64.html HTTP/1.1" 200 19311 "http://www.sewahotel.com/de/buchen.html?pid=0&rid=0" "Mozilla/4.0 (compatible; MSIE 6.0; Windows NT 5.0; .NET CLR 1.0.3705; .NET CLR 1.1.4322)"
194.8.75.245 - - [23/Mar/2009:16:27:37 +0000] "GET /Home/Best__tigung--64.html HTTP/1.1" 200 18902 "http://www.sewahotel.com/de/buchen.html?pid=0&rid=0" "Mozilla/4.0 (compatible; MSIE 6.0; Windows NT 5.1; FREE; .NET CLR 1.1.4322)"
66.249.65.145 - - [23/Mar/2009:16:28:07 +0000] "GET /Home/Specials--60.html HTTP/1.1" 200 33901 "" "Mozilla/5.0 (compatible; Googlebot/2.1; +http://www.google.com/bot.html)"
72.30.65.29 - - [23/Mar/2009:16:28:07 +0000] "GET /Home/Details--20.html HTTP/1.1" 200 47365 "" "Mozilla/5.0 (compatible; Yahoo! Slurp/3.0; http://help.yahoo.com/help/us/ysearch/slurp)"
66.249.65.145 - - [23/Mar/2009:16:30:19 +0000] "GET /Home/Details--20.html HTTP/1.1" 200 44930 "" "Mozilla/5.0 (compatible; Googlebot/2.1; +http://www.google.com/bot.html)"
65.55.105.203 - - [23/Mar/2009:16:30:39 +0000] "GET /Home/Specials--60.html HTTP/1.1" 200 48570 "" "msnbot/1.1 (+http://search.msn.com/msnbot.htm)"
72.30.65.29 - - [23/Mar/2009:16:30:39 +0000] "GET /Home/Details--20.html HTTP/1.1" 200 37362 "" "Mozilla/5.0 (compatible; Yahoo! Slurp/3.0; http://help.yahoo.com/help/us/ysearch/slurp)"
67.195.37.170 - - [23/Mar/2009:16:31:10 +0000] "GET /Home--1.html HTTP/1.1" 200 25304 "" "Mozilla/5.0 (compatible; Yahoo! Slurp; http://help.yahoo.com/help/us/ysearch/slurp)"
194.8.75.103 - - [23/Mar/2009:16:31:49 +0000] "GET /Home/Buchen--19.html HTTP/1.1" 200 23985 "http://www.sewahotel.com/de/buchen.html?pid=0&rid=0" "Opera/9.0 (Windows NT 5.1; U; en)"
194.8.75.103 - - [23/Mar/2009:16:31:53 +0000] "GET /Home/Best__tigung--64.html HTTP/1.1" 200 23799 "http://www.sewahotel.com/de/buchen.html?pid=0&rid=0" "Opera/9.0 (Windows NT 5.1; U; en)"
66.249.65.145 - - [23/Mar/2009:16:32:01 +0000] "GET /Home/Details--20.html HTTP/1.1" 200 29586 "" "Mozilla/5.0 (compatible; Googlebot/2.1; +http://www.google.com/bot.html)"
66.249.65.145 - - [23/Mar/2009:16:32:30 +0000] "GET /Home/Specials--60.html HTTP/1.1" 200 33520 "" "Mozilla/5.0 (compatible; Googlebot/2.1; +http://www.google.com/bot.html)"
67.195.37.170 - - [23/Mar/2009:16:34:15 +0000] "GET /Home/Wetter/Aktuelles_Wetter--44.html HTTP/1.1" 200 12182 "" "Mozilla/5.0 (compatible; Yahoo! Slurp; http://help.yahoo.com/help/us/ysearch/slurp)"
67.195.37.170 - - [23/Mar/2009:16:34:24 +0000] "GET /Home/Details--20.html HTTP/1.1" 200 41247 "" "Mozilla/5.0 (compatible; Yahoo! Slurp; http://help.yahoo.com/help/us/ysearch/slurp)"
66.249.65.145 - - [23/Mar/2009:16:34:43 +0000] "GET /Home/Details--20.html HTTP/1.1" 200 54199 "" "Mozilla/5.0 (compatible; Googlebot/2.1; +http://www.google.com/bot.html)"
65.55.105.205 - - [23/Mar/2009:16:34:50 +0000] "GET /Home/Wetter/Bergwetter--42.html HTTP/1.1" 200 10029 "" "msnbot/1.1 (+http://search.msn.com/msnbot.htm)"
72.30.65.29 - - [23/Mar/2009:16:35:31 +0000] "GET /Home/Lastminute--63.html HTTP/1.1" 200 32206 "" "Mozilla/5.0 (compatible; Yahoo! Slurp/3.0; http://help.yahoo.com/help/us/ysearch/slurp)"
131.107.151.157 - - [23/Mar/2009:16:36:32 +0000] "GET /Home/Wetter/Bergwetter--42.html HTTP/1.1" 200 10076 "" "Mozilla/4.0 (compatible; MSIE 6.0; Windows NT 5.1; SV1)"
66.249.65.145 - - [23/Mar/2009:16:36:55 +0000] "GET /Home/Details--20.html HTTP/1.1" 200 48450 "" "Mozilla/5.0 (compatible; Googlebot/2.1; +http://www.google.com/bot.html)"
62.143.15.57 - - [23/Mar/2009:16:37:05 +0000] "GET /Home/Details--20.html HTTP/1.1" 200 52858 "" "Mozilla/4.0 (compatible; MSIE 7.0; Windows NT 5.1; .NET CLR 1.1.4322)"
62.180.109.198 - - [23/Mar/2009:16:37:37 +0000] "GET /Home/Wetter/Wetter_Vorschau--43.html HTTP/1.1" 200 11483 "" "Mozilla/5.0 (Windows; U; Windows NT 5.1; de; rv:1.9.0.7) Gecko/2009021910 Firefox/3.0.7"
65.55.105.208 - - [23/Mar/2009:16:38:06 +0000] "GET /Home/Lastminute--63.html HTTP/1.1" 200 31649 "" "msnbot/1.1 (+http://search.msn.com/msnbot.htm)"
65.55.105.208 - - [23/Mar/2009:16:38:09 +0000] "GET /Home--1.html HTTP/1.1" 200 25208 "" "msnbot/1.1 (+http://search.msn.com/msnbot.htm)"
66.249.65.145 - - [23/Mar/2009:16:39:12 +0000] "GET /Home/Specials--60.html HTTP/1.1" 200 49314 "" "Mozilla/5.0 (compatible; Googlebot/2.1; +http://www.google.com/bot.html)"
67.195.37.170 - - [23/Mar/2009:16:39:21 +0000] "GET /Home/Details--20.html HTTP/1.1" 200 43724 "" "Mozilla/5.0 (compatible; Yahoo! Slurp/3.0; http://help.yahoo.com/help/us/ysearch/slurp)"
194.8.74.11 - - [23/Mar/2009:16:39:35 +0000] "GET /Home/Buchen--19.html HTTP/1.1" 200 23985 "" "Mozilla/4.0 (compatible; MSIE 6.0; Windows 98; Win 9x 4.90; Creative)"
194.8.74.11 - - [23/Mar/2009:16:39:39 +0000] "GET /Home/Best__tigung--64.html HTTP/1.1" 200 27464 "http://www.sewahotel.com/de/buchen.html?pid=0&rid=0" "Mozilla/4.0 (compatible; MSIE 6.0; Windows 98; Win 9x 4.90; Creative)"
65.55.105.205 - - [23/Mar/2009:16:39:48 +0000] "GET /Home/__ber_uns--65.html HTTP/1.1" 200 12330 "" "msnbot/1.1 (+http://search.msn.com/msnbot.htm)"
65.55.105.208 - - [23/Mar/2009:16:39:52 +0000] "GET /Home--1.html HTTP/1.1" 200 25353 "" "msnbot/1.1 (+http://search.msn.com/msnbot.htm)"
65.55.105.206 - - [23/Mar/2009:16:40:00 +0000] "GET /Home/Wetter/Aktuelles_Wetter--44.html HTTP/1.1" 200 12012 "" "msnbot/1.1 (+http://search.msn.com/msnbot.htm)"
66.249.65.145 - - [23/Mar/2009:16:40:02 +0000] "GET /Home/Unsere_Hotels/__sterreich--79.html HTTP/1.1" 200 16251 "" "Mozilla/5.0 (compatible; Googlebot/2.1; +http://www.google.com/bot.html)"
65.55.105.202 - - [23/Mar/2009:16:41:08 +0000] "GET /Home/Lastminute--63.html HTTP/1.1" 200 25079 "" "msnbot/1.1 (+http://search.msn.com/msnbot.htm)"
194.8.75.175 - - [23/Mar/2009:16:41:16 +0000] "GET /Home/Buchen--19.html HTTP/1.1" 200 23985 "http://www.sewahotel.com/de/buchen.html?pid=0&rid=0" "Mozilla/4.0 (compatible; MSIE 4.01; Digital AlphaServer 1000A 4/233; Windows NT; Powered By 64-Bit Alpha Processor)"
194.8.75.175 - - [23/Mar/2009:16:41:23 +0000] "GET /Home/Best__tigung--64.html HTTP/1.1" 200 23482 "http://www.sewahotel.com/de/buchen.html?pid=0&rid=0" "Mozilla/4.0 (compatible; MSIE 4.01; Digital AlphaServer 1000A 4/233; Windows NT; Powered By 64-Bit Alpha Processor)"
66.249.65.145 - - [23/Mar/2009:16:41:23 +0000] "GET /Home/Details--20.html HTTP/1.1" 200 46165 "" "Mozilla/5.0 (compatible; Googlebot/2.1; +http://www.google.com/bot.html)"
194.8.75.44 - - [23/Mar/2009:16:41:30 +0000] "GET /Home/Buchen--19.html HTTP/1.1" 200 23985 "" "Opera/9.0 (Windows NT 5.1; U; en)"
194.8.75.44 - - [23/Mar/2009:16:41:35 +0000] "GET /Home/Best__tigung--64.html HTTP/1.1" 200 19899 "http://www.sewahotel.com/de/buchen.html?pid=0&rid=0" "Opera/9.0 (Windows NT 5.1; U; en)"
72.30.65.29 - - [23/Mar/2009:16:41:58 +0000] "GET /Home/Specials--60.html HTTP/1.1" 200 13755 "" "Mozilla/5.0 (compatible; Yahoo! Slurp/3.0; http://help.yahoo.com/help/us/ysearch/slurp)"
66.249.65.145 - - [23/Mar/2009:16:42:43 +0000] "GET /Home/Reisef__hrer_S__dtirol--80.html HTTP/1.1" 200 21407 "" "Mozilla/5.0 (compatible; Googlebot/2.1; +http://www.google.com/bot.html)"
84.183.252.64 - - [23/Mar/2009:16:42:46 +0000] "GET /Home/Details--20.html HTTP/1.1" 200 42353 "http://www.google.de/search?hl=de&q=Hotel+Traubenheim+Nals&btnG=Google-Suche&meta=" "Mozilla/5.0 (Windows; U; Windows NT 5.1; de; rv:1.9.0.7) Gecko/2009021910 Firefox/3.0.7"
194.8.74.11 - - [23/Mar/2009:16:43:20 +0000] "GET /Home/Buchen--19.html HTTP/1.1" 200 23985 "" "Mozilla/4.0 (compatible; MSIE 6.0; Windows XP)"
194.8.74.11 - - [23/Mar/2009:16:43:26 +0000] "GET /Home/Best__tigung--64.html HTTP/1.1" 200 28046 "http://www.sewahotel.com/de/buchen.html?pid=0&rid=0" "Mozilla/4.0 (compatible; MSIE 6.0; Windows XP)"
66.249.65.145 - - [23/Mar/2009:16:43:35 +0000] "GET /Home/Details--20.html HTTP/1.1" 200 44617 "" "Mozilla/5.0 (compatible; Googlebot/2.1; +http://www.google.com/bot.html)"
65.55.105.209 - - [23/Mar/2009:16:43:48 +0000] "GET /Home/Specials--60.html HTTP/1.1" 200 65460 "" "msnbot/1.1 (+http://search.msn.com/msnbot.htm)"
65.55.105.209 - - [23/Mar/2009:16:43:49 +0000] "GET /Home/Details--20.html HTTP/1.1" 200 57481 "" "msnbot/1.1 (+http://search.msn.com/msnbot.htm)"
65.55.105.209 - - [23/Mar/2009:16:43:51 +0000] "GET /Home/Specials--60.html HTTP/1.1" 200 34775 "" "msnbot/1.1 (+http://search.msn.com/msnbot.htm)"
65.55.105.209 - - [23/Mar/2009:16:43:58 +0000] "GET /Home/Specials--60.html HTTP/1.1" 200 36306 "" "msnbot/1.1 (+http://search.msn.com/msnbot.htm)"
77.179.130.249 - - [23/Mar/2009:16:44:12 +0000] "GET /Home/Details--20.html HTTP/1.1" 200 40013 "" "Mozilla/4.0 (compatible; MSIE 8.0; Windows NT 5.1; Trident/4.0; .NET CLR 2.0.50727; InfoPath.2; .NET CLR 3.0.4506.2152; .NET CLR 3.5.30729)"
208.115.111.248 - - [23/Mar/2009:16:44:13 +0000] "GET /Home/Anfrage--112.html HTTP/1.1" 200 17675 "" "Mozilla/5.0 (compatible; DotBot/1.1; http://www.dotnetdotcom.org/, crawler@dotnetdotcom.org)"
208.115.111.248 - - [23/Mar/2009:16:44:17 +0000] "GET /Home/Anfrage--112.html HTTP/1.1" 200 17675 "" "Mozilla/5.0 (compatible; DotBot/1.1; http://www.dotnetdotcom.org/, crawler@dotnetdotcom.org)"
208.115.111.248 - - [23/Mar/2009:16:44:21 +0000] "GET /Home/Anfrage--112.html HTTP/1.1" 200 17675 "" "Mozilla/5.0 (compatible; DotBot/1.1; http://www.dotnetdotcom.org/, crawler@dotnetdotcom.org)"
208.115.111.248 - - [23/Mar/2009:16:44:25 +0000] "GET /Home/Anfrage--112.html HTTP/1.1" 200 17675 "" "Mozilla/5.0 (compatible; DotBot/1.1; http://www.dotnetdotcom.org/, crawler@dotnetdotcom.org)"
208.115.111.248 - - [23/Mar/2009:16:44:29 +0000] "GET /Home/Anfrage--112.html HTTP/1.1" 200 17675 "" "Mozilla/5.0 (compatible; DotBot/1.1; http://www.dotnetdotcom.org/, crawler@dotnetdotcom.org)"
208.115.111.248 - - [23/Mar/2009:16:44:34 +0000] "GET /Home/Anfrage--112.html HTTP/1.1" 200 17675 "" "Mozilla/5.0 (compatible; DotBot/1.1; http://www.dotnetdotcom.org/, crawler@dotnetdotcom.org)"
65.55.105.204 - - [23/Mar/2009:16:44:37 +0000] "GET /Home/Specials/Wanderurlaub--106.html HTTP/1.1" 200 46249 "" "msnbot/1.1 (+http://search.msn.com/msnbot.htm)"
208.115.111.248 - - [23/Mar/2009:16:44:38 +0000] "GET /Home/Anfrage--112.html HTTP/1.1" 200 17675 "" "Mozilla/5.0 (compatible; DotBot/1.1; http://www.dotnetdotcom.org/, crawler@dotnetdotcom.org)"
208.115.111.248 - - [23/Mar/2009:16:44:43 +0000] "GET /Home/Anfrage--112.html HTTP/1.1" 200 17675 "" "Mozilla/5.0 (compatible; DotBot/1.1; http://www.dotnetdotcom.org/, crawler@dotnetdotcom.org)"
65.55.110.171 - - [23/Mar/2009:16:44:45 +0000] "GET /Home/Lastminute--63.html HTTP/1.1" 200 27343 "http://search.live.com/results.aspx?q=hotels" "Mozilla/4.0 (compatible; MSIE 6.0; Windows NT 5.2; SV1; .NET CLR 1.1.4322)"
208.115.111.248 - - [23/Mar/2009:16:44:49 +0000] "GET /Home/Anfrage--112.html HTTP/1.1" 200 17675 "" "Mozilla/5.0 (compatible; DotBot/1.1; http://www.dotnetdotcom.org/, crawler@dotnetdotcom.org)"
208.115.111.248 - - [23/Mar/2009:16:44:54 +0000] "GET /Home/Anfrage--112.html HTTP/1.1" 200 17675 "" "Mozilla/5.0 (compatible; DotBot/1.1; http://www.dotnetdotcom.org/, crawler@dotnetdotcom.org)"
66.249.65.145 - - [23/Mar/2009:16:45:46 +0000] "GET /Home/Details--20.html HTTP/1.1" 200 44930 "" "Mozilla/5.0 (compatible; Googlebot/2.1; +http://www.google.com/bot.html)"
67.195.37.170 - - [23/Mar/2009:16:46:47 +0000] "GET /Home/Lastminute--63.html HTTP/1.1" 200 23971 "" "Mozilla/5.0 (compatible; Yahoo! Slurp; http://help.yahoo.com/help/us/ysearch/slurp)"
66.249.65.145 - - [23/Mar/2009:16:47:58 +0000] "GET /Home/Details--20.html HTTP/1.1" 200 54482 "" "Mozilla/5.0 (compatible; Googlebot/2.1; +http://www.google.com/bot.html)"
66.249.65.145 - - [23/Mar/2009:16:48:04 +0000] "GET /Home/F__r_Hotels--75.html HTTP/1.1" 200 16280 "" "Mozilla/5.0 (compatible; Googlebot/2.1; +http://www.google.com/bot.html)"
65.55.105.208 - - [23/Mar/2009:16:48:36 +0000] "GET /Home/Details--20.html HTTP/1.1" 200 53443 "" "msnbot/1.1 (+http://search.msn.com/msnbot.htm)"
66.249.65.145 - - [23/Mar/2009:16:49:02 +0000] "GET /Home/Details--20.html HTTP/1.1" 200 62852 "" "Mozilla/5.0 (compatible; Googlebot/2.1; +http://www.google.com/bot.html)"
66.249.65.145 - - [23/Mar/2009:16:49:03 +0000] "GET /Home/Details--20.html HTTP/1.1" 200 62689 "" "Mozilla/5.0 (compatible; Googlebot/2.1; +http://www.google.com/bot.html)"
66.249.65.145 - - [23/Mar/2009:16:49:05 +0000] "GET /Home/Details--20.html HTTP/1.1" 200 61520 "" "Mozilla/5.0 (compatible; Googlebot/2.1; +http://www.google.com/bot.html)"
66.249.65.145 - - [23/Mar/2009:16:49:06 +0000] "GET /Home/Details--20.html HTTP/1.1" 200 61789 "" "Mozilla/5.0 (compatible; Googlebot/2.1; +http://www.google.com/bot.html)"
66.249.65.145 - - [23/Mar/2009:16:49:07 +0000] "GET /Home/Details--20.html HTTP/1.1" 200 57802 "" "Mozilla/5.0 (compatible; Googlebot/2.1; +http://www.google.com/bot.html)"
66.249.65.145 - - [23/Mar/2009:16:49:08 +0000] "GET /Home/Details--20.html HTTP/1.1" 200 55569 "" "Mozilla/5.0 (compatible; Googlebot/2.1; +http://www.google.com/bot.html)"
83.233.30.104 - - [23/Mar/2009:16:49:12 +0000] "GET /Home/Details-hotel--105.html HTTP/1.1" 200 45249 "http://www.sewahotel.com/de/details-hotel.html" "Mozilla/4.0 (compatible; MSIE 6.0; Windows NT 5.1; SV1; .NET CLR 1.1.4322)"
66.249.65.145 - - [23/Mar/2009:16:49:13 +0000] "GET /Home/Details--20.html HTTP/1.1" 200 58149 "" "Mozilla/5.0 (compatible; Googlebot/2.1; +http://www.google.com/bot.html)"
66.249.65.145 - - [23/Mar/2009:16:49:15 +0000] "GET /Home/__ber_uns--65.html HTTP/1.1" 200 12330 "" "Mozilla/5.0 (compatible; Googlebot/2.1; +http://www.google.com/bot.html)"
66.249.65.145 - - [23/Mar/2009:16:49:16 +0000] "GET /Home/Details--20.html HTTP/1.1" 200 58690 "" "Mozilla/5.0 (compatible; Googlebot/2.1; +http://www.google.com/bot.html)"
66.249.65.145 - - [23/Mar/2009:16:49:18 +0000] "GET /Home/Details--20.html HTTP/1.1" 200 57774 "" "Mozilla/5.0 (compatible; Googlebot/2.1; +http://www.google.com/bot.html)"
66.249.65.145 - - [23/Mar/2009:16:49:19 +0000] "GET /Home/Details--20.html HTTP/1.1" 200 58213 "" "Mozilla/5.0 (compatible; Googlebot/2.1; +http://www.google.com/bot.html)"
66.249.65.145 - - [23/Mar/2009:16:49:20 +0000] "GET /Home/Details--20.html HTTP/1.1" 200 61477 "" "Mozilla/5.0 (compatible; Googlebot/2.1; +http://www.google.com/bot.html)"
66.249.65.145 - - [23/Mar/2009:16:49:21 +0000] "GET /Home/Details--20.html HTTP/1.1" 200 57705 "" "Mozilla/5.0 (compatible; Googlebot/2.1; +http://www.google.com/bot.html)"
66.249.65.145 - - [23/Mar/2009:16:49:23 +0000] "GET /Home/Details--20.html HTTP/1.1" 200 58132 "" "Mozilla/5.0 (compatible; Googlebot/2.1; +http://www.google.com/bot.html)"
66.249.65.145 - - [23/Mar/2009:16:49:24 +0000] "GET /Home/Details--20.html HTTP/1.1" 200 58343 "" "Mozilla/5.0 (compatible; Googlebot/2.1; +http://www.google.com/bot.html)"
87.2.251.167 - - [23/Mar/2009:16:49:47 +0000] "GET /Home/Details--20.html HTTP/1.1" 200 47237 "" "Mozilla/4.0 (compatible; MSIE 7.0; Windows NT 6.0; GTB5; SLCC1; .NET CLR 2.0.50727; Media Center PC 5.0; .NET CLR 3.0.04506)"
87.2.251.167 - - [23/Mar/2009:16:50:09 +0000] "GET /Home--1.html HTTP/1.1" 200 25210 "http://www.sewahotel.com/de/details.html?pid=11&rid=lang=de&hotel_id=366" "Mozilla/4.0 (compatible; MSIE 7.0; Windows NT 6.0; GTB5; SLCC1; .NET CLR 2.0.50727; Media Center PC 5.0; .NET CLR 3.0.04506)"
66.249.65.145 - - [23/Mar/2009:16:50:13 +0000] "GET /Home/Details--20.html HTTP/1.1" 200 62464 "" "Mozilla/5.0 (compatible; Googlebot/2.1; +http://www.google.com/bot.html)"
66.249.65.145 - - [23/Mar/2009:16:50:43 +0000] "GET /Home/Anfrage--112.html HTTP/1.1" 200 17675 "" "Mozilla/5.0 (compatible; Googlebot/2.1; +http://www.google.com/bot.html)"
65.55.105.202 - - [23/Mar/2009:16:52:07 +0000] "GET /Home--1.html HTTP/1.1" 200 25183 "" "msnbot/1.1 (+http://search.msn.com/msnbot.htm)"
66.249.65.145 - - [23/Mar/2009:16:52:29 +0000] "GET /Home/Details--20.html HTTP/1.1" 200 55065 "" "Mozilla/5.0 (compatible; Googlebot/2.1; +http://www.google.com/bot.html)"
65.55.105.194 - - [23/Mar/2009:16:52:34 +0000] "GET /Home/Anfrage--112.html HTTP/1.1" 200 17621 "" "msnbot/1.1 (+http://search.msn.com/msnbot.htm)"
85.0.151.209 - - [23/Mar/2009:16:52:57 +0000] "GET /Home/Details--20.html HTTP/1.1" 200 49331 "http://images.google.ch/imgres?imgurl=http://www.suedtirol-information.com/img/thumb-8aeefc0674f438b33ec4226d0f8904bd.jpg&imgrefurl=http://www.sewahotel.com/de/details.html%3Fpid%3D11%26rid%3D62%26lang%3Dde%26hotel_id%3D206&usg=__tX07DaWfCQn1mqMIqBb3-CKg3Ao=&h=50&w=67&sz=2&hl=de&start=4&um=1&tbnid=HuRfa7PIa3-YOM:&tbnh=49&tbnw=66&prev=/images%3Fq%3Derika%2Bzielspitz%26hl%3Dde%26sa%3DN%26um%3D1" "Mozilla/4.0 (compatible; MSIE 6.0; Windows NT 5.1; SV1; .NET CLR 1.1.4322)"
66.249.65.145 - - [23/Mar/2009:16:53:23 +0000] "GET /Home/Specials--60.html HTTP/1.1" 200 13755 "" "Mozilla/5.0 (compatible; Googlebot/2.1; +http://www.google.com/bot.html)"
65.55.105.209 - - [23/Mar/2009:16:53:44 +0000] "GET /Home/Specials--60.html HTTP/1.1" 200 47037 "" "msnbot/1.1 (+http://search.msn.com/msnbot.htm)"
65.55.105.209 - - [23/Mar/2009:16:53:45 +0000] "GET /Home/Details--20.html HTTP/1.1" 200 50123 "" "msnbot/1.1 (+http://search.msn.com/msnbot.htm)"
66.249.65.145 - - [23/Mar/2009:16:54:40 +0000] "GET /Home/Specials--60.html HTTP/1.1" 200 22160 "" "Mozilla/5.0 (compatible; Googlebot/2.1; +http://www.google.com/bot.html)"
151.50.165.148 - - [23/Mar/2009:16:54:48 +0000] "GET /Home/Details--20.html HTTP/1.1" 200 49056 "http://www.meinsuedtirol.com/Appartamento-Vacanza-Plan-De-Corones-Sankt-Vigil-.3013.0.0.1240.1.html" "Mozilla/5.0 (Windows; U; Windows NT 5.1; it; rv:1.9.0.7) Gecko/2009021910 Firefox/3.0.7"
65.55.105.205 - - [23/Mar/2009:16:55:02 +0000] "GET /Home--1.html HTTP/1.1" 200 25019 "" "msnbot/1.1 (+http://search.msn.com/msnbot.htm)"
72.30.65.29 - - [23/Mar/2009:16:55:41 +0000] "GET /Home/Wetter/Aktuelles_Wetter--44.html HTTP/1.1" 200 12012 "" "Mozilla/5.0 (compatible; Yahoo! Slurp/3.0; http://help.yahoo.com/help/us/ysearch/slurp)"
66.249.65.145 - - [23/Mar/2009:16:56:03 +0000] "GET /Home/F__r_Hotels--75.html HTTP/1.1" 200 16354 "" "Mozilla/5.0 (compatible; Googlebot/2.1; +http://www.google.com/bot.html)"
88.131.106.15 - - [23/Mar/2009:16:56:16 +0000] "GET /Home--1.html HTTP/1.1" 200 25304 "" "Speedy Spider (http://www.entireweb.com/about/search_tech/speedy_spider/)"
66.249.65.145 - - [23/Mar/2009:16:56:51 +0000] "GET /Home/Details--20.html HTTP/1.1" 200 42450 "" "Mozilla/5.0 (compatible; Googlebot/2.1; +http://www.google.com/bot.html)"
217.31.112.66 - - [23/Mar/2009:16:56:58 +0000] "GET /Home--1.html HTTP/1.1" 200 25304 "http://www.meinsuedtirol.com/Velturno-.116.1.html" "Mozilla/4.0 (compatible; MSIE 7.0; Windows NT 5.1; .NET CLR 1.1.4322; .NET CLR 2.0.50727; .NET CLR 3.0.04506.30; InfoPath.2; .NET CLR 3.0.04506.648; .NET CLR 3.0.4506.2152; .NET CLR 3.5.30729)"
72.30.65.29 - - [23/Mar/2009:16:57:41 +0000] "GET /Home/Specials--60.html HTTP/1.1" 200 15647 "" "Mozilla/5.0 (compatible; Yahoo! Slurp/3.0; http://help.yahoo.com/help/us/ysearch/slurp)"
65.55.105.194 - - [23/Mar/2009:16:57:42 +0000] "GET /Home/F__r_Hotels/Hoteliersbereich--146.html HTTP/1.1" 200 0 "" "msnbot/1.1 (+http://search.msn.com/msnbot.htm)"
66.249.65.145 - - [23/Mar/2009:16:59:03 +0000] "GET /Home/Specials--60.html HTTP/1.1" 200 69638 "" "Mozilla/5.0 (compatible; Googlebot/2.1; +http://www.google.com/bot.html)"
83.76.235.43 - - [23/Mar/2009:16:59:57 +0000] "GET /Home/Details--20.html HTTP/1.1" 200 44725 "" "Mozilla/4.0 (compatible; MSIE 7.0; Windows NT 5.1; .NET CLR 1.1.4322; .NET CLR 2.0.50727)"
194.8.75.175 - - [23/Mar/2009:17:00:43 +0000] "GET /Home/Buchen--19.html HTTP/1.1" 200 23985 "http://www.sewahotel.com/de/buchen.html?pid=0&rid=0" "Mozilla/4.0 (compatible; MSIE 6.0; Windows NT) ::ELNSB50::000061100320025802a00111000000000507000900000000"
194.8.75.175 - - [23/Mar/2009:17:00:45 +0000] "GET /Home/Best__tigung--64.html HTTP/1.1" 200 23646 "http://www.sewahotel.com/de/buchen.html?pid=0&rid=0" "Mozilla/4.0 (compatible; MSIE 6.0; Windows NT) ::ELNSB50::000061100320025802a00111000000000507000900000000"
66.249.65.145 - - [23/Mar/2009:17:01:14 +0000] "GET /Home/Details--20.html HTTP/1.1" 200 42436 "" "Mozilla/5.0 (compatible; Googlebot/2.1; +http://www.google.com/bot.html)"
66.249.65.145 - - [23/Mar/2009:17:01:21 +0000] "GET /Home--1.html HTTP/1.1" 200 25193 "" "Mozilla/5.0 (compatible; Googlebot/2.1; +http://www.google.com/bot.html)"
65.55.105.202 - - [23/Mar/2009:17:02:18 +0000] "GET /Home/Finden___Buchen--2.html HTTP/1.1" 200 37923 "" "msnbot/1.1 (+http://search.msn.com/msnbot.htm)"
62.123.185.225 - - [23/Mar/2009:17:02:42 +0000] "GET /Home/Details--20.html HTTP/1.1" 200 43432 "" "Mozilla/4.0 (compatible; MSIE 6.0; Windows NT 5.1; SV1; .NET CLR 1.1.4322; .NET CLR 2.0.50727)"
66.249.65.145 - - [23/Mar/2009:17:03:36 +0000] "GET /Home/Details--20.html HTTP/1.1" 200 54895 "" "Mozilla/5.0 (compatible; Googlebot/2.1; +http://www.google.com/bot.html)"
