208.115.111.248 - - [23/Mar/2009:09:35:27 +0000] "GET /Home--1.html HTTP/1.1" 200 25353 "" "Mozilla/5.0 (compatible; DotBot/1.1; http://www.dotnetdotcom.org/, crawler@dotnetdotcom.org)"
38.105.244.51 - - [23/Mar/2009:09:36:30 +0000] "GET /Home--1.html HTTP/1.1" 200 25304 "" "Mozilla/5.0 (X11; U; Linux x86_64; en-US; rv:1.8.1.16) Gecko/20080702 Iceweasel/2.0.0.16 (Debian-2.0.0.16-0etch1)"
67.195.37.170 - - [23/Mar/2009:09:36:51 +0000] "GET /Home/Details--20.html HTTP/1.1" 200 41583 "" "Mozilla/5.0 (compatible; Yahoo! Slurp/3.0; http://help.yahoo.com/help/us/ysearch/slurp)"
66.249.65.145 - - [23/Mar/2009:09:37:19 +0000] "GET /Home/Details--20.html HTTP/1.1" 200 43908 "" "Mozilla/5.0 (compatible; Googlebot/2.1; +http://www.google.com/bot.html)"
66.249.65.145 - - [23/Mar/2009:09:37:32 +0000] "GET /Home/Map/S__dtirols_S__den--121.html HTTP/1.1" 200 23469 "" "Mozilla/5.0 (compatible; Googlebot/2.1; +http://www.google.com/bot.html)"
72.30.65.29 - - [23/Mar/2009:09:38:09 +0000] "GET /Home/Details--20.html HTTP/1.1" 200 60058 "" "Mozilla/5.0 (compatible; Yahoo! Slurp/3.0; http://help.yahoo.com/help/us/ysearch/slurp)"
66.249.65.145 - - [23/Mar/2009:09:38:09 +0000] "GET /Home/F__r_Hotels/Informationen_zu_sewahotel.com--78.html HTTP/1.1" 200 13726 "" "Mozilla/5.0 (compatible; Googlebot/2.1; +http://www.google.com/bot.html)"
66.249.65.145 - - [23/Mar/2009:09:38:10 +0000] "GET /Home/__ber_uns--65.html HTTP/1.1" 200 12312 "" "Mozilla/5.0 (compatible; Googlebot/2.1; +http://www.google.com/bot.html)"
66.249.65.145 - - [23/Mar/2009:09:38:11 +0000] "GET /Home/Details--20.html HTTP/1.1" 200 51699 "" "Mozilla/5.0 (compatible; Googlebot/2.1; +http://www.google.com/bot.html)"
66.249.65.145 - - [23/Mar/2009:09:38:12 +0000] "GET /Home/Reisef__hrer_S__dtirol--80.html HTTP/1.1" 200 21407 "" "Mozilla/5.0 (compatible; Googlebot/2.1; +http://www.google.com/bot.html)"
66.249.65.145 - - [23/Mar/2009:09:38:13 +0000] "GET /Home/Reisef__hrer_S__dtirol--80.html HTTP/1.1" 200 20913 "" "Mozilla/5.0 (compatible; Googlebot/2.1; +http://www.google.com/bot.html)"
66.249.65.145 - - [23/Mar/2009:09:38:14 +0000] "GET /Home/Reisef__hrer_S__dtirol--80.html HTTP/1.1" 200 21407 "" "Mozilla/5.0 (compatible; Googlebot/2.1; +http://www.google.com/bot.html)"
66.249.65.145 - - [23/Mar/2009:09:38:14 +0000] "GET /Home/Details--20.html HTTP/1.1" 200 42897 "" "Mozilla/5.0 (compatible; Googlebot/2.1; +http://www.google.com/bot.html)"
66.249.65.145 - - [23/Mar/2009:09:38:15 +0000] "GET /Home/Lastminute--63.html HTTP/1.1" 200 30721 "" "Mozilla/5.0 (compatible; Googlebot/2.1; +http://www.google.com/bot.html)"
66.249.65.145 - - [23/Mar/2009:09:38:16 +0000] "GET /Home/Reisef__hrer_S__dtirol--80.html HTTP/1.1" 200 20913 "" "Mozilla/5.0 (compatible; Googlebot/2.1; +http://www.google.com/bot.html)"
66.249.65.145 - - [23/Mar/2009:09:38:17 +0000] "GET /Home/Reisef__hrer_S__dtirol--80.html HTTP/1.1" 200 20913 "" "Mozilla/5.0 (compatible; Googlebot/2.1; +http://www.google.com/bot.html)"
66.249.65.145 - - [23/Mar/2009:09:38:18 +0000] "GET /Home/Unsere_Hotels--7.html HTTP/1.1" 200 14728 "" "Mozilla/5.0 (compatible; Googlebot/2.1; +http://www.google.com/bot.html)"
66.249.65.145 - - [23/Mar/2009:09:38:19 +0000] "GET /Home/Details--20.html HTTP/1.1" 200 38140 "" "Mozilla/5.0 (compatible; Googlebot/2.1; +http://www.google.com/bot.html)"
66.249.65.145 - - [23/Mar/2009:09:38:19 +0000] "GET /Home/Details--20.html HTTP/1.1" 200 53175 "" "Mozilla/5.0 (compatible; Googlebot/2.1; +http://www.google.com/bot.html)"
66.249.65.145 - - [23/Mar/2009:09:38:20 +0000] "GET /Home/Specials--60.html HTTP/1.1" 200 32600 "" "Mozilla/5.0 (compatible; Googlebot/2.1; +http://www.google.com/bot.html)"
66.249.65.145 - - [23/Mar/2009:09:38:21 +0000] "GET /Home/Reisef__hrer_S__dtirol--80.html HTTP/1.1" 200 21407 "" "Mozilla/5.0 (compatible; Googlebot/2.1; +http://www.google.com/bot.html)"
194.8.74.11 - - [23/Mar/2009:09:39:17 +0000] "GET /Home/Buchen--19.html HTTP/1.1" 200 23985 "" "Opera/9.0 (Windows NT 5.1; U; en)"
194.8.74.11 - - [23/Mar/2009:09:39:21 +0000] "GET /Home/Best__tigung--64.html HTTP/1.1" 200 27084 "http://www.sewahotel.com/de/buchen.html?pid=0&rid=0" "Opera/9.0 (Windows NT 5.1; U; en)"
66.249.65.145 - - [23/Mar/2009:09:39:29 +0000] "GET /Home/Details--20.html HTTP/1.1" 200 43878 "" "Mozilla/5.0 (compatible; Googlebot/2.1; +http://www.google.com/bot.html)"
88.61.44.172 - - [23/Mar/2009:09:39:32 +0000] "GET /Home--1.html HTTP/1.1" 200 25304 "http://www.sewahotel.com/luttach.html" "Mozilla/4.0 (compatible; MSIE 6.0; Windows NT 5.1; SV1; GTB5; .NET CLR 1.1.4322; .NET CLR 2.0.50727)"
66.249.65.145 - - [23/Mar/2009:09:40:13 +0000] "GET /Home/Map/Eisacktal--120.html HTTP/1.1" 200 20904 "" "Mozilla/5.0 (compatible; Googlebot/2.1; +http://www.google.com/bot.html)"
194.8.75.212 - - [23/Mar/2009:09:40:41 +0000] "GET /Home/Buchen--19.html HTTP/1.1" 200 23985 "" "Mozilla/4.0 (compatible; MSIE 6.0; Windows NT 5.0; .NET CLR 1.0.3705; .NET CLR 1.1.4322)"
194.8.75.212 - - [23/Mar/2009:09:40:42 +0000] "GET /Home/Best__tigung--64.html HTTP/1.1" 200 18861 "http://www.sewahotel.com/de/buchen.html?pid=0&rid=0" "Mozilla/4.0 (compatible; MSIE 6.0; Windows NT 5.0; .NET CLR 1.0.3705; .NET CLR 1.1.4322)"
66.249.65.145 - - [23/Mar/2009:09:41:38 +0000] "GET /Home/Unsere_Hotels/Dolomiten--53.html HTTP/1.1" 200 44594 "" "Mozilla/5.0 (compatible; Googlebot/2.1; +http://www.google.com/bot.html)"
194.8.75.175 - - [23/Mar/2009:09:42:00 +0000] "GET /Home/Buchen--19.html HTTP/1.1" 200 23985 "http://www.sewahotel.com/de/buchen.html?pid=0&rid=0" "Mozilla/4.0 (compatible; MSIE 5.5; Windows 95)"
194.8.75.175 - - [23/Mar/2009:09:42:00 +0000] "GET /Home/Best__tigung--64.html HTTP/1.1" 200 23523 "http://www.sewahotel.com/de/buchen.html?pid=0&rid=0" "Mozilla/4.0 (compatible; MSIE 5.5; Windows 95)"
83.233.30.104 - - [23/Mar/2009:09:42:08 +0000] "GET /Home/Details-hotel--105.html HTTP/1.1" 200 45249 "http://www.sewahotel.com/de/details-hotel.html" "Mozilla/4.0 (compatible; MSIE 6.0; Windows NT 5.1; SV1; .NET CLR 1.1.4322)"
67.195.37.170 - - [23/Mar/2009:09:43:07 +0000] "GET /Home/Unsere_Hotels/Dolomiten--53.html HTTP/1.1" 200 40799 "" "Mozilla/5.0 (compatible; Yahoo! Slurp; http://help.yahoo.com/help/us/ysearch/slurp)"
38.105.244.51 - - [23/Mar/2009:09:43:39 +0000] "GET /Home--1.html HTTP/1.1" 200 25304 "" "Mozilla/5.0 (X11; U; Linux x86_64; en-US; rv:1.8.1.16) Gecko/20080702 Iceweasel/2.0.0.16 (Debian-2.0.0.16-0etch1)"
66.249.65.145 - - [23/Mar/2009:09:43:48 +0000] "GET /Home/Unsere_Hotels/S__dtirols_S__den--55.html HTTP/1.1" 200 46830 "" "Mozilla/5.0 (compatible; Googlebot/2.1; +http://www.google.com/bot.html)"
67.195.37.170 - - [23/Mar/2009:09:44:18 +0000] "GET /Home/Reisef__hrer_S__dtirol--80.html HTTP/1.1" 200 20913 "" "Mozilla/5.0 (compatible; Yahoo! Slurp/3.0; http://help.yahoo.com/help/us/ysearch/slurp)"
66.249.65.145 - - [23/Mar/2009:09:45:57 +0000] "GET /Home/Details--20.html HTTP/1.1" 200 40958 "" "Mozilla/5.0 (compatible; Googlebot/2.1; +http://www.google.com/bot.html)"
65.55.105.208 - - [23/Mar/2009:09:46:10 +0000] "GET /Home/F__r_Hotels--75.html HTTP/1.1" 200 16483 "" "msnbot/1.1 (+http://search.msn.com/msnbot.htm)"
194.8.75.103 - - [23/Mar/2009:09:46:27 +0000] "GET /Home/Buchen--19.html HTTP/1.1" 200 23985 "http://www.sewahotel.com/de/buchen.html?pid=0&rid=0" "Mozilla/4.0 (compatible- MSIE 6.0- Windows NT 5.1- SV1- .NET CLR 1.1.4322"
194.8.75.103 - - [23/Mar/2009:09:46:27 +0000] "GET /Home/Best__tigung--64.html HTTP/1.1" 200 23013 "http://www.sewahotel.com/de/buchen.html?pid=0&rid=0" "Mozilla/4.0 (compatible- MSIE 6.0- Windows NT 5.1- SV1- .NET CLR 1.1.4322"
67.195.37.170 - - [23/Mar/2009:09:47:29 +0000] "GET /Home/Specials--60.html HTTP/1.1" 200 15515 "" "Mozilla/5.0 (compatible; Yahoo! Slurp/3.0; http://help.yahoo.com/help/us/ysearch/slurp)"
66.249.65.145 - - [23/Mar/2009:09:48:06 +0000] "GET /Home/Details--20.html HTTP/1.1" 200 45584 "" "Mozilla/5.0 (compatible; Googlebot/2.1; +http://www.google.com/bot.html)"
66.249.65.145 - - [23/Mar/2009:09:48:12 +0000] "GET /Home/Lastminute--63.html HTTP/1.1" 200 33807 "" "Mozilla/5.0 (compatible; Googlebot/2.1; +http://www.google.com/bot.html)"
65.55.105.209 - - [23/Mar/2009:09:49:02 +0000] "GET /Home/Specials--60.html HTTP/1.1" 200 63463 "" "msnbot/1.1 (+http://search.msn.com/msnbot.htm)"
65.55.105.203 - - [23/Mar/2009:09:49:39 +0000] "GET /Home/Unsere_Hotels/S__dtirols_S__den--55.html HTTP/1.1" 200 43705 "" "msnbot/1.1 (+http://search.msn.com/msnbot.htm)"
66.249.65.145 - - [23/Mar/2009:09:50:17 +0000] "GET /Home/Details--20.html HTTP/1.1" 200 56229 "" "Mozilla/5.0 (compatible; Googlebot/2.1; +http://www.google.com/bot.html)"
65.55.105.209 - - [23/Mar/2009:09:50:25 +0000] "GET /Home/Specials--60.html HTTP/1.1" 200 49660 "" "msnbot/1.1 (+http://search.msn.com/msnbot.htm)"
65.55.105.209 - - [23/Mar/2009:09:50:27 +0000] "GET /Home/Specials--60.html HTTP/1.1" 200 69153 "" "msnbot/1.1 (+http://search.msn.com/msnbot.htm)"
65.55.105.203 - - [23/Mar/2009:09:50:51 +0000] "GET /Home/Details--20.html HTTP/1.1" 200 60844 "" "msnbot/1.1 (+http://search.msn.com/msnbot.htm)"
66.249.65.145 - - [23/Mar/2009:09:50:52 +0000] "GET /Home/Unsere_Hotels/Vinschgau--57.html HTTP/1.1" 200 24464 "" "Mozilla/5.0 (compatible; Googlebot/2.1; +http://www.google.com/bot.html)"
66.249.65.145 - - [23/Mar/2009:09:52:26 +0000] "GET /Home/Details--20.html HTTP/1.1" 200 41538 "" "Mozilla/5.0 (compatible; Googlebot/2.1; +http://www.google.com/bot.html)"
65.55.105.209 - - [23/Mar/2009:09:52:46 +0000] "GET /Home/Details--20.html HTTP/1.1" 200 37496 "" "msnbot/1.1 (+http://search.msn.com/msnbot.htm)"
65.55.105.209 - - [23/Mar/2009:09:52:48 +0000] "GET /Home/Unsere_Hotels/__sterreich--79.html HTTP/1.1" 200 17715 "" "msnbot/1.1 (+http://search.msn.com/msnbot.htm)"
65.55.105.209 - - [23/Mar/2009:09:52:51 +0000] "GET /Home/Details--20.html HTTP/1.1" 200 41053 "" "msnbot/1.1 (+http://search.msn.com/msnbot.htm)"
65.55.105.209 - - [23/Mar/2009:09:52:52 +0000] "GET /Home/Details--20.html HTTP/1.1" 200 72363 "" "msnbot/1.1 (+http://search.msn.com/msnbot.htm)"
65.55.105.209 - - [23/Mar/2009:09:52:53 +0000] "GET /Home/Specials--60.html HTTP/1.1" 200 33804 "" "msnbot/1.1 (+http://search.msn.com/msnbot.htm)"
194.8.75.103 - - [23/Mar/2009:09:53:11 +0000] "GET /Home/Buchen--19.html HTTP/1.1" 200 23985 "http://www.sewahotel.com/de/buchen.html?pid=0&rid=0" "Opera/9.00 (Windows NT 4.0; U; en)"
194.8.75.103 - - [23/Mar/2009:09:53:11 +0000] "GET /Home/Best__tigung--64.html HTTP/1.1" 200 23321 "http://www.sewahotel.com/de/buchen.html?pid=0&rid=0" "Opera/9.00 (Windows NT 4.0; U; en)"
88.131.106.15 - - [23/Mar/2009:09:53:25 +0000] "GET /Home/Anfrage--112.html HTTP/1.1" 200 17621 "" "Speedy Spider (http://www.entireweb.com/about/search_tech/speedy_spider/)"
82.55.135.19 - - [23/Mar/2009:09:53:25 +0000] "GET /Home/Details--20.html HTTP/1.1" 200 45699 "" "Mozilla/4.0 (compatible; MSIE 7.0; Windows NT 5.1; .NET CLR 1.1.4322)"
66.249.65.145 - - [23/Mar/2009:09:53:33 +0000] "GET /Home/Unsere_Hotels/Vinschgau--57.html HTTP/1.1" 200 27665 "" "Mozilla/5.0 (compatible; Googlebot/2.1; +http://www.google.com/bot.html)"
65.55.105.203 - - [23/Mar/2009:09:53:36 +0000] "GET /Home/Details--20.html HTTP/1.1" 200 60815 "" "msnbot/1.1 (+http://search.msn.com/msnbot.htm)"
65.55.105.202 - - [23/Mar/2009:09:54:18 +0000] "GET /Home/Specials--60.html HTTP/1.1" 200 41578 "" "msnbot/1.1 (+http://search.msn.com/msnbot.htm)"
65.55.105.202 - - [23/Mar/2009:09:54:19 +0000] "GET /Home/Specials--60.html HTTP/1.1" 200 65197 "" "msnbot/1.1 (+http://search.msn.com/msnbot.htm)"
65.55.105.202 - - [23/Mar/2009:09:54:19 +0000] "GET /Home/Specials--60.html HTTP/1.1" 200 64940 "" "msnbot/1.1 (+http://search.msn.com/msnbot.htm)"
66.249.65.145 - - [23/Mar/2009:09:54:35 +0000] "GET /Home/Specials--60.html HTTP/1.1" 200 63921 "" "Mozilla/5.0 (compatible; Googlebot/2.1; +http://www.google.com/bot.html)"
65.55.105.202 - - [23/Mar/2009:09:55:35 +0000] "GET /Home/Details--20.html HTTP/1.1" 200 47730 "" "msnbot/1.1 (+http://search.msn.com/msnbot.htm)"
67.195.37.170 - - [23/Mar/2009:09:55:56 +0000] "GET /Home/Details--20.html HTTP/1.1" 200 49751 "" "Mozilla/5.0 (compatible; Yahoo! Slurp/3.0; http://help.yahoo.com/help/us/ysearch/slurp)"
83.233.30.104 - - [23/Mar/2009:09:56:03 +0000] "GET /Home/Details-hotel--105.html HTTP/1.1" 200 45249 "http://www.sewahotel.com/de/details-hotel.html" "Mozilla/4.0 (compatible; MSIE 6.0; Windows NT 5.1; SV1; .NET CLR 1.1.4322)"
66.249.65.145 - - [23/Mar/2009:09:56:13 +0000] "GET /Home/Unsere_Hotels/Vinschgau--57.html HTTP/1.1" 200 26905 "" "Mozilla/5.0 (compatible; Googlebot/2.1; +http://www.google.com/bot.html)"
66.249.65.145 - - [23/Mar/2009:09:56:45 +0000] "GET /Home/Details--20.html HTTP/1.1" 200 55368 "" "Mozilla/5.0 (compatible; Googlebot/2.1; +http://www.google.com/bot.html)"
87.149.198.167 - - [23/Mar/2009:09:57:34 +0000] "GET /Home/Details--20.html HTTP/1.1" 200 42223 "http://www.meinsuedtirol.com/Hotel-Feldmuellerhof-Sand-In-Taufers-.641.0.0.1240.0.html" "Mozilla/5.0 (Windows; U; Windows NT 5.1; de; rv:1.9.0.7) Gecko/2009021910 Firefox/3.0.7"
67.195.37.170 - - [23/Mar/2009:09:57:40 +0000] "GET /Home/Details--20.html HTTP/1.1" 200 42438 "" "Mozilla/5.0 (compatible; Yahoo! Slurp/3.0; http://help.yahoo.com/help/us/ysearch/slurp)"
194.8.75.214 - - [23/Mar/2009:09:58:35 +0000] "GET /Home/Buchen--19.html HTTP/1.1" 200 23985 "" "Mozilla/4.0 (compatible; MSIE 6.0; Windows NT 5.2; SV1; .NET CLR 1.1.4322; .NET CLR 2.0.50727)"
194.8.75.214 - - [23/Mar/2009:09:58:36 +0000] "GET /Home/Best__tigung--64.html HTTP/1.1" 200 18410 "http://www.sewahotel.com/de/buchen.html?pid=0&rid=0" "Mozilla/4.0 (compatible; MSIE 6.0; Windows NT 5.2; SV1; .NET CLR 1.1.4322; .NET CLR 2.0.50727)"
66.249.65.145 - - [23/Mar/2009:09:58:53 +0000] "GET /Home/Details-hotel--105.html HTTP/1.1" 200 40756 "" "Mozilla/5.0 (compatible; Googlebot/2.1; +http://www.google.com/bot.html)"
66.249.65.145 - - [23/Mar/2009:09:58:54 +0000] "GET /Home/Details--20.html HTTP/1.1" 200 36851 "" "Mozilla/5.0 (compatible; Googlebot/2.1; +http://www.google.com/bot.html)"
88.131.106.15 - - [23/Mar/2009:09:59:44 +0000] "GET /Home--1.html HTTP/1.1" 200 25304 "" "Speedy Spider (http://www.entireweb.com/about/search_tech/speedy_spider/)"
66.249.65.145 - - [23/Mar/2009:10:01:04 +0000] "GET /Home/Details--20.html HTTP/1.1" 200 36626 "" "Mozilla/5.0 (compatible; Googlebot/2.1; +http://www.google.com/bot.html)"
65.55.105.205 - - [23/Mar/2009:10:01:27 +0000] "GET /Home/Reisef__hrer_S__dtirol--80.html HTTP/1.1" 200 21407 "" "msnbot/1.1 (+http://search.msn.com/msnbot.htm)"
72.30.65.29 - - [23/Mar/2009:10:01:39 +0000] "GET /Home/Wetter/Aktuelles_Wetter--44.html HTTP/1.1" 200 12182 "" "Mozilla/5.0 (compatible; Yahoo! Slurp/3.0; http://help.yahoo.com/help/us/ysearch/slurp)"
72.30.65.29 - - [23/Mar/2009:10:02:50 +0000] "GET /Home/Specials/Lastminuteurlaub--111.html HTTP/1.1" 200 10706 "" "Mozilla/5.0 (compatible; Yahoo! Slurp/3.0; http://help.yahoo.com/help/us/ysearch/slurp)"
66.249.65.145 - - [23/Mar/2009:10:03:14 +0000] "GET /Home/Specials--60.html HTTP/1.1" 200 33102 "" "Mozilla/5.0 (compatible; Googlebot/2.1; +http://www.google.com/bot.html)"
194.8.75.175 - - [23/Mar/2009:10:03:34 +0000] "GET /Home/Buchen--19.html HTTP/1.1" 200 23985 "http://www.sewahotel.com/de/buchen.html?pid=0&rid=0" "Opera/7.60 (Windows NT 5.2; U) [en] (IBM EVV/3.0/EAK01AG9/LE)"
194.8.75.175 - - [23/Mar/2009:10:03:34 +0000] "GET /Home/Best__tigung--64.html HTTP/1.1" 200 23391 "http://www.sewahotel.com/de/buchen.html?pid=0&rid=0" "Opera/7.60 (Windows NT 5.2; U) [en] (IBM EVV/3.0/EAK01AG9/LE)"
194.25.8.141 - - [23/Mar/2009:10:04:02 +0000] "GET /Home/Details--20.html HTTP/1.1" 200 44231 "http://www.google.de/search?source=ig&hl=de&rlz=1G1GGLQ_DEDE310&q=motoradhotel+dolomiten&btnG=Google-Suche&meta=lr%3D" "Mozilla/4.0 (compatible; MSIE 7.0; Windows NT 5.1; GTB5; .NET CLR 1.1.4322)"
208.115.111.248 - - [23/Mar/2009:10:04:06 +0000] "GET /Home/F__r_Hotels--75.html HTTP/1.1" 200 16059 "" "Mozilla/5.0 (compatible; DotBot/1.1; http://www.dotnetdotcom.org/, crawler@dotnetdotcom.org)"
208.115.111.248 - - [23/Mar/2009:10:04:11 +0000] "GET /Home/F__r_Hotels--75.html HTTP/1.1" 200 16059 "" "Mozilla/5.0 (compatible; DotBot/1.1; http://www.dotnetdotcom.org/, crawler@dotnetdotcom.org)"
66.249.65.145 - - [23/Mar/2009:10:04:13 +0000] "GET /Home/Details--20.html HTTP/1.1" 200 43334 "" "Mozilla/5.0 (compatible; Googlebot/2.1; +http://www.google.com/bot.html)"
208.115.111.248 - - [23/Mar/2009:10:04:15 +0000] "GET /Home/F__r_Hotels/Hoteliersbereich--146.html HTTP/1.1" 200 0 "" "Mozilla/5.0 (compatible; DotBot/1.1; http://www.dotnetdotcom.org/, crawler@dotnetdotcom.org)"
208.115.111.248 - - [23/Mar/2009:10:04:20 +0000] "GET /Home/F__r_Hotels/Hoteliersbereich--146.html HTTP/1.1" 200 0 "" "Mozilla/5.0 (compatible; DotBot/1.1; http://www.dotnetdotcom.org/, crawler@dotnetdotcom.org)"
208.115.111.248 - - [23/Mar/2009:10:04:24 +0000] "GET /Home/Anfrage--112.html HTTP/1.1" 200 16829 "" "Mozilla/5.0 (compatible; DotBot/1.1; http://www.dotnetdotcom.org/, crawler@dotnetdotcom.org)"
208.115.111.248 - - [23/Mar/2009:10:04:29 +0000] "GET /Home/Anfrage--112.html HTTP/1.1" 200 16829 "" "Mozilla/5.0 (compatible; DotBot/1.1; http://www.dotnetdotcom.org/, crawler@dotnetdotcom.org)"
208.115.111.248 - - [23/Mar/2009:10:04:32 +0000] "GET /Home/Anfrage--112.html HTTP/1.1" 200 16829 "" "Mozilla/5.0 (compatible; DotBot/1.1; http://www.dotnetdotcom.org/, crawler@dotnetdotcom.org)"
208.115.111.248 - - [23/Mar/2009:10:04:37 +0000] "GET /Home/Anfrage--112.html HTTP/1.1" 200 16829 "" "Mozilla/5.0 (compatible; DotBot/1.1; http://www.dotnetdotcom.org/, crawler@dotnetdotcom.org)"
208.115.111.248 - - [23/Mar/2009:10:04:42 +0000] "GET /Home/Anfrage--112.html HTTP/1.1" 200 16829 "" "Mozilla/5.0 (compatible; DotBot/1.1; http://www.dotnetdotcom.org/, crawler@dotnetdotcom.org)"
208.115.111.248 - - [23/Mar/2009:10:04:47 +0000] "GET /Home/Anfrage--112.html HTTP/1.1" 200 16829 "" "Mozilla/5.0 (compatible; DotBot/1.1; http://www.dotnetdotcom.org/, crawler@dotnetdotcom.org)"
66.249.65.145 - - [23/Mar/2009:10:05:23 +0000] "GET /Home/Details--20.html HTTP/1.1" 200 44403 "" "Mozilla/5.0 (compatible; Googlebot/2.1; +http://www.google.com/bot.html)"
66.249.65.145 - - [23/Mar/2009:10:06:41 +0000] "GET /Home/Specials--60.html HTTP/1.1" 200 33813 "" "Mozilla/5.0 (compatible; Googlebot/2.1; +http://www.google.com/bot.html)"
66.249.65.145 - - [23/Mar/2009:10:06:42 +0000] "GET /Home/Details--20.html HTTP/1.1" 200 32938 "" "Mozilla/5.0 (compatible; Googlebot/2.1; +http://www.google.com/bot.html)"
66.249.65.145 - - [23/Mar/2009:10:06:43 +0000] "GET /Home/Lastminute--63.html HTTP/1.1" 200 32085 "" "Mozilla/5.0 (compatible; Googlebot/2.1; +http://www.google.com/bot.html)"
66.249.65.145 - - [23/Mar/2009:10:06:44 +0000] "GET /Home/Details--20.html HTTP/1.1" 200 60491 "" "Mozilla/5.0 (compatible; Googlebot/2.1; +http://www.google.com/bot.html)"
66.249.65.145 - - [23/Mar/2009:10:06:45 +0000] "GET /Home/Specials--60.html HTTP/1.1" 200 24026 "" "Mozilla/5.0 (compatible; Googlebot/2.1; +http://www.google.com/bot.html)"
66.249.65.145 - - [23/Mar/2009:10:06:46 +0000] "GET /Home/Details--20.html HTTP/1.1" 200 52290 "" "Mozilla/5.0 (compatible; Googlebot/2.1; +http://www.google.com/bot.html)"
66.249.65.145 - - [23/Mar/2009:10:06:47 +0000] "GET /Home/Details--20.html HTTP/1.1" 200 48699 "" "Mozilla/5.0 (compatible; Googlebot/2.1; +http://www.google.com/bot.html)"
66.249.65.145 - - [23/Mar/2009:10:06:48 +0000] "GET /Home/Details--20.html HTTP/1.1" 200 53698 "" "Mozilla/5.0 (compatible; Googlebot/2.1; +http://www.google.com/bot.html)"
66.249.65.145 - - [23/Mar/2009:10:06:49 +0000] "GET /Home/Details--20.html HTTP/1.1" 200 38876 "" "Mozilla/5.0 (compatible; Googlebot/2.1; +http://www.google.com/bot.html)"
66.249.65.145 - - [23/Mar/2009:10:06:52 +0000] "GET /Home/Details--20.html HTTP/1.1" 200 41782 "" "Mozilla/5.0 (compatible; Googlebot/2.1; +http://www.google.com/bot.html)"
84.18.148.12 - - [23/Mar/2009:10:06:56 +0000] "GET /Home/Details--20.html HTTP/1.1" 200 57707 "" "Mozilla/4.0 (compatible; MSIE 7.0; Windows NT 6.0; GTB5; SLCC1; .NET CLR 2.0.50727; .NET CLR 3.0.04506)"
66.249.65.145 - - [23/Mar/2009:10:07:33 +0000] "GET /Home/Specials--60.html HTTP/1.1" 200 47203 "" "Mozilla/5.0 (compatible; Googlebot/2.1; +http://www.google.com/bot.html)"
65.55.108.241 - - [23/Mar/2009:10:07:36 +0000] "GET /Home/Specials--60.html HTTP/1.1" 200 41646 "" "msnbot-media/1.1 (+http://search.msn.com/msnbot.htm)"
65.55.105.208 - - [23/Mar/2009:10:08:15 +0000] "GET /Home/Finden___Buchen--2.html HTTP/1.1" 200 35078 "" "msnbot/1.1 (+http://search.msn.com/msnbot.htm)"
194.8.75.245 - - [23/Mar/2009:10:08:40 +0000] "GET /Home/Buchen--19.html HTTP/1.1" 200 23911 "" "Mozilla/4.0 (compatible; MSIE 6.0; Windows NT) ::ELNSB50::000061100320025802a00111000000000507000900000000"
194.8.75.245 - - [23/Mar/2009:10:08:47 +0000] "GET /Home/Best__tigung--64.html HTTP/1.1" 200 18430 "http://www.sewahotel.com/de/buchen.html?pid=0&rid=0" "Mozilla/4.0 (compatible; MSIE 6.0; Windows NT) ::ELNSB50::000061100320025802a00111000000000507000900000000"
65.55.105.209 - - [23/Mar/2009:10:09:27 +0000] "GET /Home/Specials--60.html HTTP/1.1" 200 41527 "" "msnbot/1.1 (+http://search.msn.com/msnbot.htm)"
65.55.105.209 - - [23/Mar/2009:10:09:31 +0000] "GET /Home/Details--20.html HTTP/1.1" 200 40388 "" "msnbot/1.1 (+http://search.msn.com/msnbot.htm)"
65.55.105.209 - - [23/Mar/2009:10:09:33 +0000] "GET /Home/Details--20.html HTTP/1.1" 200 36031 "" "msnbot/1.1 (+http://search.msn.com/msnbot.htm)"
65.55.105.209 - - [23/Mar/2009:10:09:34 +0000] "GET /Home/Specials--60.html HTTP/1.1" 200 125866 "" "msnbot/1.1 (+http://search.msn.com/msnbot.htm)"
66.249.65.145 - - [23/Mar/2009:10:09:44 +0000] "GET /Home/Specials--60.html HTTP/1.1" 200 62166 "" "Mozilla/5.0 (compatible; Googlebot/2.1; +http://www.google.com/bot.html)"
89.190.188.161 - - [23/Mar/2009:10:09:53 +0000] "GET /Home--1.html HTTP/1.1" 200 25304 "" "Mozilla/5.0 (Windows; U; Windows NT 6.0; de; rv:1.9.0.7) Gecko/2009021910 Firefox/3.0.7 (.NET CLR 3.5.30729)"
89.190.188.161 - - [23/Mar/2009:10:10:03 +0000] "GET /Home/Unsere_Hotels--7.html HTTP/1.1" 200 15540 "http://www.sewahotel.com/" "Mozilla/5.0 (Windows; U; Windows NT 6.0; de; rv:1.9.0.7) Gecko/2009021910 Firefox/3.0.7 (.NET CLR 3.5.30729)"
62.97.60.204 - - [23/Mar/2009:10:10:26 +0000] "GET /Home/Details--20.html HTTP/1.1" 200 44069 "" "Mozilla/4.0 (compatible; MSIE 7.0; Windows NT 5.1; .NET CLR 2.0.50727; InfoPath.2)"
62.97.60.204 - - [23/Mar/2009:10:10:47 +0000] "GET /Home--1.html HTTP/1.1" 200 25210 "http://www.sewahotel.com/de/details.html?pid=11&rid=62&lang=de&hotel_id=295" "Mozilla/4.0 (compatible; MSIE 7.0; Windows NT 5.1; .NET CLR 2.0.50727; InfoPath.2)"
65.55.105.209 - - [23/Mar/2009:10:10:53 +0000] "GET /Home/Specials--60.html HTTP/1.1" 200 48631 "" "msnbot/1.1 (+http://search.msn.com/msnbot.htm)"
65.55.105.209 - - [23/Mar/2009:10:10:54 +0000] "GET /Home/Wetter/Wetter_Vorschau--43.html HTTP/1.1" 200 11779 "" "msnbot/1.1 (+http://search.msn.com/msnbot.htm)"
67.195.37.170 - - [23/Mar/2009:10:11:11 +0000] "GET /Home/Details--20.html HTTP/1.1" 200 40131 "" "Mozilla/5.0 (compatible; Yahoo! Slurp; http://help.yahoo.com/help/us/ysearch/slurp)"
65.55.105.206 - - [23/Mar/2009:10:11:20 +0000] "GET /Home/Reisef__hrer_S__dtirol--80.html HTTP/1.1" 200 21407 "" "msnbot/1.1 (+http://search.msn.com/msnbot.htm)"
65.55.105.192 - - [23/Mar/2009:10:11:40 +0000] "GET /Home/Unsere_Hotels/S__dtirols_S__den--55.html HTTP/1.1" 200 43604 "" "msnbot/1.1 (+http://search.msn.com/msnbot.htm)"
66.249.65.145 - - [23/Mar/2009:10:11:44 +0000] "GET /Home/Details--20.html HTTP/1.1" 200 40747 "" "Mozilla/5.0 (compatible; Googlebot/2.1; +http://www.google.com/bot.html)"
65.55.105.209 - - [23/Mar/2009:10:11:49 +0000] "GET /Home/Details--20.html HTTP/1.1" 200 46281 "" "msnbot/1.1 (+http://search.msn.com/msnbot.htm)"
65.55.105.209 - - [23/Mar/2009:10:11:50 +0000] "GET /Home/Specials--60.html HTTP/1.1" 200 70726 "" "msnbot/1.1 (+http://search.msn.com/msnbot.htm)"
66.249.65.145 - - [23/Mar/2009:10:11:53 +0000] "GET /Home/Details--20.html HTTP/1.1" 200 54202 "" "Mozilla/5.0 (compatible; Googlebot/2.1; +http://www.google.com/bot.html)"
67.195.37.170 - - [23/Mar/2009:10:12:06 +0000] "GET /Home/Wetter/Aktuelles_Wetter--44.html HTTP/1.1" 200 12182 "" "Mozilla/5.0 (compatible; Yahoo! Slurp; http://help.yahoo.com/help/us/ysearch/slurp)"
66.249.65.145 - - [23/Mar/2009:10:12:12 +0000] "GET /Home/Details--20.html HTTP/1.1" 200 43432 "" "Mozilla/5.0 (compatible; Googlebot/2.1; +http://www.google.com/bot.html)"
67.195.37.170 - - [23/Mar/2009:10:12:16 +0000] "GET /Home/__ber_uns--65.html HTTP/1.1" 200 12857 "" "Mozilla/5.0 (compatible; Yahoo! Slurp; http://help.yahoo.com/help/us/ysearch/slurp)"
91.205.124.9 - - [23/Mar/2009:10:13:21 +0000] "GET /Home/Finden___Buchen--2.html HTTP/1.1" 200 31806 "" "Yanga WorldSearch Bot v1.1/beta (http://www.yanga.co.uk/)"
84.18.148.12 - - [23/Mar/2009:10:13:21 +0000] "GET /Home/Details--20.html HTTP/1.1" 200 36038 "" "Mozilla/4.0 (compatible; MSIE 7.0; Windows NT 6.0; GTB5; SLCC1; .NET CLR 2.0.50727; .NET CLR 3.0.04506)"
66.249.65.145 - - [23/Mar/2009:10:14:04 +0000] "GET /Home/Details--20.html HTTP/1.1" 200 45063 "" "Mozilla/5.0 (compatible; Googlebot/2.1; +http://www.google.com/bot.html)"
91.205.124.9 - - [23/Mar/2009:10:14:23 +0000] "GET /Home/Specials--60.html HTTP/1.1" 200 13124 "" "Yanga WorldSearch Bot v1.1/beta (http://www.yanga.co.uk/)"
88.131.106.15 - - [23/Mar/2009:10:14:30 +0000] "GET /Home/Wetter/Aktuelles_Wetter--44.html HTTP/1.1" 200 12224 "" "Speedy Spider (http://www.entireweb.com/about/search_tech/speedy_spider/)"
65.55.105.207 - - [23/Mar/2009:10:14:43 +0000] "GET /Home/Lastminute--63.html HTTP/1.1" 200 32300 "" "msnbot/1.1 (+http://search.msn.com/msnbot.htm)"
91.205.124.9 - - [23/Mar/2009:10:15:27 +0000] "GET /Home/Lastminute--63.html HTTP/1.1" 200 21934 "" "Yanga WorldSearch Bot v1.1/beta (http://www.yanga.co.uk/)"
194.8.75.239 - - [23/Mar/2009:10:15:32 +0000] "GET /Home/Buchen--19.html HTTP/1.1" 200 23985 "" "Mozilla/4.0 (compatible; MSIE 6.0; Windows NT 5.1; SV1; .NET CLR 1.1.4322)"
194.8.75.239 - - [23/Mar/2009:10:15:32 +0000] "GET /Home/Best__tigung--64.html HTTP/1.1" 200 19301 "http://www.sewahotel.com/de/buchen.html?pid=0&rid=0" "Mozilla/4.0 (compatible; MSIE 6.0; Windows NT 5.1; SV1; .NET CLR 1.1.4322)"
66.249.65.145 - - [23/Mar/2009:10:16:14 +0000] "GET /Home/Details--20.html HTTP/1.1" 200 55000 "" "Mozilla/5.0 (compatible; Googlebot/2.1; +http://www.google.com/bot.html)"
66.249.65.145 - - [23/Mar/2009:10:16:27 +0000] "GET /Home/Specials--60.html HTTP/1.1" 200 25116 "" "Mozilla/5.0 (compatible; Googlebot/2.1; +http://www.google.com/bot.html)"
91.205.124.9 - - [23/Mar/2009:10:16:28 +0000] "GET /Home/Unsere_Hotels--7.html HTTP/1.1" 200 13365 "" "Yanga WorldSearch Bot v1.1/beta (http://www.yanga.co.uk/)"
88.131.106.15 - - [23/Mar/2009:10:17:27 +0000] "GET /Home/Wetter/Wetter_Vorschau--43.html HTTP/1.1" 200 11483 "" "Speedy Spider (http://www.entireweb.com/about/search_tech/speedy_spider/)"
91.205.124.9 - - [23/Mar/2009:10:17:33 +0000] "GET /Home/Wetter/Aktuelles_Wetter--44.html HTTP/1.1" 200 11319 "" "Yanga WorldSearch Bot v1.1/beta (http://www.yanga.co.uk/)"
65.55.105.203 - - [23/Mar/2009:10:18:21 +0000] "GET /Home/Details--20.html HTTP/1.1" 200 41498 "" "msnbot/1.1 (+http://search.msn.com/msnbot.htm)"
66.249.65.145 - - [23/Mar/2009:10:18:24 +0000] "GET /Home/Details--20.html HTTP/1.1" 200 62506 "" "Mozilla/5.0 (compatible; Googlebot/2.1; +http://www.google.com/bot.html)"
91.205.124.9 - - [23/Mar/2009:10:18:36 +0000] "GET /Home/__ber_uns--65.html HTTP/1.1" 200 12153 "" "Yanga WorldSearch Bot v1.1/beta (http://www.yanga.co.uk/)"
194.8.75.175 - - [23/Mar/2009:10:19:04 +0000] "GET /Home/Buchen--19.html HTTP/1.1" 200 23985 "http://www.sewahotel.com/de/buchen.html?pid=0&rid=0" "Mozilla/4.0 (compatible; MSIE 6.0; Windows NT 5.1) Opera 7.54 [en]"
194.8.75.175 - - [23/Mar/2009:10:19:06 +0000] "GET /Home/Best__tigung--64.html HTTP/1.1" 200 23573 "http://www.sewahotel.com/de/buchen.html?pid=0&rid=0" "Mozilla/4.0 (compatible; MSIE 6.0; Windows NT 5.1) Opera 7.54 [en]"
194.8.75.239 - - [23/Mar/2009:10:19:23 +0000] "GET /Home/Buchen--19.html HTTP/1.1" 200 23985 "" "Mozilla/4.0 (compatible; MSIE 6.0; Windows NT 5.1) Opera 7.54 [en]"
194.8.75.239 - - [23/Mar/2009:10:19:24 +0000] "GET /Home/Best__tigung--64.html HTTP/1.1" 200 18906 "http://www.sewahotel.com/de/buchen.html?pid=0&rid=0" "Mozilla/4.0 (compatible; MSIE 6.0; Windows NT 5.1) Opera 7.54 [en]"
91.205.124.9 - - [23/Mar/2009:10:19:37 +0000] "GET /Home/Anfrage--112.html HTTP/1.1" 200 16095 "" "Yanga WorldSearch Bot v1.1/beta (http://www.yanga.co.uk/)"
88.131.106.15 - - [23/Mar/2009:10:19:43 +0000] "GET /Home/Map/S__dtirols_S__den--121.html HTTP/1.1" 200 4672 "" "Speedy Spider (http://www.entireweb.com/about/search_tech/speedy_spider/)"
83.233.30.104 - - [23/Mar/2009:10:20:03 +0000] "GET /Home/Details-hotel--105.html HTTP/1.1" 200 45246 "http://www.sewahotel.com/de/details-hotel.html" "Mozilla/4.0 (compatible; MSIE 6.0; Windows NT 5.1; SV1; .NET CLR 1.1.4322)"
66.249.65.145 - - [23/Mar/2009:10:20:13 +0000] "GET /Home/Details--20.html HTTP/1.1" 200 40180 "" "Mozilla/5.0 (compatible; Googlebot/2.1; +http://www.google.com/bot.html)"
66.249.65.145 - - [23/Mar/2009:10:20:34 +0000] "GET /Home/Unsere_Hotels/Meraner_Land--51.html HTTP/1.1" 200 85626 "" "Mozilla/5.0 (compatible; Googlebot/2.1; +http://www.google.com/bot.html)"
91.205.124.9 - - [23/Mar/2009:10:20:39 +0000] "GET /Home/Specials/Wellnessurlaub--100.html HTTP/1.1" 200 52761 "" "Yanga WorldSearch Bot v1.1/beta (http://www.yanga.co.uk/)"
65.55.105.207 - - [23/Mar/2009:10:21:35 +0000] "GET /Home/Specials/Familienurlaub--109.html HTTP/1.1" 200 26350 "" "msnbot/1.1 (+http://search.msn.com/msnbot.htm)"
67.195.37.170 - - [23/Mar/2009:10:21:36 +0000] "GET /Home--1.html HTTP/1.1" 200 25208 "" "Mozilla/5.0 (compatible; Yahoo! Slurp; http://help.yahoo.com/help/us/ysearch/slurp)"
91.205.124.9 - - [23/Mar/2009:10:21:42 +0000] "GET /Home/Specials/Wanderurlaub--106.html HTTP/1.1" 200 39170 "" "Yanga WorldSearch Bot v1.1/beta (http://www.yanga.co.uk/)"
66.249.65.145 - - [23/Mar/2009:10:21:46 +0000] "GET /Home/Details--20.html HTTP/1.1" 200 47406 "" "Mozilla/5.0 (compatible; Googlebot/2.1; +http://www.google.com/bot.html)"
65.55.110.184 - - [23/Mar/2009:10:22:10 +0000] "GET /Home/Specials/Familienurlaub--109.html HTTP/1.1" 200 26453 "http://search.live.com/results.aspx?q=hotels" "Mozilla/4.0 (compatible; MSIE 6.0; Windows NT 5.2; SV1; .NET CLR 1.1.4322)"
65.55.108.241 - - [23/Mar/2009:10:22:25 +0000] "GET /Home/Specials--60.html HTTP/1.1" 200 40491 "" "msnbot-media/1.1 (+http://search.msn.com/msnbot.htm)"
88.131.106.15 - - [23/Mar/2009:10:22:36 +0000] "GET /Home/Specials/Skiurlaub--110.html HTTP/1.1" 200 25330 "" "Speedy Spider (http://www.entireweb.com/about/search_tech/speedy_spider/)"
91.205.124.9 - - [23/Mar/2009:10:22:44 +0000] "GET /Home/Specials/Golfurlaub--107.html HTTP/1.1" 200 10940 "" "Yanga WorldSearch Bot v1.1/beta (http://www.yanga.co.uk/)"
66.249.65.145 - - [23/Mar/2009:10:22:44 +0000] "GET /Home/Details--20.html HTTP/1.1" 200 42646 "" "Mozilla/5.0 (compatible; Googlebot/2.1; +http://www.google.com/bot.html)"
80.120.103.54 - - [23/Mar/2009:10:23:37 +0000] "GET /Home/Ergebnisse-hotel--102.html HTTP/1.1" 200 92623 "" "Mozilla/4.0 (compatible; MSIE 7.0; Windows NT 5.1; .NET CLR 1.1.4322)"
91.205.124.9 - - [23/Mar/2009:10:23:46 +0000] "GET /Home/Specials/Stadturlaub--108.html HTTP/1.1" 200 12070 "" "Yanga WorldSearch Bot v1.1/beta (http://www.yanga.co.uk/)"
80.120.103.54 - - [23/Mar/2009:10:24:21 +0000] "GET /Home/Ergebnisse-hotel--102.html HTTP/1.1" 200 100579 "http://www.sewahotel.com/de/ergebnisse-hotel.html?action=get_results&hotel_id=&pid=109&rid=1&lang=de&from_day=04&from_month=04&from_year=2009&to_day=08&to_month=04&to_year=2009&to_year=2009&typ=2&verpflegung=hp&anzahl_erw=2&alterkind1=6&alterkind2=10&alterkind3=&kat_art=A4" "Mozilla/4.0 (compatible; MSIE 7.0; Windows NT 5.1; .NET CLR 1.1.4322)"
80.120.103.54 - - [23/Mar/2009:10:24:35 +0000] "GET /Home/Ergebnisse-hotel--102.html HTTP/1.1" 200 34200 "http://www.sewahotel.com/de/ergebnisse-hotel.html?pid=109&rid=1" "Mozilla/4.0 (compatible; MSIE 7.0; Windows NT 5.1; .NET CLR 1.1.4322)"
194.8.75.103 - - [23/Mar/2009:10:24:48 +0000] "GET /Home/Buchen--19.html HTTP/1.1" 200 23985 "http://www.sewahotel.com/de/buchen.html?pid=0&rid=0" "Mozilla/3.0 (compatible; WebCapture 2.0; Auto; Windows)"
91.205.124.9 - - [23/Mar/2009:10:24:49 +0000] "GET /Home/Specials/Familienurlaub--109.html HTTP/1.1" 200 26347 "" "Yanga WorldSearch Bot v1.1/beta (http://www.yanga.co.uk/)"
88.131.106.15 - - [23/Mar/2009:10:24:50 +0000] "GET /Home--1.html HTTP/1.1" 200 25019 "" "Speedy Spider (http://www.entireweb.com/about/search_tech/speedy_spider/)"
194.8.75.103 - - [23/Mar/2009:10:24:50 +0000] "GET /Home/Best__tigung--64.html HTTP/1.1" 200 22537 "http://www.sewahotel.com/de/buchen.html?pid=0&rid=0" "Mozilla/3.0 (compatible; WebCapture 2.0; Auto; Windows)"
66.249.65.145 - - [23/Mar/2009:10:24:55 +0000] "GET /Home/Details--20.html HTTP/1.1" 200 54449 "" "Mozilla/5.0 (compatible; Googlebot/2.1; +http://www.google.com/bot.html)"
72.30.65.29 - - [23/Mar/2009:10:25:17 +0000] "GET /Home/Wetter/Bergwetter--42.html HTTP/1.1" 200 10653 "" "Mozilla/5.0 (compatible; Yahoo! Slurp/3.0; http://help.yahoo.com/help/us/ysearch/slurp)"
66.249.65.145 - - [23/Mar/2009:10:25:32 +0000] "GET /Home/Details--20.html HTTP/1.1" 200 43036 "" "Mozilla/5.0 (compatible; Googlebot/2.1; +http://www.google.com/bot.html)"
91.205.124.9 - - [23/Mar/2009:10:25:49 +0000] "GET /Home/Specials/Skiurlaub--110.html HTTP/1.1" 200 24809 "" "Yanga WorldSearch Bot v1.1/beta (http://www.yanga.co.uk/)"
91.205.124.9 - - [23/Mar/2009:10:26:50 +0000] "GET /Home/Specials/Motorradurlaub--141.html HTTP/1.1" 200 15618 "" "Yanga WorldSearch Bot v1.1/beta (http://www.yanga.co.uk/)"
66.249.65.145 - - [23/Mar/2009:10:26:57 +0000] "GET /Home/Details--20.html HTTP/1.1" 200 51363 "" "Mozilla/5.0 (compatible; Googlebot/2.1; +http://www.google.com/bot.html)"
66.249.65.145 - - [23/Mar/2009:10:27:01 +0000] "GET /Home/Unsere_Hotels/Dolomiten--53.html HTTP/1.1" 200 39831 "" "Mozilla/5.0 (compatible; Googlebot/2.1; +http://www.google.com/bot.html)"
66.249.65.145 - - [23/Mar/2009:10:27:04 +0000] "GET /Home/Details--20.html HTTP/1.1" 200 40213 "" "Mozilla/5.0 (compatible; Googlebot/2.1; +http://www.google.com/bot.html)"
91.205.124.9 - - [23/Mar/2009:10:27:52 +0000] "GET /Home/Specials/Lastminuteurlaub--111.html HTTP/1.1" 200 16976 "" "Yanga WorldSearch Bot v1.1/beta (http://www.yanga.co.uk/)"
91.205.124.9 - - [23/Mar/2009:10:28:52 +0000] "GET /Home/Specials/Regionen--133.html HTTP/1.1" 200 13066 "" "Yanga WorldSearch Bot v1.1/beta (http://www.yanga.co.uk/)"
66.249.65.145 - - [23/Mar/2009:10:29:15 +0000] "GET /Home/Specials--60.html HTTP/1.1" 200 33572 "" "Mozilla/5.0 (compatible; Googlebot/2.1; +http://www.google.com/bot.html)"
72.30.65.29 - - [23/Mar/2009:10:29:35 +0000] "GET /Home/Wetter/Bergwetter--42.html HTTP/1.1" 200 10653 "" "Mozilla/5.0 (compatible; Yahoo! Slurp/3.0; http://help.yahoo.com/help/us/ysearch/slurp)"
91.205.124.9 - - [23/Mar/2009:10:29:55 +0000] "GET /Home--1.html HTTP/1.1" 200 25304 "" "Yanga WorldSearch Bot v1.1/beta (http://www.yanga.co.uk/)"
91.205.124.9 - - [23/Mar/2009:10:30:56 +0000] "GET /Home--1.html HTTP/1.1" 200 25019 "" "Yanga WorldSearch Bot v1.1/beta (http://www.yanga.co.uk/)"
66.249.65.145 - - [23/Mar/2009:10:31:25 +0000] "GET /Home/Details--20.html HTTP/1.1" 200 52451 "" "Mozilla/5.0 (compatible; Googlebot/2.1; +http://www.google.com/bot.html)"
66.249.65.145 - - [23/Mar/2009:10:31:31 +0000] "GET /Home/Details--20.html HTTP/1.1" 200 53349 "" "Mozilla/5.0 (compatible; Googlebot/2.1; +http://www.google.com/bot.html)"
91.205.124.9 - - [23/Mar/2009:10:31:58 +0000] "GET /Home--1.html HTTP/1.1" 200 24682 "" "Yanga WorldSearch Bot v1.1/beta (http://www.yanga.co.uk/)"
212.185.124.98 - - [23/Mar/2009:10:32:39 +0000] "GET /Home--1.html HTTP/1.1" 200 25304 "http://sewaservice.com/kastelruth.html" "Mozilla/4.0 (compatible; MSIE 6.0; Windows NT 5.1; SV1; .NET CLR 1.1.4322; InfoPath.1; .NET CLR 2.0.50727)"
91.205.124.9 - - [23/Mar/2009:10:33:00 +0000] "GET /Home/Finden___Buchen--2.html HTTP/1.1" 200 46962 "" "Yanga WorldSearch Bot v1.1/beta (http://www.yanga.co.uk/)"
171.18.29.130 - - [23/Mar/2009:10:33:10 +0000] "GET /Home--1.html HTTP/1.1" 200 25304 "http://www.meinsuedtirol.com/response2.2002.0.html" "Mozilla/4.0 (compatible; MSIE 6.0; Windows NT 5.1; SV1; .NET CLR 2.0.50727)"
171.18.29.130 - - [23/Mar/2009:10:33:19 +0000] "GET /Home/Unsere_Hotels/Meraner_Land--51.html HTTP/1.1" 200 74302 "http://www.sewahotel.com/" "Mozilla/4.0 (compatible; MSIE 6.0; Windows NT 5.1; SV1; .NET CLR 2.0.50727)"
88.131.106.15 - - [23/Mar/2009:10:33:22 +0000] "GET /Home/Unsere_Hotels/Vinschgau--57.html HTTP/1.1" 200 22664 "" "Speedy Spider (http://www.entireweb.com/about/search_tech/speedy_spider/)"
66.249.65.145 - - [23/Mar/2009:10:33:33 +0000] "GET /Home/Details--20.html HTTP/1.1" 200 43805 "" "Mozilla/5.0 (compatible; Googlebot/2.1; +http://www.google.com/bot.html)"
66.249.65.145 - - [23/Mar/2009:10:33:35 +0000] "GET /Home/Details--20.html HTTP/1.1" 200 42121 "" "Mozilla/5.0 (compatible; Googlebot/2.1; +http://www.google.com/bot.html)"
171.18.29.130 - - [23/Mar/2009:10:33:38 +0000] "GET /Home/Details--20.html HTTP/1.1" 200 41465 "http://www.sewahotel.com/de/unsere-hotels/meraner-land.html" "Mozilla/4.0 (compatible; MSIE 6.0; Windows NT 5.1; SV1; .NET CLR 2.0.50727)"
91.205.124.9 - - [23/Mar/2009:10:34:04 +0000] "GET /Home/Specials--60.html HTTP/1.1" 200 15515 "" "Yanga WorldSearch Bot v1.1/beta (http://www.yanga.co.uk/)"
171.18.29.130 - - [23/Mar/2009:10:34:07 +0000] "GET /Home/Unsere_Hotels/Meraner_Land--51.html HTTP/1.1" 200 74376 "http://www.sewahotel.com/" "Mozilla/4.0 (compatible; MSIE 6.0; Windows NT 5.1; SV1; .NET CLR 2.0.50727)"
171.18.29.130 - - [23/Mar/2009:10:34:09 +0000] "GET /Home--1.html HTTP/1.1" 200 25304 "http://www.meinsuedtirol.com/response2.2002.0.html" "Mozilla/4.0 (compatible; MSIE 6.0; Windows NT 5.1; SV1; .NET CLR 2.0.50727)"
67.195.37.170 - - [23/Mar/2009:10:34:17 +0000] "GET /Home/Details--20.html HTTP/1.1" 200 40044 "" "Mozilla/5.0 (compatible; Yahoo! Slurp/3.0; http://help.yahoo.com/help/us/ysearch/slurp)"
171.18.29.130 - - [23/Mar/2009:10:34:51 +0000] "GET /Home/Ergebnisse--18.html HTTP/1.1" 200 39794 "http://www.sewahotel.com/" "Mozilla/4.0 (compatible; MSIE 6.0; Windows NT 5.1; SV1; .NET CLR 2.0.50727)"
91.205.124.9 - - [23/Mar/2009:10:35:04 +0000] "GET /Home/Lastminute--63.html HTTP/1.1" 200 36016 "" "Yanga WorldSearch Bot v1.1/beta (http://www.yanga.co.uk/)"
66.249.65.145 - - [23/Mar/2009:10:35:45 +0000] "GET /Home/Details--20.html HTTP/1.1" 200 40213 "" "Mozilla/5.0 (compatible; Googlebot/2.1; +http://www.google.com/bot.html)"
171.18.29.130 - - [23/Mar/2009:10:35:59 +0000] "GET /Home/Details--20.html HTTP/1.1" 200 51533 "http://www.sewahotel.com/de/ergebnisse.html?pid=11&rid=62" "Mozilla/4.0 (compatible; MSIE 6.0; Windows NT 5.1; SV1; .NET CLR 2.0.50727)"
194.8.75.103 - - [23/Mar/2009:10:36:06 +0000] "GET /Home/Buchen--19.html HTTP/1.1" 200 23985 "http://www.sewahotel.com/de/buchen.html?pid=0&rid=0" "Mozilla/4.0 (compatible; MSIE 5.0; Windows 95) Opera 6.01 [en]"
91.205.124.9 - - [23/Mar/2009:10:36:07 +0000] "GET /Home/Unsere_Hotels--7.html HTTP/1.1" 200 15540 "" "Yanga WorldSearch Bot v1.1/beta (http://www.yanga.co.uk/)"
194.8.75.103 - - [23/Mar/2009:10:36:08 +0000] "GET /Home/Best__tigung--64.html HTTP/1.1" 200 23598 "http://www.sewahotel.com/de/buchen.html?pid=0&rid=0" "Mozilla/4.0 (compatible; MSIE 5.0; Windows 95) Opera 6.01 [en]"
66.249.65.145 - - [23/Mar/2009:10:36:12 +0000] "GET /Home/Details--20.html HTTP/1.1" 200 44062 "" "Mozilla/5.0 (compatible; Googlebot/2.1; +http://www.google.com/bot.html)"
91.205.124.9 - - [23/Mar/2009:10:37:08 +0000] "GET /Home/Wetter/Aktuelles_Wetter--44.html HTTP/1.1" 200 12224 "" "Yanga WorldSearch Bot v1.1/beta (http://www.yanga.co.uk/)"
171.18.29.130 - - [23/Mar/2009:10:37:36 +0000] "GET /Home--1.html HTTP/1.1" 200 25304 "http://www.meinsuedtirol.com/response2.2002.0.html" "Mozilla/4.0 (compatible; MSIE 6.0; Windows NT 5.1; SV1; .NET CLR 2.0.50727)"
66.249.65.145 - - [23/Mar/2009:10:37:56 +0000] "GET /Home/Details--20.html HTTP/1.1" 200 43933 "" "Mozilla/5.0 (compatible; Googlebot/2.1; +http://www.google.com/bot.html)"
65.55.105.192 - - [23/Mar/2009:10:38:10 +0000] "GET /Home/Lastminute--63.html HTTP/1.1" 200 43802 "" "msnbot/1.1 (+http://search.msn.com/msnbot.htm)"
91.205.124.9 - - [23/Mar/2009:10:38:10 +0000] "GET /Home/__ber_uns--65.html HTTP/1.1" 200 13296 "" "Yanga WorldSearch Bot v1.1/beta (http://www.yanga.co.uk/)"
65.55.105.192 - - [23/Mar/2009:10:38:10 +0000] "GET /Home/Lastminute--63.html HTTP/1.1" 200 50006 "" "msnbot/1.1 (+http://search.msn.com/msnbot.htm)"
65.55.110.157 - - [23/Mar/2009:10:38:29 +0000] "GET /Home/Lastminute--63.html HTTP/1.1" 200 42144 "http://search.live.com/results.aspx?q=hotels" "Mozilla/4.0 (compatible; MSIE 6.0; Windows NT 5.2; SV1; .NET CLR 1.1.4322)"
65.55.109.141 - - [23/Mar/2009:10:38:31 +0000] "GET /Home/Lastminute--63.html HTTP/1.1" 200 37625 "http://search.live.com/results.aspx?q=hotel" "Mozilla/4.0 (compatible; MSIE 6.0; Windows NT 5.2; SV1; .NET CLR 1.1.4322)"
66.249.65.145 - - [23/Mar/2009:10:38:52 +0000] "GET /Home/Details--20.html HTTP/1.1" 200 45825 "" "Mozilla/5.0 (compatible; Googlebot/2.1; +http://www.google.com/bot.html)"
91.205.124.9 - - [23/Mar/2009:10:39:12 +0000] "GET /Home/Anfrage--112.html HTTP/1.1" 200 17675 "" "Yanga WorldSearch Bot v1.1/beta (http://www.yanga.co.uk/)"
66.249.65.145 - - [23/Mar/2009:10:40:06 +0000] "GET /Home/Details--20.html HTTP/1.1" 200 43838 "" "Mozilla/5.0 (compatible; Googlebot/2.1; +http://www.google.com/bot.html)"
65.55.105.207 - - [23/Mar/2009:10:40:10 +0000] "GET /Home/Finden___Buchen--2.html HTTP/1.1" 200 37590 "" "msnbot/1.1 (+http://search.msn.com/msnbot.htm)"
91.205.124.9 - - [23/Mar/2009:10:40:14 +0000] "GET /Home/F__r_Hotels--75.html HTTP/1.1" 200 17272 "" "Yanga WorldSearch Bot v1.1/beta (http://www.yanga.co.uk/)"
194.8.75.175 - - [23/Mar/2009:10:40:22 +0000] "GET /Home/Buchen--19.html HTTP/1.1" 200 23985 "http://www.sewahotel.com/de/buchen.html?pid=0&rid=0" "Mozilla/5.0 (Windows; U; Windows NT 5.1; en-US; rv:1.9a1) Gecko/20060612 Minefield/3.0a1"
194.8.75.175 - - [23/Mar/2009:10:40:22 +0000] "GET /Home/Best__tigung--64.html HTTP/1.1" 200 23585 "http://www.sewahotel.com/de/buchen.html?pid=0&rid=0" "Mozilla/5.0 (Windows; U; Windows NT 5.1; en-US; rv:1.9a1) Gecko/20060612 Minefield/3.0a1"
194.8.74.11 - - [23/Mar/2009:10:40:25 +0000] "GET /Home/Buchen--19.html HTTP/1.1" 200 23985 "" "Opera/8.01 (Windows NT 5.1)"
194.8.74.11 - - [23/Mar/2009:10:40:29 +0000] "GET /Home/Best__tigung--64.html HTTP/1.1" 200 26751 "http://www.sewahotel.com/de/buchen.html?pid=0&rid=0" "Opera/8.01 (Windows NT 5.1)"
194.8.74.11 - - [23/Mar/2009:10:40:37 +0000] "GET /Home/Buchen--19.html HTTP/1.1" 200 23985 "" "Mozilla/4.0 (compatible; MSIE 6.0; Windows NT 5.0; Avant Browser [avantbrowser.com]; Hotbar 4.4.5.0)"
88.131.106.15 - - [23/Mar/2009:10:40:39 +0000] "GET /Home/Events/Liste--46.html HTTP/1.1" 200 4887 "" "Speedy Spider (http://www.entireweb.com/about/search_tech/speedy_spider/)"
194.8.74.11 - - [23/Mar/2009:10:40:40 +0000] "GET /Home/Best__tigung--64.html HTTP/1.1" 200 27525 "http://www.sewahotel.com/de/buchen.html?pid=0&rid=0" "Mozilla/4.0 (compatible; MSIE 6.0; Windows NT 5.0; Avant Browser [avantbrowser.com]; Hotbar 4.4.5.0)"
65.55.108.241 - - [23/Mar/2009:10:41:06 +0000] "GET /Home/Lastminute--63.html HTTP/1.1" 200 26535 "" "msnbot-media/1.1 (+http://search.msn.com/msnbot.htm)"
91.205.124.9 - - [23/Mar/2009:10:41:16 +0000] "GET /Home/Reisef__hrer_S__dtirol--80.html HTTP/1.1" 200 20913 "" "Yanga WorldSearch Bot v1.1/beta (http://www.yanga.co.uk/)"
66.249.65.145 - - [23/Mar/2009:10:41:32 +0000] "GET /Home/Details--20.html HTTP/1.1" 200 43801 "" "Mozilla/5.0 (compatible; Googlebot/2.1; +http://www.google.com/bot.html)"
66.249.65.145 - - [23/Mar/2009:10:41:33 +0000] "GET /Home/Lastminute--63.html HTTP/1.1" 200 34620 "" "Mozilla/5.0 (compatible; Googlebot/2.1; +http://www.google.com/bot.html)"
66.249.65.145 - - [23/Mar/2009:10:41:34 +0000] "GET /Home/Details--20.html HTTP/1.1" 200 43003 "" "Mozilla/5.0 (compatible; Googlebot/2.1; +http://www.google.com/bot.html)"
66.249.65.145 - - [23/Mar/2009:10:41:36 +0000] "GET /Home/Details--20.html HTTP/1.1" 200 37372 "" "Mozilla/5.0 (compatible; Googlebot/2.1; +http://www.google.com/bot.html)"
66.249.65.145 - - [23/Mar/2009:10:42:16 +0000] "GET /Home/Details--20.html HTTP/1.1" 200 54995 "" "Mozilla/5.0 (compatible; Googlebot/2.1; +http://www.google.com/bot.html)"
84.18.148.12 - - [23/Mar/2009:10:42:18 +0000] "GET /Home/Details--20.html HTTP/1.1" 200 40057 "" "Mozilla/4.0 (compatible; MSIE 7.0; Windows NT 6.0; GTB5; SLCC1; .NET CLR 2.0.50727; .NET CLR 3.0.04506)"
171.18.29.130 - - [23/Mar/2009:10:43:01 +0000] "GET /Home/Details--20.html HTTP/1.1" 200 37978 "" "Mozilla/4.0 (compatible; MSIE 6.0; Windows NT 5.1; SV1; .NET CLR 2.0.50727)"
171.18.29.130 - - [23/Mar/2009:10:43:49 +0000] "GET /Home/Anfrage--112.html HTTP/1.1" 200 17930 "http://www.sewahotel.com/de/details.html?pid=1&rid=1&lang=de&hotel_id=234" "Mozilla/4.0 (compatible; MSIE 6.0; Windows NT 5.1; SV1; .NET CLR 2.0.50727)"
66.249.65.145 - - [23/Mar/2009:10:43:53 +0000] "GET /Home/Lastminute--63.html HTTP/1.1" 200 22133 "" "Mozilla/5.0 (compatible; Googlebot/2.1; +http://www.google.com/bot.html)"
66.249.65.145 - - [23/Mar/2009:10:43:55 +0000] "GET /Home/Reisef__hrer_S__dtirol--80.html HTTP/1.1" 200 21407 "" "Mozilla/5.0 (compatible; Googlebot/2.1; +http://www.google.com/bot.html)"
66.249.65.145 - - [23/Mar/2009:10:43:56 +0000] "GET /Home/Details--20.html HTTP/1.1" 200 43304 "" "Mozilla/5.0 (compatible; Googlebot/2.1; +http://www.google.com/bot.html)"
66.249.65.145 - - [23/Mar/2009:10:43:58 +0000] "GET /Home/Specials--60.html HTTP/1.1" 200 13186 "" "Mozilla/5.0 (compatible; Googlebot/2.1; +http://www.google.com/bot.html)"
66.249.65.145 - - [23/Mar/2009:10:43:59 +0000] "GET /Home/Details--20.html HTTP/1.1" 200 49134 "" "Mozilla/5.0 (compatible; Googlebot/2.1; +http://www.google.com/bot.html)"
66.249.65.145 - - [23/Mar/2009:10:44:01 +0000] "GET /Home/Specials--60.html HTTP/1.1" 200 67076 "" "Mozilla/5.0 (compatible; Googlebot/2.1; +http://www.google.com/bot.html)"
66.249.65.145 - - [23/Mar/2009:10:44:02 +0000] "GET /Home/Details--20.html HTTP/1.1" 200 38213 "" "Mozilla/5.0 (compatible; Googlebot/2.1; +http://www.google.com/bot.html)"
66.249.65.145 - - [23/Mar/2009:10:44:04 +0000] "GET /Home/Reisef__hrer_S__dtirol--80.html HTTP/1.1" 200 21407 "" "Mozilla/5.0 (compatible; Googlebot/2.1; +http://www.google.com/bot.html)"
66.249.65.145 - - [23/Mar/2009:10:44:05 +0000] "GET /Home/Details--20.html HTTP/1.1" 200 44345 "" "Mozilla/5.0 (compatible; Googlebot/2.1; +http://www.google.com/bot.html)"
66.249.65.145 - - [23/Mar/2009:10:44:07 +0000] "GET /Home/Specials--60.html HTTP/1.1" 200 64844 "" "Mozilla/5.0 (compatible; Googlebot/2.1; +http://www.google.com/bot.html)"
67.195.37.170 - - [23/Mar/2009:10:44:07 +0000] "GET /Home/Finden___Buchen--2.html HTTP/1.1" 200 31806 "" "Mozilla/5.0 (compatible; Yahoo! Slurp/3.0; http://help.yahoo.com/help/us/ysearch/slurp)"
66.249.65.145 - - [23/Mar/2009:10:44:08 +0000] "GET /Home/Specials--60.html HTTP/1.1" 200 65749 "" "Mozilla/5.0 (compatible; Googlebot/2.1; +http://www.google.com/bot.html)"
66.249.65.145 - - [23/Mar/2009:10:44:10 +0000] "GET /Home/Details--20.html HTTP/1.1" 200 53753 "" "Mozilla/5.0 (compatible; Googlebot/2.1; +http://www.google.com/bot.html)"
66.249.65.145 - - [23/Mar/2009:10:44:26 +0000] "GET /Home/Details--20.html HTTP/1.1" 200 55052 "" "Mozilla/5.0 (compatible; Googlebot/2.1; +http://www.google.com/bot.html)"
217.199.20.109 - - [23/Mar/2009:10:45:22 +0000] "GET /Home/Details-hotel--105.html HTTP/1.1" 200 60758 "http://www.hotelwilma.com/index.php?id=1" "Mozilla/5.0 (Windows; U; Windows NT 5.1; en-US) AppleWebKit/525.19 (KHTML, like Gecko) Chrome/1.0.154.48 Safari/525.19"
65.55.105.207 - - [23/Mar/2009:10:45:31 +0000] "GET /Home/Details--20.html HTTP/1.1" 200 58846 "" "msnbot/1.1 (+http://search.msn.com/msnbot.htm)"
83.233.30.104 - - [23/Mar/2009:10:45:50 +0000] "GET /Home/Details-hotel--105.html HTTP/1.1" 200 45249 "http://www.sewahotel.com/de/details-hotel.html" "Mozilla/4.0 (compatible; MSIE 6.0; Windows NT 5.1; SV1; .NET CLR 1.1.4322)"
65.55.109.144 - - [23/Mar/2009:10:45:56 +0000] "GET /Home/Details--20.html HTTP/1.1" 200 57997 "http://search.live.com/results.aspx?q=adige" "Mozilla/4.0 (compatible; MSIE 6.0; Windows NT 5.2; SV1; .NET CLR 1.1.4322)"
194.8.75.212 - - [23/Mar/2009:10:46:20 +0000] "GET /Home/Buchen--19.html HTTP/1.1" 200 23985 "" "Mozilla/4.0 (compatible; MSIE 6.0; Windows NT 5.1; KKman2.0)"
194.8.75.212 - - [23/Mar/2009:10:46:20 +0000] "GET /Home/Best__tigung--64.html HTTP/1.1" 200 18912 "http://www.sewahotel.com/de/buchen.html?pid=0&rid=0" "Mozilla/4.0 (compatible; MSIE 6.0; Windows NT 5.1; KKman2.0)"
66.249.65.145 - - [23/Mar/2009:10:46:36 +0000] "GET /Home/Details--20.html HTTP/1.1" 200 48508 "" "Mozilla/5.0 (compatible; Googlebot/2.1; +http://www.google.com/bot.html)"
66.249.65.145 - - [23/Mar/2009:10:46:53 +0000] "GET /Home/Details--20.html HTTP/1.1" 200 30301 "" "Mozilla/5.0 (compatible; Googlebot/2.1; +http://www.google.com/bot.html)"
67.195.37.170 - - [23/Mar/2009:10:47:42 +0000] "GET /Home/Details--20.html HTTP/1.1" 200 36038 "" "Mozilla/5.0 (compatible; Yahoo! Slurp/3.0; http://help.yahoo.com/help/us/ysearch/slurp)"
66.249.65.145 - - [23/Mar/2009:10:48:47 +0000] "GET /Home/Details--20.html HTTP/1.1" 200 38452 "" "Mozilla/5.0 (compatible; Googlebot/2.1; +http://www.google.com/bot.html)"
194.8.75.214 - - [23/Mar/2009:10:49:05 +0000] "GET /Home/Buchen--19.html HTTP/1.1" 200 23985 "" "Mozilla/4.0 (compatible; MSIE 6.0; Windows NT 5.1; en) Opera 9.0"
