66.249.65.145 - - [23/Mar/2009:14:40:56 +0000] "GET /Home/Details--20.html HTTP/1.1" 200 58101 "" "Mozilla/5.0 (compatible; Googlebot/2.1; +http://www.google.com/bot.html)"
91.207.5.74 - - [23/Mar/2009:14:41:04 +0000] "GET /Home/Details-hotel--105.html HTTP/1.1" 200 45249 "http://www.sewahotel.com/de/details-hotel.html" "Mozilla/4.0 (compatible; MSIE 6.0; Windows NT 5.1; SV1; .NET CLR 1.1.4322)"
134.94.150.166 - - [23/Mar/2009:14:41:11 +0000] "GET /Home/Details--20.html HTTP/1.1" 200 40096 "http://www.sewahotel.com/de/unsere-hotels/suedtirols-sueden.html" "Mozilla/4.0 (compatible; MSIE 7.0; Windows NT 5.1; AntivirXP08; GTB5; .NET CLR 1.1.4322; .NET CLR 2.0.50727; .NET CLR 3.0.04506.30; .NET CLR 3.0.04506.648; .NET CLR 3.0.4506.2152; .NET CLR 3.5.30729)"
72.30.65.29 - - [23/Mar/2009:14:42:19 +0000] "GET /Home/Unsere_Hotels--7.html HTTP/1.1" 200 17136 "" "Mozilla/5.0 (compatible; Yahoo! Slurp/3.0; http://help.yahoo.com/help/us/ysearch/slurp)"
66.249.65.145 - - [23/Mar/2009:14:42:20 +0000] "GET /Home/Unsere_Hotels/Vinschgau--57.html HTTP/1.1" 200 27132 "" "Mozilla/5.0 (compatible; Googlebot/2.1; +http://www.google.com/bot.html)"
134.94.150.166 - - [23/Mar/2009:14:42:23 +0000] "GET /Home/Details--20.html HTTP/1.1" 200 44231 "http://www.sewahotel.com/de/unsere-hotels/suedtirols-sueden.html" "Mozilla/4.0 (compatible; MSIE 7.0; Windows NT 5.1; AntivirXP08; GTB5; .NET CLR 1.1.4322; .NET CLR 2.0.50727; .NET CLR 3.0.04506.30; .NET CLR 3.0.04506.648; .NET CLR 3.0.4506.2152; .NET CLR 3.5.30729)"
67.195.37.170 - - [23/Mar/2009:14:42:51 +0000] "GET /Home/Unsere_Hotels--7.html HTTP/1.1" 200 13942 "" "Mozilla/5.0 (compatible; Yahoo! Slurp/3.0; http://help.yahoo.com/help/us/ysearch/slurp)"
66.249.65.145 - - [23/Mar/2009:14:43:06 +0000] "GET /Home/Details--20.html HTTP/1.1" 200 46531 "" "Mozilla/5.0 (compatible; Googlebot/2.1; +http://www.google.com/bot.html)"
65.55.105.193 - - [23/Mar/2009:14:43:28 +0000] "GET /Home/Details--20.html HTTP/1.1" 200 41669 "" "msnbot/1.1 (+http://search.msn.com/msnbot.htm)"
62.159.232.140 - - [23/Mar/2009:14:44:25 +0000] "GET /Home/Details--20.html HTTP/1.1" 200 39056 "http://images.google.de/imgres?imgurl=http://suedtirol-information.com/img/img_140x100/10043229024422590cbbf257.88203754HotelvonObenklein.jpg&imgrefurl=http://www.sewahotel.com/de/details.html%3Fpid%3D11%26rid%3D62%26lang%3Dde%26hotel_id%3D181&usg=__pEoVQ6QNRkaEwx0ppRvwtkj8T8A=&h=88&w=140&sz=5&hl=de&start=11&um=1&tbnid=BInz-BIagmdmDM:&tbnh=58&tbnw=93&prev=/images%3Fq%3DHotel%2BSerafino%2BRuffre%2BS%25C3%25BCdtirol%26hl%3Dde%26sa%3DN%26um%3D1" "Mozilla/4.0 (compatible; MSIE 6.0; Windows NT 5.1; SV1; .NET CLR 2.0.50727)"
62.159.232.140 - - [23/Mar/2009:14:44:29 +0000] "GET /Home/Details--20.html HTTP/1.1" 200 39056 "http://images.google.de/imgres?imgurl=http://suedtirol-information.com/img/img_140x100/10043229024422590cbbf257.88203754HotelvonObenklein.jpg&imgrefurl=http://www.sewahotel.com/de/details.html%3Fpid%3D11%26rid%3D62%26lang%3Dde%26hotel_id%3D181&usg=__pEoVQ6QNRkaEwx0ppRvwtkj8T8A=&h=88&w=140&sz=5&hl=de&start=11&um=1&tbnid=BInz-BIagmdmDM:&tbnh=58&tbnw=93&prev=/images%3Fq%3DHotel%2BSerafino%2BRuffre%2BS%25C3%25BCdtirol%26hl%3Dde%26sa%3DN%26um%3D1" "Mozilla/4.0 (compatible; MSIE 6.0; Windows NT 5.1; SV1; .NET CLR 2.0.50727)"
67.195.37.170 - - [23/Mar/2009:14:44:31 +0000] "GET /Home/Specials/Motorradurlaub--141.html HTTP/1.1" 200 18078 "" "Mozilla/5.0 (compatible; Yahoo! Slurp/3.0; http://help.yahoo.com/help/us/ysearch/slurp)"
67.195.37.170 - - [23/Mar/2009:14:44:40 +0000] "GET /Home/Specials/Stadturlaub--108.html HTTP/1.1" 200 13006 "" "Mozilla/5.0 (compatible; Yahoo! Slurp/3.0; http://help.yahoo.com/help/us/ysearch/slurp)"
66.249.65.145 - - [23/Mar/2009:14:44:55 +0000] "GET /Home/Details--20.html HTTP/1.1" 200 62661 "" "Mozilla/5.0 (compatible; Googlebot/2.1; +http://www.google.com/bot.html)"
66.249.65.145 - - [23/Mar/2009:14:44:56 +0000] "GET /Home/Details--20.html HTTP/1.1" 200 49751 "" "Mozilla/5.0 (compatible; Googlebot/2.1; +http://www.google.com/bot.html)"
66.249.65.145 - - [23/Mar/2009:14:44:57 +0000] "GET /Home/Details--20.html HTTP/1.1" 200 47773 "" "Mozilla/5.0 (compatible; Googlebot/2.1; +http://www.google.com/bot.html)"
66.249.65.145 - - [23/Mar/2009:14:45:00 +0000] "GET /Home/Details--20.html HTTP/1.1" 200 36164 "" "Mozilla/5.0 (compatible; Googlebot/2.1; +http://www.google.com/bot.html)"
66.249.65.145 - - [23/Mar/2009:14:45:15 +0000] "GET /Home/Details--20.html HTTP/1.1" 200 44888 "" "Mozilla/5.0 (compatible; Googlebot/2.1; +http://www.google.com/bot.html)"
194.8.75.175 - - [23/Mar/2009:14:45:39 +0000] "GET /Home/Buchen--19.html HTTP/1.1" 200 23985 "http://www.sewahotel.com/de/buchen.html?pid=0&rid=0" "Opera/9.00 (Windows NT 5.1; U; en)"
194.8.75.175 - - [23/Mar/2009:14:45:41 +0000] "GET /Home/Best__tigung--64.html HTTP/1.1" 200 23960 "http://www.sewahotel.com/de/buchen.html?pid=0&rid=0" "Opera/9.00 (Windows NT 5.1; U; en)"
72.30.65.29 - - [23/Mar/2009:14:46:02 +0000] "GET /Home/__ber_uns--65.html HTTP/1.1" 200 12312 "" "Mozilla/5.0 (compatible; Yahoo! Slurp/3.0; http://help.yahoo.com/help/us/ysearch/slurp)"
88.131.106.15 - - [23/Mar/2009:14:46:07 +0000] "GET /Home/__ber_uns--65.html HTTP/1.1" 200 13296 "" "Speedy Spider (http://www.entireweb.com/about/search_tech/speedy_spider/)"
65.55.105.197 - - [23/Mar/2009:14:46:37 +0000] "GET /Home--1.html HTTP/1.1" 200 25228 "" "msnbot/1.1 (+http://search.msn.com/msnbot.htm)"
66.249.65.145 - - [23/Mar/2009:14:46:55 +0000] "GET /Home/Details--20.html HTTP/1.1" 200 48662 "" "Mozilla/5.0 (compatible; Googlebot/2.1; +http://www.google.com/bot.html)"
66.249.65.145 - - [23/Mar/2009:14:47:26 +0000] "GET /Home/Details--20.html HTTP/1.1" 200 46525 "" "Mozilla/5.0 (compatible; Googlebot/2.1; +http://www.google.com/bot.html)"
66.249.65.145 - - [23/Mar/2009:14:47:40 +0000] "GET /Home/Details--20.html HTTP/1.1" 200 42138 "" "Mozilla/5.0 (compatible; Googlebot/2.1; +http://www.google.com/bot.html)"
72.30.65.29 - - [23/Mar/2009:14:47:56 +0000] "GET /Home/Unsere_Hotels/Pustertal--59.html HTTP/1.1" 200 32336 "" "Mozilla/5.0 (compatible; Yahoo! Slurp/3.0; http://help.yahoo.com/help/us/ysearch/slurp)"
194.8.75.245 - - [23/Mar/2009:14:48:06 +0000] "GET /Home/Buchen--19.html HTTP/1.1" 200 23985 "" "Mozilla/4.0 (compatible; MSIE 6.0; Windows NT 5.1)"
194.8.75.245 - - [23/Mar/2009:14:48:08 +0000] "GET /Home/Best__tigung--64.html HTTP/1.1" 200 18661 "http://www.sewahotel.com/de/buchen.html?pid=0&rid=0" "Mozilla/4.0 (compatible; MSIE 6.0; Windows NT 5.1)"
72.30.65.29 - - [23/Mar/2009:14:48:57 +0000] "GET /Home/Specials--60.html HTTP/1.1" 200 13186 "" "Mozilla/5.0 (compatible; Yahoo! Slurp/3.0; http://help.yahoo.com/help/us/ysearch/slurp)"
72.30.65.29 - - [23/Mar/2009:14:49:09 +0000] "GET /Home/Details--20.html HTTP/1.1" 200 43941 "" "Mozilla/5.0 (compatible; Yahoo! Slurp/3.0; http://help.yahoo.com/help/us/ysearch/slurp)"
66.249.65.145 - - [23/Mar/2009:14:49:29 +0000] "GET /Home/Details--20.html HTTP/1.1" 200 47932 "" "Mozilla/5.0 (compatible; Googlebot/2.1; +http://www.google.com/bot.html)"
66.249.65.145 - - [23/Mar/2009:14:49:36 +0000] "GET /Home/Details--20.html HTTP/1.1" 200 48520 "" "Mozilla/5.0 (compatible; Googlebot/2.1; +http://www.google.com/bot.html)"
83.233.30.104 - - [23/Mar/2009:14:49:58 +0000] "GET /Home/Details-hotel--105.html HTTP/1.1" 200 45249 "http://www.sewahotel.com/de/details-hotel.html" "Mozilla/4.0 (compatible; MSIE 6.0; Windows NT 5.1; SV1; .NET CLR 1.1.4322)"
66.249.65.145 - - [23/Mar/2009:14:50:21 +0000] "GET /Home/Details--20.html HTTP/1.1" 200 32275 "" "Mozilla/5.0 (compatible; Googlebot/2.1; +http://www.google.com/bot.html)"
208.115.111.248 - - [23/Mar/2009:14:50:30 +0000] "GET /Home/Anfrage--112.html HTTP/1.1" 200 17314 "" "Mozilla/5.0 (compatible; DotBot/1.1; http://www.dotnetdotcom.org/, crawler@dotnetdotcom.org)"
208.115.111.248 - - [23/Mar/2009:14:50:36 +0000] "GET /Home/Anfrage--112.html HTTP/1.1" 200 17314 "" "Mozilla/5.0 (compatible; DotBot/1.1; http://www.dotnetdotcom.org/, crawler@dotnetdotcom.org)"
208.115.111.248 - - [23/Mar/2009:14:50:49 +0000] "GET /Home/Anfrage--112.html HTTP/1.1" 200 17314 "" "Mozilla/5.0 (compatible; DotBot/1.1; http://www.dotnetdotcom.org/, crawler@dotnetdotcom.org)"
208.115.111.248 - - [23/Mar/2009:14:50:53 +0000] "GET /Home/Specials--60.html HTTP/1.1" 200 13607 "" "Mozilla/5.0 (compatible; DotBot/1.1; http://www.dotnetdotcom.org/, crawler@dotnetdotcom.org)"
208.115.111.248 - - [23/Mar/2009:14:50:57 +0000] "GET /Home/Specials--60.html HTTP/1.1" 200 13607 "" "Mozilla/5.0 (compatible; DotBot/1.1; http://www.dotnetdotcom.org/, crawler@dotnetdotcom.org)"
208.115.111.248 - - [23/Mar/2009:14:51:02 +0000] "GET /Home/Specials--60.html HTTP/1.1" 200 13607 "" "Mozilla/5.0 (compatible; DotBot/1.1; http://www.dotnetdotcom.org/, crawler@dotnetdotcom.org)"
208.115.111.248 - - [23/Mar/2009:14:51:06 +0000] "GET /Home/Specials--60.html HTTP/1.1" 200 13607 "" "Mozilla/5.0 (compatible; DotBot/1.1; http://www.dotnetdotcom.org/, crawler@dotnetdotcom.org)"
208.115.111.248 - - [23/Mar/2009:14:51:10 +0000] "GET /Home/Specials--60.html HTTP/1.1" 200 13607 "" "Mozilla/5.0 (compatible; DotBot/1.1; http://www.dotnetdotcom.org/, crawler@dotnetdotcom.org)"
208.115.111.248 - - [23/Mar/2009:14:51:15 +0000] "GET /Home/Specials--60.html HTTP/1.1" 200 13607 "" "Mozilla/5.0 (compatible; DotBot/1.1; http://www.dotnetdotcom.org/, crawler@dotnetdotcom.org)"
208.115.111.248 - - [23/Mar/2009:14:51:21 +0000] "GET /Home/Specials--60.html HTTP/1.1" 200 13607 "" "Mozilla/5.0 (compatible; DotBot/1.1; http://www.dotnetdotcom.org/, crawler@dotnetdotcom.org)"
193.228.97.71 - - [23/Mar/2009:14:51:44 +0000] "GET /Home/Details--20.html HTTP/1.1" 200 43889 "" "Mozilla/4.0 (compatible; MSIE 6.0; Windows NT 5.1; SV1; InfoPath.1)"
66.249.65.145 - - [23/Mar/2009:14:51:49 +0000] "GET /Home/Details--20.html HTTP/1.1" 200 46379 "" "Mozilla/5.0 (compatible; Googlebot/2.1; +http://www.google.com/bot.html)"
66.249.65.145 - - [23/Mar/2009:14:51:52 +0000] "GET /Home/Details--20.html HTTP/1.1" 200 50093 "" "Mozilla/5.0 (compatible; Googlebot/2.1; +http://www.google.com/bot.html)"
217.202.119.57 - - [23/Mar/2009:14:52:16 +0000] "GET /Home--1.html HTTP/1.1" 200 25304 "http://www.meinsuedtirol.com/Garni-Truebenbach-Andrian-contact-information-.60.0.0.1200.1.html" "Mozilla/4.0 (compatible; MSIE 7.0; Windows NT 6.0; SLCC1; .NET CLR 2.0.50727; Media Center PC 5.0; .NET CLR 3.0.04506; .NET CLR 1.1.4322)"
65.55.105.193 - - [23/Mar/2009:14:52:16 +0000] "GET /Home/F__r_Hotels--75.html HTTP/1.1" 200 15767 "" "msnbot/1.1 (+http://search.msn.com/msnbot.htm)"
72.30.65.29 - - [23/Mar/2009:14:52:17 +0000] "GET /Home/Details--20.html HTTP/1.1" 200 54367 "" "Mozilla/5.0 (compatible; Yahoo! Slurp/3.0; http://help.yahoo.com/help/us/ysearch/slurp)"
217.202.119.57 - - [23/Mar/2009:14:52:49 +0000] "GET /Home--1.html HTTP/1.1" 200 25019 "http://www.sewahotel.com/" "Mozilla/4.0 (compatible; MSIE 7.0; Windows NT 6.0; SLCC1; .NET CLR 2.0.50727; Media Center PC 5.0; .NET CLR 3.0.04506; .NET CLR 1.1.4322)"
66.249.65.145 - - [23/Mar/2009:14:53:02 +0000] "GET /Home/Unsere_Hotels/Eisacktal--56.html HTTP/1.1" 200 37602 "" "Mozilla/5.0 (compatible; Googlebot/2.1; +http://www.google.com/bot.html)"
67.195.37.170 - - [23/Mar/2009:14:53:06 +0000] "GET /Home/Details--20.html HTTP/1.1" 200 52091 "" "Mozilla/5.0 (compatible; Yahoo! Slurp/3.0; http://help.yahoo.com/help/us/ysearch/slurp)"
217.202.119.57 - - [23/Mar/2009:14:53:26 +0000] "GET /Home/Anfrage--112.html HTTP/1.1" 200 16399 "http://www.sewahotel.com/it.html" "Mozilla/4.0 (compatible; MSIE 7.0; Windows NT 6.0; SLCC1; .NET CLR 2.0.50727; Media Center PC 5.0; .NET CLR 3.0.04506; .NET CLR 1.1.4322)"
65.55.105.209 - - [23/Mar/2009:14:53:32 +0000] "GET /Home/Details--20.html HTTP/1.1" 200 60944 "" "msnbot/1.1 (+http://search.msn.com/msnbot.htm)"
194.8.75.239 - - [23/Mar/2009:14:53:41 +0000] "GET /Home/Buchen--19.html HTTP/1.1" 200 23985 "" "Mozilla/4.0 (compatible; MSIE 6.0; Windows NT 5.1; SV1; InfoPath.1)"
194.8.75.239 - - [23/Mar/2009:14:53:41 +0000] "GET /Home/Best__tigung--64.html HTTP/1.1" 200 19631 "http://www.sewahotel.com/de/buchen.html?pid=0&rid=0" "Mozilla/4.0 (compatible; MSIE 6.0; Windows NT 5.1; SV1; InfoPath.1)"
66.249.65.145 - - [23/Mar/2009:14:53:57 +0000] "GET /Home/Specials--60.html HTTP/1.1" 200 23413 "" "Mozilla/5.0 (compatible; Googlebot/2.1; +http://www.google.com/bot.html)"
65.55.110.160 - - [23/Mar/2009:14:54:13 +0000] "GET /Home/Details--20.html HTTP/1.1" 200 60944 "http://search.live.com/results.aspx?q=hotel" "Mozilla/4.0 (compatible; MSIE 6.0; Windows NT 5.2; SV1; .NET CLR 1.1.4322)"
66.249.65.145 - - [23/Mar/2009:14:54:29 +0000] "GET /Home/Details--20.html HTTP/1.1" 200 49036 "" "Mozilla/5.0 (compatible; Googlebot/2.1; +http://www.google.com/bot.html)"
66.249.65.145 - - [23/Mar/2009:14:55:42 +0000] "GET /Home/Details--20.html HTTP/1.1" 200 31811 "" "Mozilla/5.0 (compatible; Googlebot/2.1; +http://www.google.com/bot.html)"
84.171.71.165 - - [23/Mar/2009:14:55:51 +0000] "GET /Home/Details--20.html HTTP/1.1" 200 43609 "http://www.meinsuedtirol.com/Residence-Stallelehof-Meran-.1888.0.0.1240.0.html" "Mozilla/5.0 (Windows; U; Windows NT 5.1; de; rv:1.9.0.7) Gecko/2009021910 Firefox/3.0.7"
66.249.65.145 - - [23/Mar/2009:14:56:06 +0000] "GET /Home/Details--20.html HTTP/1.1" 200 47183 "" "Mozilla/5.0 (compatible; Googlebot/2.1; +http://www.google.com/bot.html)"
84.81.57.137 - - [23/Mar/2009:14:56:37 +0000] "GET /Home/Ergebnisse-hotel--102.html HTTP/1.1" 200 103598 "" "Mozilla/4.0 (compatible; MSIE 7.0; Windows NT 5.1; GTB5; .NET CLR 1.0.3705; .NET CLR 1.1.4322; Media Center PC 4.0; .NET CLR 2.0.50727)"
84.171.71.165 - - [23/Mar/2009:14:57:13 +0000] "GET /Home/Details--20.html HTTP/1.1" 200 46120 "http://www.sewahotel.com/de/details.html?pid=11&rid=62&lang=de&hotel_id=266" "Mozilla/5.0 (Windows; U; Windows NT 5.1; de; rv:1.9.0.7) Gecko/2009021910 Firefox/3.0.7"
84.171.71.165 - - [23/Mar/2009:14:57:30 +0000] "GET /Home/Details--20.html HTTP/1.1" 200 46123 "http://www.sewahotel.com/de/details.html?pid=11&rid=62" "Mozilla/5.0 (Windows; U; Windows NT 5.1; de; rv:1.9.0.7) Gecko/2009021910 Firefox/3.0.7"
84.171.71.165 - - [23/Mar/2009:14:57:35 +0000] "GET /Home/Ergebnisse--18.html HTTP/1.1" 200 114516 "http://www.sewahotel.com/de/details.html?pid=11&rid=62" "Mozilla/5.0 (Windows; U; Windows NT 5.1; de; rv:1.9.0.7) Gecko/2009021910 Firefox/3.0.7"
84.81.57.137 - - [23/Mar/2009:14:57:38 +0000] "GET /Home/Ergebnisse-hotel--102.html HTTP/1.1" 200 106808 "http://www.sewahotel.com/de/ergebnisse-hotel.html?action=get_results&hotel_id=&pid=109&rid=1&lang=de&from_day=23&from_month=03&from_year=2009&to_day=24&to_month=03&to_year=2009&to_year=2009&typ=2&verpflegung=hp&anzahl_erw=2&alterkind1=&alterkind2=&alterkind3=&kat_art=A4" "Mozilla/4.0 (compatible; MSIE 7.0; Windows NT 5.1; GTB5; .NET CLR 1.0.3705; .NET CLR 1.1.4322; Media Center PC 4.0; .NET CLR 2.0.50727)"
65.55.105.206 - - [23/Mar/2009:14:57:50 +0000] "GET /Home/Details--20.html HTTP/1.1" 200 46719 "" "msnbot/1.1 (+http://search.msn.com/msnbot.htm)"
65.55.105.206 - - [23/Mar/2009:14:57:51 +0000] "GET /Home/Details--20.html HTTP/1.1" 200 40952 "" "msnbot/1.1 (+http://search.msn.com/msnbot.htm)"
84.171.71.165 - - [23/Mar/2009:14:57:59 +0000] "GET /Home/Details--20.html HTTP/1.1" 200 44682 "http://www.sewahotel.com/de/ergebnisse.html?pid=11&rid=62" "Mozilla/5.0 (Windows; U; Windows NT 5.1; de; rv:1.9.0.7) Gecko/2009021910 Firefox/3.0.7"
72.30.65.29 - - [23/Mar/2009:14:58:02 +0000] "GET /Home/Details--20.html HTTP/1.1" 200 40528 "" "Mozilla/5.0 (compatible; Yahoo! Slurp/3.0; http://help.yahoo.com/help/us/ysearch/slurp)"
62.159.232.140 - - [23/Mar/2009:14:58:04 +0000] "GET /Home/Details--20.html HTTP/1.1" 200 39056 "http://www.google.de/search?hl=de&q=monte+penegal+s%C3%BCdtirol+hotel&meta=" "Mozilla/4.0 (compatible; MSIE 6.0; Windows NT 5.1; SV1; .NET CLR 2.0.50727)"
66.249.65.145 - - [23/Mar/2009:14:58:17 +0000] "GET /Home/Details--20.html HTTP/1.1" 200 44518 "" "Mozilla/5.0 (compatible; Googlebot/2.1; +http://www.google.com/bot.html)"
66.249.65.145 - - [23/Mar/2009:14:58:22 +0000] "GET /Home/Details--20.html HTTP/1.1" 200 40256 "" "Mozilla/5.0 (compatible; Googlebot/2.1; +http://www.google.com/bot.html)"
84.81.57.137 - - [23/Mar/2009:14:58:45 +0000] "GET /Home/Details--20.html HTTP/1.1" 200 61709 "http://www.sewahotel.com/de/ergebnisse-hotel.html?pid=109&rid=1" "Mozilla/4.0 (compatible; MSIE 7.0; Windows NT 5.1; GTB5; .NET CLR 1.0.3705; .NET CLR 1.1.4322; Media Center PC 4.0; .NET CLR 2.0.50727)"
65.55.109.238 - - [23/Mar/2009:14:58:45 +0000] "GET /Home/Details--20.html HTTP/1.1" 200 46719 "http://search.live.com/results.aspx?q=hotel" "Mozilla/4.0 (compatible; MSIE 6.0; Windows NT 5.2; SV1; .NET CLR 1.1.4322)"
65.55.105.194 - - [23/Mar/2009:14:58:50 +0000] "GET /Home--1.html HTTP/1.1" 200 25304 "" "msnbot/1.1 (+http://search.msn.com/msnbot.htm)"
194.8.75.175 - - [23/Mar/2009:14:58:51 +0000] "GET /Home/Buchen--19.html HTTP/1.1" 200 23985 "http://www.sewahotel.com/de/buchen.html?pid=0&rid=0" "Mozilla/4.0 (compatible; MSIE 6.0; Windows NT 5.0; .NET CLR 1.0.3705; .NET CLR 1.1.4322)"
194.8.75.175 - - [23/Mar/2009:14:58:52 +0000] "GET /Home/Best__tigung--64.html HTTP/1.1" 200 23766 "http://www.sewahotel.com/de/buchen.html?pid=0&rid=0" "Mozilla/4.0 (compatible; MSIE 6.0; Windows NT 5.0; .NET CLR 1.0.3705; .NET CLR 1.1.4322)"
84.226.152.233 - - [23/Mar/2009:14:59:23 +0000] "GET /Home/Details--20.html HTTP/1.1" 200 32972 "" "Mozilla/4.0 (compatible; MSIE 7.0; Windows NT 6.0; SLCC1; .NET CLR 2.0.50727; Media Center PC 5.0; .NET CLR 3.0.04506; .NET CLR 1.1.4322)"
66.249.65.145 - - [23/Mar/2009:14:59:41 +0000] "GET /Home/Reisef__hrer_S__dtirol--80.html HTTP/1.1" 200 21407 "" "Mozilla/5.0 (compatible; Googlebot/2.1; +http://www.google.com/bot.html)"
66.249.65.145 - - [23/Mar/2009:15:00:27 +0000] "GET /Home/Details--20.html HTTP/1.1" 200 45227 "" "Mozilla/5.0 (compatible; Googlebot/2.1; +http://www.google.com/bot.html)"
194.8.75.103 - - [23/Mar/2009:15:00:48 +0000] "GET /Home/Buchen--19.html HTTP/1.1" 200 23985 "http://www.sewahotel.com/de/buchen.html?pid=0&rid=0" "Mozilla/5.0 (Windows; U; Windows NT 5.0; en-US; rv:0.9.4) Gecko/20011128 Netscape6/6.2.1"
194.8.75.103 - - [23/Mar/2009:15:00:49 +0000] "GET /Home/Best__tigung--64.html HTTP/1.1" 200 22591 "http://www.sewahotel.com/de/buchen.html?pid=0&rid=0" "Mozilla/5.0 (Windows; U; Windows NT 5.0; en-US; rv:0.9.4) Gecko/20011128 Netscape6/6.2.1"
66.249.65.145 - - [23/Mar/2009:15:01:03 +0000] "GET /Home/Details--20.html HTTP/1.1" 200 37184 "" "Mozilla/5.0 (compatible; Googlebot/2.1; +http://www.google.com/bot.html)"
67.195.37.170 - - [23/Mar/2009:15:01:10 +0000] "GET /Home/Details--20.html HTTP/1.1" 200 55425 "" "Mozilla/5.0 (compatible; Yahoo! Slurp/3.0; http://help.yahoo.com/help/us/ysearch/slurp)"
67.195.37.170 - - [23/Mar/2009:15:01:20 +0000] "GET /Home/Details--20.html HTTP/1.1" 200 45779 "" "Mozilla/5.0 (compatible; Yahoo! Slurp/3.0; http://help.yahoo.com/help/us/ysearch/slurp)"
65.55.105.207 - - [23/Mar/2009:15:01:34 +0000] "GET /Home/Details--20.html HTTP/1.1" 200 49353 "" "msnbot/1.1 (+http://search.msn.com/msnbot.htm)"
65.55.105.207 - - [23/Mar/2009:15:01:35 +0000] "GET /Home/Lastminute--63.html HTTP/1.1" 200 22967 "" "msnbot/1.1 (+http://search.msn.com/msnbot.htm)"
65.55.105.207 - - [23/Mar/2009:15:01:37 +0000] "GET /Home/Unsere_Hotels/__sterreich--79.html HTTP/1.1" 200 16527 "" "msnbot/1.1 (+http://search.msn.com/msnbot.htm)"
194.8.75.44 - - [23/Mar/2009:15:01:49 +0000] "GET /Home/Buchen--19.html HTTP/1.1" 200 23985 "" "Mozilla/4.0 (compatible; MSIE 6.0; Windows NT 5.1; FREE; .NET CLR 1.1.4322)"
194.8.75.44 - - [23/Mar/2009:15:01:49 +0000] "GET /Home/Best__tigung--64.html HTTP/1.1" 200 19793 "http://www.sewahotel.com/de/buchen.html?pid=0&rid=0" "Mozilla/4.0 (compatible; MSIE 6.0; Windows NT 5.1; FREE; .NET CLR 1.1.4322)"
65.55.109.239 - - [23/Mar/2009:15:02:03 +0000] "GET /Home/Details--20.html HTTP/1.1" 200 49353 "http://search.live.com/results.aspx?q=hotels" "Mozilla/4.0 (compatible; MSIE 6.0; Windows NT 5.2; SV1; .NET CLR 1.1.4322)"
194.8.75.239 - - [23/Mar/2009:15:02:08 +0000] "GET /Home/Buchen--19.html HTTP/1.1" 200 23985 "" "Mozilla/4.0 (compatible; MSIE 6.0; Windows NT 5.1; SV1; .NET CLR 1.1.4322; .NET CLR 2.0.50727)"
194.8.75.239 - - [23/Mar/2009:15:02:08 +0000] "GET /Home/Best__tigung--64.html HTTP/1.1" 200 18599 "http://www.sewahotel.com/de/buchen.html?pid=0&rid=0" "Mozilla/4.0 (compatible; MSIE 6.0; Windows NT 5.1; SV1; .NET CLR 1.1.4322; .NET CLR 2.0.50727)"
66.249.65.145 - - [23/Mar/2009:15:02:13 +0000] "GET /Home/Lastminute--63.html HTTP/1.1" 200 34330 "" "Mozilla/5.0 (compatible; Googlebot/2.1; +http://www.google.com/bot.html)"
84.222.46.132 - - [23/Mar/2009:15:02:22 +0000] "GET /Home--1.html HTTP/1.1" 200 25304 "http://www.meinsuedtirol.com/Alto-Adige-Trentino-.419.1.html" "Mozilla/4.0 (compatible; MSIE 7.0; Windows NT 5.1; .NET CLR 1.1.4322)"
66.249.65.145 - - [23/Mar/2009:15:02:37 +0000] "GET /Home/Details--20.html HTTP/1.1" 200 43721 "" "Mozilla/5.0 (compatible; Googlebot/2.1; +http://www.google.com/bot.html)"
66.249.65.145 - - [23/Mar/2009:15:03:44 +0000] "GET /Home/Details--20.html HTTP/1.1" 200 26359 "" "Mozilla/5.0 (compatible; Googlebot/2.1; +http://www.google.com/bot.html)"
213.140.6.98 - - [23/Mar/2009:15:04:36 +0000] "GET /Home/Details--20.html HTTP/1.1" 200 38656 "" "Mozilla/4.0 (compatible; MSIE 8.0; Windows NT 5.1; Trident/4.0; GTB5; .NET CLR 2.0.50727; InfoPath.1)"
66.249.65.145 - - [23/Mar/2009:15:04:46 +0000] "GET /Home/Lastminute--63.html HTTP/1.1" 200 35447 "" "Mozilla/5.0 (compatible; Googlebot/2.1; +http://www.google.com/bot.html)"
66.249.65.145 - - [23/Mar/2009:15:04:47 +0000] "GET /Home/Details--20.html HTTP/1.1" 200 35638 "" "Mozilla/5.0 (compatible; Googlebot/2.1; +http://www.google.com/bot.html)"
65.55.105.206 - - [23/Mar/2009:15:05:12 +0000] "GET /Home/Specials/Stadturlaub--108.html HTTP/1.1" 200 12731 "" "msnbot/1.1 (+http://search.msn.com/msnbot.htm)"
66.249.65.145 - - [23/Mar/2009:15:06:57 +0000] "GET /Home/Details--20.html HTTP/1.1" 200 41248 "" "Mozilla/5.0 (compatible; Googlebot/2.1; +http://www.google.com/bot.html)"
66.249.65.145 - - [23/Mar/2009:15:07:08 +0000] "GET /Home/Details--20.html HTTP/1.1" 200 80117 "" "Mozilla/5.0 (compatible; Googlebot/2.1; +http://www.google.com/bot.html)"
151.16.20.200 - - [23/Mar/2009:15:07:15 +0000] "GET /Home--1.html HTTP/1.1" 200 25304 "http://www.meinsuedtirol.com/Guida-hotel-.279.1.html" "Mozilla/4.0 (compatible; MSIE 7.0; Windows NT 5.1; .NET CLR 1.1.4322)"
65.55.105.208 - - [23/Mar/2009:15:07:16 +0000] "GET /Home/Reisef__hrer_S__dtirol--80.html HTTP/1.1" 200 21407 "" "msnbot/1.1 (+http://search.msn.com/msnbot.htm)"
65.55.105.208 - - [23/Mar/2009:15:07:16 +0000] "GET /Home/Lastminute--63.html HTTP/1.1" 200 22835 "" "msnbot/1.1 (+http://search.msn.com/msnbot.htm)"
65.55.110.117 - - [23/Mar/2009:15:07:27 +0000] "GET /Home/Reisef__hrer_S__dtirol--80.html HTTP/1.1" 200 16215 "http://search.live.com/results.aspx?q=suedtirol" "Mozilla/4.0 (compatible; MSIE 6.0; Windows NT 5.2; SV1; .NET CLR 1.1.4322)"
65.55.110.135 - - [23/Mar/2009:15:07:29 +0000] "GET /Home/Lastminute--63.html HTTP/1.1" 200 22733 "http://search.live.com/results.aspx?q=hotel" "Mozilla/4.0 (compatible; MSIE 6.0; Windows NT 5.2; SV1; .NET CLR 1.1.4322)"
65.55.105.208 - - [23/Mar/2009:15:08:49 +0000] "GET /Home/Specials--60.html HTTP/1.1" 200 25669 "" "msnbot/1.1 (+http://search.msn.com/msnbot.htm)"
217.115.75.199 - - [23/Mar/2009:15:08:52 +0000] "GET /Home/Ergebnisse-hotel--102.html HTTP/1.1" 200 99647 "" "Mozilla/4.0 (compatible; MSIE 6.0; Windows NT 5.1; SV1; InfoPath.1; .NET CLR 1.1.4322; .NET CLR 2.0.50727)"
66.249.65.145 - - [23/Mar/2009:15:09:05 +0000] "GET /Home/Details--20.html HTTP/1.1" 200 28243 "" "Mozilla/5.0 (compatible; Googlebot/2.1; +http://www.google.com/bot.html)"
66.249.65.145 - - [23/Mar/2009:15:09:07 +0000] "GET /Home/Specials--60.html HTTP/1.1" 200 71381 "" "Mozilla/5.0 (compatible; Googlebot/2.1; +http://www.google.com/bot.html)"
66.249.65.145 - - [23/Mar/2009:15:09:55 +0000] "GET /Home/Map/Ahrntal--118.html HTTP/1.1" 200 19655 "" "Mozilla/5.0 (compatible; Googlebot/2.1; +http://www.google.com/bot.html)"
88.131.106.15 - - [23/Mar/2009:15:10:21 +0000] "GET /Home/Map/Meraner_Land--131.html HTTP/1.1" 200 27009 "" "Speedy Spider (http://www.entireweb.com/about/search_tech/speedy_spider/)"
72.30.65.29 - - [23/Mar/2009:15:11:15 +0000] "GET /Home/Details--20.html HTTP/1.1" 200 41491 "" "Mozilla/5.0 (compatible; Yahoo! Slurp/3.0; http://help.yahoo.com/help/us/ysearch/slurp)"
66.249.65.145 - - [23/Mar/2009:15:11:19 +0000] "GET /Home/Details--20.html HTTP/1.1" 200 40262 "" "Mozilla/5.0 (compatible; Googlebot/2.1; +http://www.google.com/bot.html)"
66.249.65.145 - - [23/Mar/2009:15:11:45 +0000] "GET /Home/Details--20.html HTTP/1.1" 200 41045 "" "Mozilla/5.0 (compatible; Googlebot/2.1; +http://www.google.com/bot.html)"
194.8.75.103 - - [23/Mar/2009:15:11:52 +0000] "GET /Home/Buchen--19.html HTTP/1.1" 200 23985 "http://www.sewahotel.com/de/buchen.html?pid=0&rid=0" "Mozilla/5.0 (Windows; U; Windows NT 5.1; en-US; rv:1.2a) Gecko/20020910"
194.8.75.103 - - [23/Mar/2009:15:11:53 +0000] "GET /Home/Best__tigung--64.html HTTP/1.1" 200 24197 "http://www.sewahotel.com/de/buchen.html?pid=0&rid=0" "Mozilla/5.0 (Windows; U; Windows NT 5.1; en-US; rv:1.2a) Gecko/20020910"
84.145.74.37 - - [23/Mar/2009:15:12:20 +0000] "GET /Home/Details--20.html HTTP/1.1" 200 41307 "" "Mozilla/4.0 (compatible; MSIE 6.0; TOB 6.07; Windows NT 5.1; SV1; .NET CLR 1.1.4322; .NET CLR 2.0.50727)"
66.249.65.145 - - [23/Mar/2009:15:12:36 +0000] "GET /Home/Map/S__dtirols_S__den--121.html HTTP/1.1" 200 22233 "" "Mozilla/5.0 (compatible; Googlebot/2.1; +http://www.google.com/bot.html)"
83.233.30.104 - - [23/Mar/2009:15:12:45 +0000] "GET /Home/Details-hotel--105.html HTTP/1.1" 200 45246 "http://www.sewahotel.com/de/details-hotel.html" "Mozilla/4.0 (compatible; MSIE 6.0; Windows NT 5.1; SV1; .NET CLR 1.1.4322)"
78.52.196.24 - - [23/Mar/2009:15:13:27 +0000] "GET /Home--1.html HTTP/1.1" 200 25304 "http://images.de.ask.com/fr?q=fr%C3%BChling&desturi=http%3A%2F%2Fwww.sewahotel.com%2F&fm=i&ac=24&ftURI=http%3A%2F%2Fimages.de.ask.com%2Ffr%3Fq%3Dfr%25C3%25BChling%26desturi%3Dhttp%253A%252F%252Fwww.sewahotel.com%252F%26imagesrc%3Dhttp%253A%252F%252Fwww.sewahotel.com%252Fuploads%252Fpics%252Ffruehling-03.jpg%26thumbsrc%3Dhttp%253A%252F%252Fimgtn2.ask.com%252Fts%253Ft%253D971504976298007630%2526pid%253D24320%2526ppid%253D10%26o%3D312%26l%3Ddis%26initialURL%3Dhttp%253A%252F%252Fimages.de.ask.com%252Fpictures%253Fq%253Dfr%2525C3%2525BChling%2526qsrc%253D2072%2526tool%253Dimg%2526o%253D312%2526l%253Ddis%26thumbuselocalisedstatic%3Dfalse%26fn%3Dfruehling-03.jpg%26imagewidth%3D540%26imageheight%3D380%26fs%3D93%26ft%3Djpg%26f%3D2%26fm%3Di%26ftbURI%3Dhttp%253A%252F%252Fimages.de.ask.com%252Fpictures%253Fq%253Dfr%2525C3%2525BChling%2526page%253D1%2526o%253D312%2526l%253Ddis%2526pstart%253D0&qt=0" "Mozilla/5.0 (Windows; U; Windows NT 5.1; de; rv:1.8.1.20) Gecko/20081217 Firefox/2.0.0.20"
66.249.65.145 - - [23/Mar/2009:15:13:28 +0000] "GET /Home/Details--20.html HTTP/1.1" 200 44803 "" "Mozilla/5.0 (compatible; Googlebot/2.1; +http://www.google.com/bot.html)"
88.65.8.128 - - [23/Mar/2009:15:13:47 +0000] "GET /Home/Details--20.html HTTP/1.1" 200 42353 "" "Mozilla/4.0 (compatible; MSIE 7.0; Windows NT 6.0; GTB5; SLCC1; .NET CLR 2.0.50727; Media Center PC 5.0; .NET CLR 3.0.04506)"
88.65.8.128 - - [23/Mar/2009:15:14:04 +0000] "GET /Home/Specials--60.html HTTP/1.1" 200 13891 "http://www.sewahotel.com/de/details.html?pid=11&rid=62&lang=de&hotel_id=186" "Mozilla/4.0 (compatible; MSIE 7.0; Windows NT 6.0; GTB5; SLCC1; .NET CLR 2.0.50727; Media Center PC 5.0; .NET CLR 3.0.04506)"
88.65.8.128 - - [23/Mar/2009:15:14:11 +0000] "GET /Home/Specials/Regionen/Meraner_Land--132.html HTTP/1.1" 200 54823 "http://www.sewahotel.com/de/specials.html?pid=11&rid=62" "Mozilla/4.0 (compatible; MSIE 7.0; Windows NT 6.0; GTB5; SLCC1; .NET CLR 2.0.50727; Media Center PC 5.0; .NET CLR 3.0.04506)"
66.249.65.145 - - [23/Mar/2009:15:14:26 +0000] "GET /Home/Details--20.html HTTP/1.1" 200 40111 "" "Mozilla/5.0 (compatible; Googlebot/2.1; +http://www.google.com/bot.html)"
88.65.8.128 - - [23/Mar/2009:15:14:26 +0000] "GET /Home/Unsere_Hotels--7.html HTTP/1.1" 200 13440 "http://www.sewahotel.com/de/specials/regionen/meraner-land.html" "Mozilla/4.0 (compatible; MSIE 7.0; Windows NT 6.0; GTB5; SLCC1; .NET CLR 2.0.50727; Media Center PC 5.0; .NET CLR 3.0.04506)"
88.65.8.128 - - [23/Mar/2009:15:14:29 +0000] "GET /Home/Lastminute--63.html HTTP/1.1" 200 22559 "http://www.sewahotel.com/de/unsere-hotels.html" "Mozilla/4.0 (compatible; MSIE 7.0; Windows NT 6.0; GTB5; SLCC1; .NET CLR 2.0.50727; Media Center PC 5.0; .NET CLR 3.0.04506)"
72.30.65.29 - - [23/Mar/2009:15:14:34 +0000] "GET /Home/Lastminute--63.html HTTP/1.1" 200 24565 "" "Mozilla/5.0 (compatible; Yahoo! Slurp/3.0; http://help.yahoo.com/help/us/ysearch/slurp)"
65.55.105.197 - - [23/Mar/2009:15:14:54 +0000] "GET /Home--1.html HTTP/1.1" 200 25358 "" "msnbot/1.1 (+http://search.msn.com/msnbot.htm)"
65.55.105.197 - - [23/Mar/2009:15:14:57 +0000] "GET /Home/Reisef__hrer_S__d.../Tiers--93.html HTTP/1.1" 200 24797 "" "msnbot/1.1 (+http://search.msn.com/msnbot.htm)"
67.195.37.170 - - [23/Mar/2009:15:15:00 +0000] "GET /Home/Specials/Stadturlaub--108.html HTTP/1.1" 200 12782 "" "Mozilla/5.0 (compatible; Yahoo! Slurp/3.0; http://help.yahoo.com/help/us/ysearch/slurp)"
88.65.8.128 - - [23/Mar/2009:15:15:36 +0000] "GET /Home/Details--20.html HTTP/1.1" 200 51053 "http://www.sewahotel.com/de/lastminute.html" "Mozilla/4.0 (compatible; MSIE 7.0; Windows NT 6.0; GTB5; SLCC1; .NET CLR 2.0.50727; Media Center PC 5.0; .NET CLR 3.0.04506)"
66.249.65.145 - - [23/Mar/2009:15:15:39 +0000] "GET /Home/Specials--60.html HTTP/1.1" 200 38598 "" "Mozilla/5.0 (compatible; Googlebot/2.1; +http://www.google.com/bot.html)"
65.55.105.207 - - [23/Mar/2009:15:16:30 +0000] "GET /Home/Unsere_Hotels--7.html HTTP/1.1" 200 15540 "" "msnbot/1.1 (+http://search.msn.com/msnbot.htm)"
66.249.65.145 - - [23/Mar/2009:15:17:25 +0000] "GET /Home/Details--20.html HTTP/1.1" 200 62824 "" "Mozilla/5.0 (compatible; Googlebot/2.1; +http://www.google.com/bot.html)"
66.249.65.145 - - [23/Mar/2009:15:17:26 +0000] "GET /Home/Map/Eisacktal--120.html HTTP/1.1" 200 20978 "" "Mozilla/5.0 (compatible; Googlebot/2.1; +http://www.google.com/bot.html)"
66.249.65.145 - - [23/Mar/2009:15:17:28 +0000] "GET /Home/Details--20.html HTTP/1.1" 200 54441 "" "Mozilla/5.0 (compatible; Googlebot/2.1; +http://www.google.com/bot.html)"
66.249.65.145 - - [23/Mar/2009:15:17:29 +0000] "GET /Home/Map/__sterreich--123.html HTTP/1.1" 200 17385 "" "Mozilla/5.0 (compatible; Googlebot/2.1; +http://www.google.com/bot.html)"
66.249.65.145 - - [23/Mar/2009:15:17:31 +0000] "GET /Home/Details--20.html HTTP/1.1" 200 69224 "" "Mozilla/5.0 (compatible; Googlebot/2.1; +http://www.google.com/bot.html)"
66.249.65.145 - - [23/Mar/2009:15:17:32 +0000] "GET /Home/Lastminute--63.html HTTP/1.1" 200 34553 "" "Mozilla/5.0 (compatible; Googlebot/2.1; +http://www.google.com/bot.html)"
66.249.65.145 - - [23/Mar/2009:15:17:34 +0000] "GET /Home/Details--20.html HTTP/1.1" 200 69685 "" "Mozilla/5.0 (compatible; Googlebot/2.1; +http://www.google.com/bot.html)"
66.249.65.145 - - [23/Mar/2009:15:17:35 +0000] "GET /Home/Lastminute--63.html HTTP/1.1" 200 54662 "" "Mozilla/5.0 (compatible; Googlebot/2.1; +http://www.google.com/bot.html)"
65.55.105.206 - - [23/Mar/2009:15:17:36 +0000] "GET /Home/Details--20.html HTTP/1.1" 200 39462 "" "msnbot/1.1 (+http://search.msn.com/msnbot.htm)"
66.249.65.145 - - [23/Mar/2009:15:17:37 +0000] "GET /Home/Details--20.html HTTP/1.1" 200 56304 "" "Mozilla/5.0 (compatible; Googlebot/2.1; +http://www.google.com/bot.html)"
66.249.65.145 - - [23/Mar/2009:15:17:38 +0000] "GET /Home/Details--20.html HTTP/1.1" 200 60685 "" "Mozilla/5.0 (compatible; Googlebot/2.1; +http://www.google.com/bot.html)"
66.249.65.145 - - [23/Mar/2009:15:17:40 +0000] "GET /Home/Details--20.html HTTP/1.1" 200 69662 "" "Mozilla/5.0 (compatible; Googlebot/2.1; +http://www.google.com/bot.html)"
66.249.65.145 - - [23/Mar/2009:15:17:41 +0000] "GET /Home/Lastminute--63.html HTTP/1.1" 200 34710 "" "Mozilla/5.0 (compatible; Googlebot/2.1; +http://www.google.com/bot.html)"
66.249.65.145 - - [23/Mar/2009:15:17:43 +0000] "GET /Home/Map/Vinschgau--119.html HTTP/1.1" 200 19664 "" "Mozilla/5.0 (compatible; Googlebot/2.1; +http://www.google.com/bot.html)"
66.249.65.145 - - [23/Mar/2009:15:17:45 +0000] "GET /Home/Lastminute--63.html HTTP/1.1" 200 34279 "" "Mozilla/5.0 (compatible; Googlebot/2.1; +http://www.google.com/bot.html)"
66.249.65.145 - - [23/Mar/2009:15:17:46 +0000] "GET /Home/Lastminute--63.html HTTP/1.1" 200 35218 "" "Mozilla/5.0 (compatible; Googlebot/2.1; +http://www.google.com/bot.html)"
66.249.65.145 - - [23/Mar/2009:15:17:48 +0000] "GET /Home/Specials--60.html HTTP/1.1" 200 38206 "" "Mozilla/5.0 (compatible; Googlebot/2.1; +http://www.google.com/bot.html)"
88.65.8.128 - - [23/Mar/2009:15:19:30 +0000] "GET /Home/Details--20.html HTTP/1.1" 200 42353 "" "Mozilla/4.0 (compatible; MSIE 7.0; Windows NT 6.0; GTB5; SLCC1; .NET CLR 2.0.50727; Media Center PC 5.0; .NET CLR 3.0.04506)"
65.55.105.208 - - [23/Mar/2009:15:19:58 +0000] "GET /Home/Specials--60.html HTTP/1.1" 200 32282 "" "msnbot/1.1 (+http://search.msn.com/msnbot.htm)"
66.249.65.145 - - [23/Mar/2009:15:19:58 +0000] "GET /Home/Details--20.html HTTP/1.1" 200 41312 "" "Mozilla/5.0 (compatible; Googlebot/2.1; +http://www.google.com/bot.html)"
65.55.105.208 - - [23/Mar/2009:15:19:59 +0000] "GET /Home/Events/Liste--46.html HTTP/1.1" 200 4676 "" "msnbot/1.1 (+http://search.msn.com/msnbot.htm)"
88.65.8.128 - - [23/Mar/2009:15:21:21 +0000] "GET /Home/Details--20.html HTTP/1.1" 200 42311 "" "Mozilla/4.0 (compatible; MSIE 7.0; Windows NT 6.0; GTB5; SLCC1; .NET CLR 2.0.50727; Media Center PC 5.0; .NET CLR 3.0.04506)"
67.195.37.170 - - [23/Mar/2009:15:21:41 +0000] "GET /Home/Unsere_Hotels/Pustertal--59.html HTTP/1.1" 200 30692 "" "Mozilla/5.0 (compatible; Yahoo! Slurp/3.0; http://help.yahoo.com/help/us/ysearch/slurp)"
65.55.105.197 - - [23/Mar/2009:15:21:45 +0000] "GET /Home/Specials--60.html HTTP/1.1" 200 64770 "" "msnbot/1.1 (+http://search.msn.com/msnbot.htm)"
91.11.115.220 - - [23/Mar/2009:15:21:57 +0000] "GET /Home/Details--20.html HTTP/1.1" 200 39152 "" "Mozilla/4.0 (compatible; MSIE 7.0; Windows NT 5.1; .NET CLR 2.0.50727; .NET CLR 1.1.4322)"
66.249.65.145 - - [23/Mar/2009:15:22:08 +0000] "GET /Home/Details--20.html HTTP/1.1" 200 39050 "" "Mozilla/5.0 (compatible; Googlebot/2.1; +http://www.google.com/bot.html)"
66.249.65.145 - - [23/Mar/2009:15:22:27 +0000] "GET /Home/Details--20.html HTTP/1.1" 200 42745 "" "Mozilla/5.0 (compatible; Googlebot/2.1; +http://www.google.com/bot.html)"
194.8.75.175 - - [23/Mar/2009:15:22:29 +0000] "GET /Home/Buchen--19.html HTTP/1.1" 200 23985 "http://www.sewahotel.com/de/buchen.html?pid=0&rid=0" "Mozilla/5.0 (Windows NT 5.1; U; en) Opera 8.01"
194.8.75.175 - - [23/Mar/2009:15:22:30 +0000] "GET /Home/Best__tigung--64.html HTTP/1.1" 200 23360 "http://www.sewahotel.com/de/buchen.html?pid=0&rid=0" "Mozilla/5.0 (Windows NT 5.1; U; en) Opera 8.01"
65.55.105.208 - - [23/Mar/2009:15:23:53 +0000] "GET /Home/Specials--60.html HTTP/1.1" 200 82551 "" "msnbot/1.1 (+http://search.msn.com/msnbot.htm)"
65.55.105.208 - - [23/Mar/2009:15:23:54 +0000] "GET /Home/Details--20.html HTTP/1.1" 200 44008 "" "msnbot/1.1 (+http://search.msn.com/msnbot.htm)"
65.55.105.208 - - [23/Mar/2009:15:23:55 +0000] "GET /Home/Specials/Skiurlaub--110.html HTTP/1.1" 200 35834 "" "msnbot/1.1 (+http://search.msn.com/msnbot.htm)"
65.55.105.208 - - [23/Mar/2009:15:23:56 +0000] "GET /Home/Details--20.html HTTP/1.1" 200 41581 "" "msnbot/1.1 (+http://search.msn.com/msnbot.htm)"
65.55.105.207 - - [23/Mar/2009:15:23:56 +0000] "GET /Home/Details--20.html HTTP/1.1" 200 47395 "" "msnbot/1.1 (+http://search.msn.com/msnbot.htm)"
72.30.65.29 - - [23/Mar/2009:15:24:13 +0000] "GET /Home/Details--20.html HTTP/1.1" 200 54350 "" "Mozilla/5.0 (compatible; Yahoo! Slurp/3.0; http://help.yahoo.com/help/us/ysearch/slurp)"
66.249.65.145 - - [23/Mar/2009:15:24:20 +0000] "GET /Home/Details--20.html HTTP/1.1" 200 43178 "" "Mozilla/5.0 (compatible; Googlebot/2.1; +http://www.google.com/bot.html)"
66.249.65.145 - - [23/Mar/2009:15:25:08 +0000] "GET /Home/Details--20.html HTTP/1.1" 200 31227 "" "Mozilla/5.0 (compatible; Googlebot/2.1; +http://www.google.com/bot.html)"
66.249.65.145 - - [23/Mar/2009:15:26:30 +0000] "GET /Home/Details--20.html HTTP/1.1" 200 54990 "" "Mozilla/5.0 (compatible; Googlebot/2.1; +http://www.google.com/bot.html)"
65.55.105.208 - - [23/Mar/2009:15:26:56 +0000] "GET /Home/Details--20.html HTTP/1.1" 200 68896 "" "msnbot/1.1 (+http://search.msn.com/msnbot.htm)"
65.55.105.208 - - [23/Mar/2009:15:26:59 +0000] "GET /Home/Lastminute--63.html HTTP/1.1" 200 34933 "" "msnbot/1.1 (+http://search.msn.com/msnbot.htm)"
65.55.105.208 - - [23/Mar/2009:15:26:59 +0000] "GET /Home/Details--20.html HTTP/1.1" 200 61691 "" "msnbot/1.1 (+http://search.msn.com/msnbot.htm)"
65.55.105.208 - - [23/Mar/2009:15:27:00 +0000] "GET /Home/Details--20.html HTTP/1.1" 200 42015 "" "msnbot/1.1 (+http://search.msn.com/msnbot.htm)"
194.8.74.11 - - [23/Mar/2009:15:27:22 +0000] "GET /Home/Buchen--19.html HTTP/1.1" 200 23985 "" "Mozilla/4.0 (compatible; MSIE 6.0; Windows XP)"
194.8.74.11 - - [23/Mar/2009:15:27:24 +0000] "GET /Home/Best__tigung--64.html HTTP/1.1" 200 27562 "http://www.sewahotel.com/de/buchen.html?pid=0&rid=0" "Mozilla/4.0 (compatible; MSIE 6.0; Windows XP)"
72.30.65.29 - - [23/Mar/2009:15:27:28 +0000] "GET /Home/Details--20.html HTTP/1.1" 200 39894 "" "Mozilla/5.0 (compatible; Yahoo! Slurp/3.0; http://help.yahoo.com/help/us/ysearch/slurp)"
66.249.65.145 - - [23/Mar/2009:15:27:48 +0000] "GET /Home/Details--20.html HTTP/1.1" 200 43901 "" "Mozilla/5.0 (compatible; Googlebot/2.1; +http://www.google.com/bot.html)"
72.30.65.29 - - [23/Mar/2009:15:27:53 +0000] "GET /Home/Wetter/Aktuelles_Wetter--44.html HTTP/1.1" 200 11403 "" "Mozilla/5.0 (compatible; Yahoo! Slurp/3.0; http://help.yahoo.com/help/us/ysearch/slurp)"
66.249.65.145 - - [23/Mar/2009:15:28:39 +0000] "GET /Home/Details--20.html HTTP/1.1" 200 55255 "" "Mozilla/5.0 (compatible; Googlebot/2.1; +http://www.google.com/bot.html)"
65.55.108.241 - - [23/Mar/2009:15:30:18 +0000] "GET /Home/Details--20.html HTTP/1.1" 200 42326 "" "msnbot-media/1.1 (+http://search.msn.com/msnbot.htm)"
194.8.75.212 - - [23/Mar/2009:15:30:28 +0000] "GET /Home/Buchen--19.html HTTP/1.1" 200 23985 "" "Mozilla/4.0 (compatible; MSIE 6.0; Windows ME) Opera 7.11 [en]"
194.8.75.212 - - [23/Mar/2009:15:30:34 +0000] "GET /Home/Best__tigung--64.html HTTP/1.1" 200 18804 "http://www.sewahotel.com/de/buchen.html?pid=0&rid=0" "Mozilla/4.0 (compatible; MSIE 6.0; Windows ME) Opera 7.11 [en]"
66.249.65.145 - - [23/Mar/2009:15:30:49 +0000] "GET /Home/Details--20.html HTTP/1.1" 200 55131 "" "Mozilla/5.0 (compatible; Googlebot/2.1; +http://www.google.com/bot.html)"
77.116.218.58 - - [23/Mar/2009:15:31:01 +0000] "GET /Home/Details--20.html HTTP/1.1" 200 39596 "" "Mozilla/4.0 (compatible; MSIE 6.0; Windows NT 5.1; SV1)"
65.55.108.241 - - [23/Mar/2009:15:31:54 +0000] "GET /Home/Specials--60.html HTTP/1.1" 200 31924 "" "msnbot-media/1.1 (+http://search.msn.com/msnbot.htm)"
65.55.108.241 - - [23/Mar/2009:15:31:55 +0000] "GET /Home/Specials--60.html HTTP/1.1" 200 15315 "" "msnbot-media/1.1 (+http://search.msn.com/msnbot.htm)"
79.234.37.113 - - [23/Mar/2009:15:32:28 +0000] "GET /Home/Details--20.html HTTP/1.1" 200 47237 "http://www.meinsuedtirol.com/Hotel-Freienfeld-.662.0.html" "Mozilla/5.0 (Windows; U; Windows NT 5.1; de; rv:1.9.0.7) Gecko/2009021910 Firefox/3.0.7"
65.55.105.206 - - [23/Mar/2009:15:32:33 +0000] "GET /Home/Details--20.html HTTP/1.1" 200 53630 "" "msnbot/1.1 (+http://search.msn.com/msnbot.htm)"
84.146.105.42 - - [23/Mar/2009:15:32:45 +0000] "GET /Home/Details-hotel--105.html HTTP/1.1" 200 41520 "http://www.google.de/search?q=hotel+wilma+bewertung&ie=utf-8&oe=utf-8&aq=t&rls=org.mozilla:de:official&client=firefox-a" "Mozilla/5.0 (Windows; U; Windows NT 5.1; de; rv:1.9.0.7) Gecko/2009021910 Firefox/3.0.7"
66.249.65.145 - - [23/Mar/2009:15:32:59 +0000] "GET /Home/Details--20.html HTTP/1.1" 200 54955 "" "Mozilla/5.0 (compatible; Googlebot/2.1; +http://www.google.com/bot.html)"
66.249.65.145 - - [23/Mar/2009:15:33:09 +0000] "GET /Home/Details--20.html HTTP/1.1" 200 31276 "" "Mozilla/5.0 (compatible; Googlebot/2.1; +http://www.google.com/bot.html)"
66.249.65.145 - - [23/Mar/2009:15:35:11 +0000] "GET /Home/Details--20.html HTTP/1.1" 200 54947 "" "Mozilla/5.0 (compatible; Googlebot/2.1; +http://www.google.com/bot.html)"
72.30.65.29 - - [23/Mar/2009:15:35:49 +0000] "GET /Home/Finden___Buchen--2.html HTTP/1.1" 200 34106 "" "Mozilla/5.0 (compatible; Yahoo! Slurp/3.0; http://help.yahoo.com/help/us/ysearch/slurp)"
66.249.65.145 - - [23/Mar/2009:15:35:50 +0000] "GET /Home/Details--20.html HTTP/1.1" 200 39288 "" "Mozilla/5.0 (compatible; Googlebot/2.1; +http://www.google.com/bot.html)"
194.8.75.175 - - [23/Mar/2009:15:35:59 +0000] "GET /Home/Buchen--19.html HTTP/1.1" 200 23985 "http://www.sewahotel.com/de/buchen.html?pid=0&rid=0" "Mozilla/4.0 (compatible; MSIE 6.0; Windows NT 5.2; Win64; AMD64)"
194.8.75.175 - - [23/Mar/2009:15:36:01 +0000] "GET /Home/Best__tigung--64.html HTTP/1.1" 200 23909 "http://www.sewahotel.com/de/buchen.html?pid=0&rid=0" "Mozilla/4.0 (compatible; MSIE 6.0; Windows NT 5.2; Win64; AMD64)"
65.55.105.208 - - [23/Mar/2009:15:36:43 +0000] "GET /Home/Details--20.html HTTP/1.1" 200 45518 "" "msnbot/1.1 (+http://search.msn.com/msnbot.htm)"
65.55.105.208 - - [23/Mar/2009:15:36:44 +0000] "GET /Home/Specials--60.html HTTP/1.1" 200 64895 "" "msnbot/1.1 (+http://search.msn.com/msnbot.htm)"
65.55.105.208 - - [23/Mar/2009:15:36:44 +0000] "GET /Home/Details--20.html HTTP/1.1" 200 41623 "" "msnbot/1.1 (+http://search.msn.com/msnbot.htm)"
65.55.105.208 - - [23/Mar/2009:15:36:45 +0000] "GET /Home/Specials--60.html HTTP/1.1" 200 59604 "" "msnbot/1.1 (+http://search.msn.com/msnbot.htm)"
72.30.65.29 - - [23/Mar/2009:15:37:05 +0000] "GET /Home--1.html HTTP/1.1" 200 25304 "" "Mozilla/5.0 (compatible; Yahoo! Slurp; http://help.yahoo.com/help/us/ysearch/slurp)"
66.249.65.145 - - [23/Mar/2009:15:37:22 +0000] "GET /Home/Details--20.html HTTP/1.1" 200 54220 "" "Mozilla/5.0 (compatible; Googlebot/2.1; +http://www.google.com/bot.html)"
72.30.65.29 - - [23/Mar/2009:15:37:24 +0000] "GET /Home/Unsere_Hotels/Meraner_Land--51.html HTTP/1.1" 200 74524 "" "Mozilla/5.0 (compatible; Yahoo! Slurp/3.0; http://help.yahoo.com/help/us/ysearch/slurp)"
194.8.75.245 - - [23/Mar/2009:15:38:11 +0000] "GET /Home/Buchen--19.html HTTP/1.1" 200 23985 "" "Mozilla/4.0 (compatible; MSIE 6.0; Windows NT 5.1; SV1; InfoPath.1)"
194.8.75.245 - - [23/Mar/2009:15:38:15 +0000] "GET /Home/Best__tigung--64.html HTTP/1.1" 200 18689 "http://www.sewahotel.com/de/buchen.html?pid=0&rid=0" "Mozilla/4.0 (compatible; MSIE 6.0; Windows NT 5.1; SV1; InfoPath.1)"
194.8.74.11 - - [23/Mar/2009:15:38:17 +0000] "GET /Home/Buchen--19.html HTTP/1.1" 200 23985 "" "Mozilla/4.0 (compatible; MSIE 5.5; Windows NT 4.0)"
194.8.74.11 - - [23/Mar/2009:15:38:25 +0000] "GET /Home/Best__tigung--64.html HTTP/1.1" 200 27439 "http://www.sewahotel.com/de/buchen.html?pid=0&rid=0" "Mozilla/4.0 (compatible; MSIE 5.5; Windows NT 4.0)"
66.249.65.145 - - [23/Mar/2009:15:38:31 +0000] "GET /Home/Details--20.html HTTP/1.1" 200 31727 "" "Mozilla/5.0 (compatible; Googlebot/2.1; +http://www.google.com/bot.html)"
66.249.65.145 - - [23/Mar/2009:15:39:31 +0000] "GET /Home/Details--20.html HTTP/1.1" 200 55210 "" "Mozilla/5.0 (compatible; Googlebot/2.1; +http://www.google.com/bot.html)"
83.233.30.104 - - [23/Mar/2009:15:39:58 +0000] "GET /Home/Details-hotel--105.html HTTP/1.1" 200 45249 "http://www.sewahotel.com/de/details-hotel.html" "Mozilla/4.0 (compatible; MSIE 6.0; Windows NT 5.1; SV1; .NET CLR 1.1.4322)"
194.8.75.103 - - [23/Mar/2009:15:40:03 +0000] "GET /Home/Buchen--19.html HTTP/1.1" 200 23985 "http://www.sewahotel.com/de/buchen.html?pid=0&rid=0" "Mozilla/5.0 (Windows; U; Windows NT 5.0; en-US; rv:1.8.0.4) Gecko/20060508 Firefox/1.5.0.4"
194.8.75.103 - - [23/Mar/2009:15:40:03 +0000] "GET /Home/Best__tigung--64.html HTTP/1.1" 200 22875 "http://www.sewahotel.com/de/buchen.html?pid=0&rid=0" "Mozilla/5.0 (Windows; U; Windows NT 5.0; en-US; rv:1.8.0.4) Gecko/20060508 Firefox/1.5.0.4"
194.8.75.239 - - [23/Mar/2009:15:40:40 +0000] "GET /Home/Buchen--19.html HTTP/1.1" 200 23985 "" "Mozilla/4.0 (compatible; MSIE 6.0; Windows NT 5.0; .NET CLR 1.0.3705; .NET CLR 1.1.4322)"
194.8.75.239 - - [23/Mar/2009:15:40:40 +0000] "GET /Home/Best__tigung--64.html HTTP/1.1" 200 19688 "http://www.sewahotel.com/de/buchen.html?pid=0&rid=0" "Mozilla/4.0 (compatible; MSIE 6.0; Windows NT 5.0; .NET CLR 1.0.3705; .NET CLR 1.1.4322)"
66.249.65.145 - - [23/Mar/2009:15:41:11 +0000] "GET /Home/Details--20.html HTTP/1.1" 200 37850 "" "Mozilla/5.0 (compatible; Googlebot/2.1; +http://www.google.com/bot.html)"
66.249.65.145 - - [23/Mar/2009:15:41:40 +0000] "GET /Home/Details--20.html HTTP/1.1" 200 41995 "" "Mozilla/5.0 (compatible; Googlebot/2.1; +http://www.google.com/bot.html)"
194.8.75.44 - - [23/Mar/2009:15:42:15 +0000] "GET /Home/Buchen--19.html HTTP/1.1" 200 23985 "" "Mozilla/4.0 (compatible; MSIE 6.0; Windows NT 5.0; .NET CLR 1.0.3705; .NET CLR 1.1.4322)"
194.8.75.44 - - [23/Mar/2009:15:42:15 +0000] "GET /Home/Best__tigung--64.html HTTP/1.1" 200 19796 "http://www.sewahotel.com/de/buchen.html?pid=0&rid=0" "Mozilla/4.0 (compatible; MSIE 6.0; Windows NT 5.0; .NET CLR 1.0.3705; .NET CLR 1.1.4322)"
72.30.65.29 - - [23/Mar/2009:15:42:39 +0000] "GET /Home--1.html HTTP/1.1" 200 25304 "" "Mozilla/5.0 (compatible; Yahoo! Slurp/3.0; http://help.yahoo.com/help/us/ysearch/slurp)"
91.65.244.220 - - [23/Mar/2009:15:43:08 +0000] "GET /Home/Details--20.html HTTP/1.1" 200 46414 "" "Mozilla/4.0 (compatible; MSIE 6.0; Windows NT 5.1; SV1; .NET CLR 1.1.4322)"
66.249.65.145 - - [23/Mar/2009:15:43:50 +0000] "GET /Home/Details--20.html HTTP/1.1" 200 54998 "" "Mozilla/5.0 (compatible; Googlebot/2.1; +http://www.google.com/bot.html)"
66.249.65.145 - - [23/Mar/2009:15:43:51 +0000] "GET /Home/Details--20.html HTTP/1.1" 200 43766 "" "Mozilla/5.0 (compatible; Googlebot/2.1; +http://www.google.com/bot.html)"
65.55.107.231 - - [23/Mar/2009:15:44:17 +0000] "GET /Home/Reisef__hrer_S__d.../Martell--81.html HTTP/1.1" 200 23026 "http://search.live.com/results.aspx?q=hotels" "Mozilla/4.0 (compatible; MSIE 6.0; Windows NT 5.2; SV1; .NET CLR 1.1.4322)"
91.65.244.220 - - [23/Mar/2009:15:44:29 +0000] "GET /Home/Unsere_Hotels--7.html HTTP/1.1" 200 14116 "http://www.sewahotel.com/de/details.html?pid=11&rid=62&lang=de&hotel_id=278" "Mozilla/4.0 (compatible; MSIE 6.0; Windows NT 5.1; SV1; .NET CLR 1.1.4322)"
66.249.65.145 - - [23/Mar/2009:15:45:42 +0000] "GET /Home/Lastminute--63.html HTTP/1.1" 200 33639 "" "Mozilla/5.0 (compatible; Googlebot/2.1; +http://www.google.com/bot.html)"
66.249.65.145 - - [23/Mar/2009:15:45:43 +0000] "GET /Home/Map/Meraner_Land--131.html HTTP/1.1" 200 27009 "" "Mozilla/5.0 (compatible; Googlebot/2.1; +http://www.google.com/bot.html)"
66.249.65.145 - - [23/Mar/2009:15:45:44 +0000] "GET /Home/Details--20.html HTTP/1.1" 200 51566 "" "Mozilla/5.0 (compatible; Googlebot/2.1; +http://www.google.com/bot.html)"
66.249.65.145 - - [23/Mar/2009:15:45:45 +0000] "GET /Home/Details--20.html HTTP/1.1" 200 69035 "" "Mozilla/5.0 (compatible; Googlebot/2.1; +http://www.google.com/bot.html)"
66.249.65.145 - - [23/Mar/2009:15:45:46 +0000] "GET /Home/Details--20.html HTTP/1.1" 200 53325 "" "Mozilla/5.0 (compatible; Googlebot/2.1; +http://www.google.com/bot.html)"
66.249.65.145 - - [23/Mar/2009:15:45:47 +0000] "GET /Home/Reisef__hrer_S__d.../Deutschnofen--90.html HTTP/1.1" 200 22806 "" "Mozilla/5.0 (compatible; Googlebot/2.1; +http://www.google.com/bot.html)"
67.195.37.170 - - [23/Mar/2009:15:45:47 +0000] "GET /Home/__ber_uns--65.html HTTP/1.1" 200 12312 "" "Mozilla/5.0 (compatible; Yahoo! Slurp/3.0; http://help.yahoo.com/help/us/ysearch/slurp)"
66.249.65.145 - - [23/Mar/2009:15:45:48 +0000] "GET /Home/Reisef__hrer_S__d.../Lana--89.html HTTP/1.1" 200 23632 "" "Mozilla/5.0 (compatible; Googlebot/2.1; +http://www.google.com/bot.html)"
66.249.65.145 - - [23/Mar/2009:15:45:48 +0000] "GET /Home/Lastminute--63.html HTTP/1.1" 200 31374 "" "Mozilla/5.0 (compatible; Googlebot/2.1; +http://www.google.com/bot.html)"
66.249.65.145 - - [23/Mar/2009:15:45:49 +0000] "GET /Home/Reisef__hrer_S__d.../Tiers--93.html HTTP/1.1" 200 26477 "" "Mozilla/5.0 (compatible; Googlebot/2.1; +http://www.google.com/bot.html)"
66.249.65.145 - - [23/Mar/2009:15:45:50 +0000] "GET /Home/Lastminute--63.html HTTP/1.1" 200 34827 "" "Mozilla/5.0 (compatible; Googlebot/2.1; +http://www.google.com/bot.html)"
66.249.65.145 - - [23/Mar/2009:15:45:51 +0000] "GET /Home/Map/Dolomiten--122.html HTTP/1.1" 200 22487 "" "Mozilla/5.0 (compatible; Googlebot/2.1; +http://www.google.com/bot.html)"
66.249.65.145 - - [23/Mar/2009:15:45:52 +0000] "GET /Home/Reisef__hrer_S__d.../Schnalstal--98.html HTTP/1.1" 200 22821 "" "Mozilla/5.0 (compatible; Googlebot/2.1; +http://www.google.com/bot.html)"
66.249.65.145 - - [23/Mar/2009:15:45:52 +0000] "GET /Home/Details--20.html HTTP/1.1" 200 68761 "" "Mozilla/5.0 (compatible; Googlebot/2.1; +http://www.google.com/bot.html)"
66.249.65.145 - - [23/Mar/2009:15:45:53 +0000] "GET /Home/Reisef__hrer_S__d.../Barbian--83.html HTTP/1.1" 200 26469 "" "Mozilla/5.0 (compatible; Googlebot/2.1; +http://www.google.com/bot.html)"
66.249.65.145 - - [23/Mar/2009:15:45:54 +0000] "GET /Home/Lastminute--63.html HTTP/1.1" 200 34480 "" "Mozilla/5.0 (compatible; Googlebot/2.1; +http://www.google.com/bot.html)"
66.249.65.145 - - [23/Mar/2009:15:46:03 +0000] "GET /Home/Specials--60.html HTTP/1.1" 200 36315 "" "Mozilla/5.0 (compatible; Googlebot/2.1; +http://www.google.com/bot.html)"
