62.101.0.91 - - [22/Nov/2007:14:27:46 +0000] "GET /Home/Ergebnisse--18.html HTTP/1.1" 200 24478 "http://www.sewahotel.com/it/trovare-prenotare.html?pid=62&rid=11" "Mozilla/4.0 (compatible; MSIE 6.0; Windows NT 5.1; .NET CLR 1.0.3705; .NET CLR 2.0.50727)"
62.101.0.91 - - [22/Nov/2007:14:27:46 +0000] "GET /Home/Ergebnisse--18.html HTTP/1.1" 200 24478 "http://www.sewahotel.com/it/trovare-prenotare.html?pid=62&rid=11" "Mozilla/4.0 (compatible; MSIE 6.0; Windows NT 5.1; .NET CLR 1.0.3705; .NET CLR 2.0.50727)"
62.101.0.91 - - [22/Nov/2007:14:28:09 +0000] "GET /Home/Ergebnisse--18.html HTTP/1.1" 200 24478 "http://www.sewahotel.com/it/risultati.html?pid=62&rid=11" "Mozilla/4.0 (compatible; MSIE 6.0; Windows NT 5.1; .NET CLR 1.0.3705; .NET CLR 2.0.50727)"
85.18.14.39 - - [22/Nov/2007:14:28:09 +0000] "GET /Home/Ergebnisse--18.html HTTP/1.1" 200 24404 "http://www.sewahotel.com/it/risultati.html?pid=62&rid=11" "Mozilla/4.0 (compatible; MSIE 7.0; Windows NT 5.1; ADVPLUGIN|K114|04|S-733375609|dialno; .NET CLR 2.0.50727; .NET CLR 1.1.4322)"
85.18.14.39 - - [22/Nov/2007:14:28:19 +0000] "GET /Home/Ergebnisse--18.html HTTP/1.1" 200 105127 "http://www.sewahotel.com/it/risultati.html?pid=62&rid=11" "Mozilla/4.0 (compatible; MSIE 7.0; Windows NT 5.1; ADVPLUGIN|K114|04|S-733375609|dialno; .NET CLR 2.0.50727; .NET CLR 1.1.4322)"
62.101.0.91 - - [22/Nov/2007:14:28:23 +0000] "GET /Home/Ergebnisse--18.html HTTP/1.1" 200 24475 "http://www.sewahotel.com/it/risultati.html?pid=62&rid=11" "Mozilla/4.0 (compatible; MSIE 6.0; Windows NT 5.1; .NET CLR 1.0.3705; .NET CLR 2.0.50727)"
62.101.0.91 - - [22/Nov/2007:14:28:24 +0000] "GET /Home/Ergebnisse--18.html HTTP/1.1" 200 24475 "http://www.sewahotel.com/it/risultati.html?pid=62&rid=11" "Mozilla/4.0 (compatible; MSIE 6.0; Windows NT 5.1; .NET CLR 1.0.3705; .NET CLR 2.0.50727)"
87.25.62.72 - - [22/Nov/2007:14:28:28 +0000] "GET /Home--1.html HTTP/1.1" 200 28333 "http://www.meinsuedtirol.com/Hotel-Bergschloessl-Luesen-.1573.0.0.1240.1.html" "Mozilla/4.0 (compatible; MSIE 6.0; Windows NT 5.1; SV1)"
62.101.0.91 - - [22/Nov/2007:14:28:31 +0000] "GET /Home/Ergebnisse--18.html HTTP/1.1" 200 24475 "http://www.sewahotel.com/it/risultati.html?pid=62&rid=11" "Mozilla/4.0 (compatible; MSIE 6.0; Windows NT 5.1; .NET CLR 1.0.3705; .NET CLR 2.0.50727)"
62.101.0.91 - - [22/Nov/2007:14:28:31 +0000] "GET /Home/Ergebnisse--18.html HTTP/1.1" 200 24475 "http://www.sewahotel.com/it/risultati.html?pid=62&rid=11" "Mozilla/4.0 (compatible; MSIE 6.0; Windows NT 5.1; .NET CLR 1.0.3705; .NET CLR 2.0.50727)"
62.101.0.91 - - [22/Nov/2007:14:28:36 +0000] "GET /Home/Ergebnisse--18.html HTTP/1.1" 200 24417 "http://www.sewahotel.com/it/risultati.html?pid=62&rid=11" "Mozilla/4.0 (compatible; MSIE 6.0; Windows NT 5.1; .NET CLR 1.0.3705; .NET CLR 2.0.50727)"
62.101.0.91 - - [22/Nov/2007:14:28:36 +0000] "GET /Home/Ergebnisse--18.html HTTP/1.1" 200 24417 "http://www.sewahotel.com/it/risultati.html?pid=62&rid=11" "Mozilla/4.0 (compatible; MSIE 6.0; Windows NT 5.1; .NET CLR 1.0.3705; .NET CLR 2.0.50727)"
62.101.0.91 - - [22/Nov/2007:14:28:50 +0000] "GET /Home/Ergebnisse--18.html HTTP/1.1" 200 39859 "http://www.sewahotel.com/it/risultati.html?pid=62&rid=11" "Mozilla/4.0 (compatible; MSIE 6.0; Windows NT 5.1; .NET CLR 1.0.3705; .NET CLR 2.0.50727)"
62.101.0.91 - - [22/Nov/2007:14:28:50 +0000] "GET /Home/Ergebnisse--18.html HTTP/1.1" 200 39859 "http://www.sewahotel.com/it/risultati.html?pid=62&rid=11" "Mozilla/4.0 (compatible; MSIE 6.0; Windows NT 5.1; .NET CLR 1.0.3705; .NET CLR 2.0.50727)"
85.36.104.161 - - [22/Nov/2007:14:28:52 +0000] "GET /Home/Details-hotel--105.html HTTP/1.1" 200 91224 "" "Mozilla/4.0 (compatible; MSIE 6.0; Windows NT 5.1; SV1)"
62.94.196.31 - - [22/Nov/2007:14:28:55 +0000] "GET /Home/Details-hotel--105.html HTTP/1.1" 200 40415 "" "Mozilla/4.0 (compatible; MSIE 7.0; Windows NT 5.1; InfoPath.2)"
62.101.0.91 - - [22/Nov/2007:14:29:02 +0000] "GET /Home/Ergebnisse--18.html HTTP/1.1" 200 32962 "http://www.sewahotel.com/it/risultati.html?pid=62&rid=11" "Mozilla/4.0 (compatible; MSIE 6.0; Windows NT 5.1; .NET CLR 1.0.3705; .NET CLR 2.0.50727)"
85.18.14.39 - - [22/Nov/2007:14:29:01 +0000] "GET /Home/Ergebnisse--18.html HTTP/1.1" 200 105122 "http://www.prontoimprese.it/base/sewahotel.asp" "Mozilla/4.0 (compatible; MSIE 7.0; Windows NT 5.1; ADVPLUGIN|K114|04|S-733375609|dialno; .NET CLR 2.0.50727; .NET CLR 1.1.4322)"
87.79.214.196 - - [22/Nov/2007:14:29:20 +0000] "GET /Home/Ergebnisse--18.html HTTP/1.1" 200 75584 "" "Mozilla/4.0 (compatible; MSIE 7.0; Windows NT 5.1; .NET CLR 1.1.4322; .NET CLR 2.0.50727; .NET CLR 3.0.04506.30)"
62.101.0.91 - - [22/Nov/2007:14:29:26 +0000] "GET /Home/Details--20.html HTTP/1.1" 200 54238 "http://www.sewahotel.com/it/risultati.html?pid=62&rid=11" "Mozilla/4.0 (compatible; MSIE 6.0; Windows NT 5.1; .NET CLR 1.0.3705; .NET CLR 2.0.50727)"
62.94.196.31 - - [22/Nov/2007:14:29:27 +0000] "GET /Home/Details-hotel--105.html HTTP/1.1" 200 40415 "http://www.sewahotel.com/it/detagli-hotel.html?action=get_results&hotel_id=268&pid=6&rid=6&lang=it&from_day=07&from_month=12&from_year=2007&to_day=09&to_month=12&to_year=2007&to_year=2007&typ=2&verpflegung=zf&anzahl_erw=2&alterkind1=6&alterkind2=&alterkind3=" "Mozilla/4.0 (compatible; MSIE 7.0; Windows NT 5.1; InfoPath.2)"
79.4.33.102 - - [22/Nov/2007:14:29:47 +0000] "GET /Home/Details--20.html HTTP/1.1" 200 61792 "" "Mozilla/4.0 (compatible; MSIE 6.0; Windows NT 5.1; SV1)"
89.48.170.6 - - [22/Nov/2007:14:29:56 +0000] "GET /Home--1.html HTTP/1.1" 200 28333 "http://www.meinsuedtirol.com/Hotel-Kroellnerhof.1951.0.html" "Mozilla/4.0 (compatible; MSIE 6.0; Windows NT 5.1; SV1; .NET CLR 1.1.4322)"
62.101.0.91 - - [22/Nov/2007:14:30:03 +0000] "GET /Home/Details--20.html HTTP/1.1" 200 48763 "http://www.sewahotel.com/it/risultati.html?pid=62&rid=11" "Mozilla/4.0 (compatible; MSIE 6.0; Windows NT 5.1; .NET CLR 1.0.3705; .NET CLR 2.0.50727)"
62.97.38.57 - - [22/Nov/2007:14:30:04 +0000] "GET /Home/Details-flash--140.html HTTP/1.1" 200 44990 "" "Mozilla/4.0 (compatible; MSIE 6.0; Windows NT 5.1; SV1; .NET CLR 1.1.4322)"
62.101.97.14 - - [22/Nov/2007:14:30:13 +0000] "GET /Home/Details-flash--140.html HTTP/1.1" 200 55781 "" "Mozilla/4.0 (compatible; MSIE 6.0; Windows NT 5.1; SV1; .NET CLR 1.1.4322; .NET CLR 2.0.50727; .NET CLR 3.0.04506.30; InfoPath.1)"
66.249.72.104 - - [22/Nov/2007:14:30:14 +0000] "GET /Home/Details--20.html HTTP/1.1" 200 43371 "" "Mozilla/5.0 (compatible; Googlebot/2.1; +http://www.google.com/bot.html)"
64.1.215.164 - - [22/Nov/2007:14:30:22 +0000] "GET /Home/Events/Kalender--47.html HTTP/1.1" 200 45286 "" "Mozilla/5.0 (Twiceler-0.9 http://www.cuill.com/twiceler/robot.html)"
80.86.150.94 - - [22/Nov/2007:14:30:42 +0000] "GET /Home/Unsere_Hotels/Dolomiten--53.html HTTP/1.1" 200 39723 "http://www.sewahotel.com/it.html" "Mozilla/4.0 (compatible; MSIE 7.0; Windows NT 5.1; .NET CLR 1.1.4322; .NET CLR 2.0.50727; InfoPath.1; .NET CLR 3.0.04506.30)"
87.79.214.196 - - [22/Nov/2007:14:30:51 +0000] "GET /Home/Ergebnisse--18.html HTTP/1.1" 200 25293 "http://www.sewahotel.com/de/ergebnisse.html?action=get_results&hotel_id=&pid=11&rid=62&lang=de&from_day=19&from_month=07&from_year=2008&to_day=09&to_month=08&to_year=2008&to_year=2008&typ=6&verpflegung=u&anzahl_erw=2&alterkind1=12&alterkind2=&alterkind3=" "Mozilla/4.0 (compatible; MSIE 7.0; Windows NT 5.1; .NET CLR 1.1.4322; .NET CLR 2.0.50727; .NET CLR 3.0.04506.30)"
87.79.214.196 - - [22/Nov/2007:14:30:52 +0000] "GET /Home/Ergebnisse--18.html HTTP/1.1" 200 25293 "http://www.sewahotel.com/de/ergebnisse.html?action=get_results&hotel_id=&pid=11&rid=62&lang=de&from_day=19&from_month=07&from_year=2008&to_day=09&to_month=08&to_year=2008&to_year=2008&typ=6&verpflegung=u&anzahl_erw=2&alterkind1=12&alterkind2=&alterkind3=" "Mozilla/4.0 (compatible; MSIE 7.0; Windows NT 5.1; .NET CLR 1.1.4322; .NET CLR 2.0.50727; .NET CLR 3.0.04506.30)"
87.79.214.196 - - [22/Nov/2007:14:31:04 +0000] "GET /Home/Ergebnisse--18.html HTTP/1.1" 200 25293 "http://www.sewahotel.com/de/ergebnisse.html?pid=11&rid=62" "Mozilla/4.0 (compatible; MSIE 7.0; Windows NT 5.1; .NET CLR 1.1.4322; .NET CLR 2.0.50727; .NET CLR 3.0.04506.30)"
62.97.38.57 - - [22/Nov/2007:14:31:04 +0000] "GET /Home/Ergebnisse--18.html HTTP/1.1" 200 68675 "http://sky.suedtiroliminternet.com/skyscraper_it.php" "Mozilla/4.0 (compatible; MSIE 6.0; Windows NT 5.1; SV1; .NET CLR 1.1.4322)"
87.79.214.196 - - [22/Nov/2007:14:31:10 +0000] "GET /Home/Ergebnisse--18.html HTTP/1.1" 200 25293 "http://www.sewahotel.com/de/ergebnisse.html?pid=11&rid=62" "Mozilla/4.0 (compatible; MSIE 7.0; Windows NT 5.1; .NET CLR 1.1.4322; .NET CLR 2.0.50727; .NET CLR 3.0.04506.30)"
62.101.0.91 - - [22/Nov/2007:14:31:11 +0000] "GET /Home/Ergebnisse--18.html HTTP/1.1" 200 24478 "http://www.sewahotel.com/it/risultati.html?pid=62&rid=11" "Mozilla/4.0 (compatible; MSIE 6.0; Windows NT 5.1; .NET CLR 1.0.3705; .NET CLR 2.0.50727)"
62.101.0.91 - - [22/Nov/2007:14:31:11 +0000] "GET /Home/Ergebnisse--18.html HTTP/1.1" 200 24478 "http://www.sewahotel.com/it/risultati.html?pid=62&rid=11" "Mozilla/4.0 (compatible; MSIE 6.0; Windows NT 5.1; .NET CLR 1.0.3705; .NET CLR 2.0.50727)"
87.79.214.196 - - [22/Nov/2007:14:31:11 +0000] "GET /Home/Ergebnisse--18.html HTTP/1.1" 200 25293 "http://www.sewahotel.com/de/ergebnisse.html?pid=11&rid=62" "Mozilla/4.0 (compatible; MSIE 7.0; Windows NT 5.1; .NET CLR 1.1.4322; .NET CLR 2.0.50727; .NET CLR 3.0.04506.30)"
65.55.210.72 - - [22/Nov/2007:14:31:26 +0000] "GET /Home/Specials--60.html HTTP/1.1" 200 73748 "" "msnbot/1.0 (+http://search.msn.com/msnbot.htm)"
89.48.170.6 - - [22/Nov/2007:14:31:31 +0000] "GET /Home--1.html HTTP/1.1" 200 28333 "http://www.meinsuedtirol.com/Hotel-Kroellnerhof.1951.0.html" "Mozilla/4.0 (compatible; MSIE 6.0; Windows NT 5.1; SV1; .NET CLR 1.1.4322)"
83.184.21.215 - - [22/Nov/2007:14:31:44 +0000] "GET /Home/Details-hotel--105.html HTTP/1.1" 200 48641 "" "Mozilla/4.0 (compatible; MSIE 6.0; Windows NT 5.1; SV1; .NET CLR 1.1.4322)"
82.90.4.21 - - [22/Nov/2007:14:31:46 +0000] "GET /Home/Details--20.html HTTP/1.1" 200 50714 "" "Mozilla/4.0 (compatible; MSIE 7.0; Windows NT 5.1; .NET CLR 1.1.4322; .NET CLR 2.0.50727; .NET CLR 3.0.04506.30)"
64.1.215.164 - - [22/Nov/2007:14:31:48 +0000] "GET /Home/Events/Kalender--47.html HTTP/1.1" 200 108649 "" "Mozilla/5.0 (Twiceler-0.9 http://www.cuill.com/twiceler/robot.html)"
62.101.0.91 - - [22/Nov/2007:14:31:51 +0000] "GET /Home/Ergebnisse--18.html HTTP/1.1" 200 24480 "http://www.sewahotel.com/it/risultati.html?pid=62&rid=11" "Mozilla/4.0 (compatible; MSIE 6.0; Windows NT 5.1; .NET CLR 1.0.3705; .NET CLR 2.0.50727)"
80.86.150.94 - - [22/Nov/2007:14:31:53 +0000] "GET /Home/Unsere_Hotels/__sterreich--79.html HTTP/1.1" 200 15080 "http://www.sewahotel.com/it/i-nostri-hotel/le-dolomiti.html" "Mozilla/4.0 (compatible; MSIE 7.0; Windows NT 5.1; .NET CLR 1.1.4322; .NET CLR 2.0.50727; InfoPath.1; .NET CLR 3.0.04506.30)"
62.101.0.91 - - [22/Nov/2007:14:31:59 +0000] "GET /Home/Ergebnisse--18.html HTTP/1.1" 200 32461 "http://www.sewahotel.com/it/risultati.html?pid=62&rid=11" "Mozilla/4.0 (compatible; MSIE 6.0; Windows NT 5.1; .NET CLR 1.0.3705; .NET CLR 2.0.50727)"
62.101.0.91 - - [22/Nov/2007:14:31:59 +0000] "GET /Home/Ergebnisse--18.html HTTP/1.1" 200 32461 "http://www.sewahotel.com/it/risultati.html?pid=62&rid=11" "Mozilla/4.0 (compatible; MSIE 6.0; Windows NT 5.1; .NET CLR 1.0.3705; .NET CLR 2.0.50727)"
89.48.170.6 - - [22/Nov/2007:14:32:02 +0000] "GET /Home/F__r_Hotels--75.html HTTP/1.1" 200 17819 "http://www.sewahotel.com/" "Mozilla/4.0 (compatible; MSIE 6.0; Windows NT 5.1; SV1; .NET CLR 1.1.4322)"
80.86.150.94 - - [22/Nov/2007:14:32:02 +0000] "GET /Home/Details--20.html HTTP/1.1" 200 44001 "http://www.sewahotel.com/it/i-nostri-hotel/austria.html" "Mozilla/4.0 (compatible; MSIE 7.0; Windows NT 5.1; .NET CLR 1.1.4322; .NET CLR 2.0.50727; InfoPath.1; .NET CLR 3.0.04506.30)"
89.48.170.6 - - [22/Nov/2007:14:32:19 +0000] "GET /Home/Unsere_Hotels--7.html HTTP/1.1" 200 16234 "http://www.sewahotel.com/de/fuer-hotels.html" "Mozilla/4.0 (compatible; MSIE 6.0; Windows NT 5.1; SV1; .NET CLR 1.1.4322)"
74.6.24.35 - - [22/Nov/2007:14:32:29 +0000] "GET /Home/Details--20.html HTTP/1.1" 200 52668 "" "Mozilla/5.0 (compatible; Yahoo! Slurp; http://help.yahoo.com/help/us/ysearch/slurp)"
62.97.38.57 - - [22/Nov/2007:14:32:32 +0000] "GET /Home/Ergebnisse--18.html HTTP/1.1" 200 35986 "http://www.sewahotel.com/it/risultati.html" "Mozilla/4.0 (compatible; MSIE 6.0; Windows NT 5.1; SV1; .NET CLR 1.1.4322)"
89.48.170.6 - - [22/Nov/2007:14:32:37 +0000] "GET /Home/Unsere_Hotels/Meraner_Land--51.html HTTP/1.1" 200 79702 "http://www.sewahotel.com/de/unsere-hotels.html" "Mozilla/4.0 (compatible; MSIE 6.0; Windows NT 5.1; SV1; .NET CLR 1.1.4322)"
66.249.72.104 - - [22/Nov/2007:14:32:58 +0000] "GET /Home/Events/Liste--46.html HTTP/1.1" 200 13163 "" "Mozilla/5.0 (compatible; Googlebot/2.1; +http://www.google.com/bot.html)"
62.97.38.57 - - [22/Nov/2007:14:33:11 +0000] "GET /Home/Buchen--19.html HTTP/1.1" 200 25035 "http://www.sewahotel.com/it/risultati.html?pid=62&rid=11" "Mozilla/4.0 (compatible; MSIE 6.0; Windows NT 5.1; SV1; .NET CLR 1.1.4322)"
89.48.170.6 - - [22/Nov/2007:14:33:21 +0000] "GET /Home/Details--20.html HTTP/1.1" 200 37381 "http://www.sewahotel.com/de/unsere-hotels/meraner-land.html?pid=0&rid=0%C3%83%C2%83%C3%82%C2%83" "Mozilla/4.0 (compatible; MSIE 6.0; Windows NT 5.1; SV1; .NET CLR 1.1.4322)"
80.86.150.94 - - [22/Nov/2007:14:33:39 +0000] "GET /Home/Details--20.html HTTP/1.1" 200 46512 "http://www.sewahotel.com/it/detagli.html?pid=11&rid=62&lang=it&hotel_id=270" "Mozilla/4.0 (compatible; MSIE 7.0; Windows NT 5.1; .NET CLR 1.1.4322; .NET CLR 2.0.50727; InfoPath.1; .NET CLR 3.0.04506.30)"
62.101.0.91 - - [22/Nov/2007:14:33:40 +0000] "GET /Home/Ergebnisse--18.html HTTP/1.1" 200 24478 "http://www.sewahotel.com/it/risultati.html?pid=62&rid=11" "Mozilla/4.0 (compatible; MSIE 6.0; Windows NT 5.1; .NET CLR 1.0.3705; .NET CLR 2.0.50727)"
62.101.0.91 - - [22/Nov/2007:14:33:47 +0000] "GET /Home/Ergebnisse--18.html HTTP/1.1" 200 24478 "http://www.sewahotel.com/it/risultati.html?pid=62&rid=11" "Mozilla/4.0 (compatible; MSIE 6.0; Windows NT 5.1; .NET CLR 1.0.3705; .NET CLR 2.0.50727)"
62.101.0.91 - - [22/Nov/2007:14:33:47 +0000] "GET /Home/Ergebnisse--18.html HTTP/1.1" 200 24486 "http://www.sewahotel.com/it/risultati.html?pid=62&rid=11" "Mozilla/4.0 (compatible; MSIE 6.0; Windows NT 5.1; .NET CLR 1.0.3705; .NET CLR 2.0.50727)"
62.101.0.91 - - [22/Nov/2007:14:33:56 +0000] "GET /Home/Ergebnisse--18.html HTTP/1.1" 200 32960 "http://www.sewahotel.com/it/risultati.html?pid=62&rid=11" "Mozilla/4.0 (compatible; MSIE 6.0; Windows NT 5.1; .NET CLR 1.0.3705; .NET CLR 2.0.50727)"
62.101.0.91 - - [22/Nov/2007:14:33:56 +0000] "GET /Home/Ergebnisse--18.html HTTP/1.1" 200 32960 "http://www.sewahotel.com/it/risultati.html?pid=62&rid=11" "Mozilla/4.0 (compatible; MSIE 6.0; Windows NT 5.1; .NET CLR 1.0.3705; .NET CLR 2.0.50727)"
80.86.150.94 - - [22/Nov/2007:14:33:58 +0000] "GET /Home/Details--20.html HTTP/1.1" 200 46512 "http://www.sewahotel.com/it/detagli.html?pid=11&rid=62" "Mozilla/4.0 (compatible; MSIE 7.0; Windows NT 5.1; .NET CLR 1.1.4322; .NET CLR 2.0.50727; InfoPath.1; .NET CLR 3.0.04506.30)"
62.101.0.91 - - [22/Nov/2007:14:34:03 +0000] "GET /Home/Ergebnisse--18.html HTTP/1.1" 200 24480 "http://www.sewahotel.com/it/risultati.html?pid=62&rid=11" "Mozilla/4.0 (compatible; MSIE 6.0; Windows NT 5.1; .NET CLR 1.0.3705; .NET CLR 2.0.50727)"
62.101.0.91 - - [22/Nov/2007:14:34:03 +0000] "GET /Home/Ergebnisse--18.html HTTP/1.1" 200 24480 "http://www.sewahotel.com/it/risultati.html?pid=62&rid=11" "Mozilla/4.0 (compatible; MSIE 6.0; Windows NT 5.1; .NET CLR 1.0.3705; .NET CLR 2.0.50727)"
80.86.150.94 - - [22/Nov/2007:14:34:04 +0000] "GET /Home/Details--20.html HTTP/1.1" 200 44001 "http://www.sewahotel.com/it/i-nostri-hotel/austria.html" "Mozilla/4.0 (compatible; MSIE 7.0; Windows NT 5.1; .NET CLR 1.1.4322; .NET CLR 2.0.50727; InfoPath.1; .NET CLR 3.0.04506.30)"
80.86.150.94 - - [22/Nov/2007:14:34:04 +0000] "GET /Home/Unsere_Hotels/__sterreich--79.html HTTP/1.1" 200 15080 "http://www.sewahotel.com/it/i-nostri-hotel/le-dolomiti.html" "Mozilla/4.0 (compatible; MSIE 7.0; Windows NT 5.1; .NET CLR 1.1.4322; .NET CLR 2.0.50727; InfoPath.1; .NET CLR 3.0.04506.30)"
80.86.150.94 - - [22/Nov/2007:14:34:06 +0000] "GET /Home/Unsere_Hotels/Dolomiten--53.html HTTP/1.1" 200 39723 "http://www.sewahotel.com/it.html" "Mozilla/4.0 (compatible; MSIE 7.0; Windows NT 5.1; .NET CLR 1.1.4322; .NET CLR 2.0.50727; InfoPath.1; .NET CLR 3.0.04506.30)"
62.101.0.91 - - [22/Nov/2007:14:34:07 +0000] "GET /Home/Ergebnisse--18.html HTTP/1.1" 200 24480 "http://www.sewahotel.com/it/risultati.html?pid=62&rid=11" "Mozilla/4.0 (compatible; MSIE 6.0; Windows NT 5.1; .NET CLR 1.0.3705; .NET CLR 2.0.50727)"
62.101.0.91 - - [22/Nov/2007:14:34:07 +0000] "GET /Home/Ergebnisse--18.html HTTP/1.1" 200 24480 "http://www.sewahotel.com/it/risultati.html?pid=62&rid=11" "Mozilla/4.0 (compatible; MSIE 6.0; Windows NT 5.1; .NET CLR 1.0.3705; .NET CLR 2.0.50727)"
80.86.150.94 - - [22/Nov/2007:14:34:08 +0000] "GET /Home--1.html HTTP/1.1" 200 27729 "" "Mozilla/4.0 (compatible; MSIE 7.0; Windows NT 5.1; .NET CLR 1.1.4322; .NET CLR 2.0.50727; InfoPath.1; .NET CLR 3.0.04506.30)"
62.101.0.91 - - [22/Nov/2007:14:34:11 +0000] "GET /Home/Ergebnisse--18.html HTTP/1.1" 200 32461 "http://www.sewahotel.com/it/risultati.html?pid=62&rid=11" "Mozilla/4.0 (compatible; MSIE 6.0; Windows NT 5.1; .NET CLR 1.0.3705; .NET CLR 2.0.50727)"
80.86.150.94 - - [22/Nov/2007:14:34:13 +0000] "GET /Home/Unsere_Hotels/Pustertal--59.html HTTP/1.1" 200 31448 "http://www.sewahotel.com/it.html" "Mozilla/4.0 (compatible; MSIE 7.0; Windows NT 5.1; .NET CLR 1.1.4322; .NET CLR 2.0.50727; InfoPath.1; .NET CLR 3.0.04506.30)"
62.101.0.30 - - [22/Nov/2007:14:34:34 +0000] "GET /Home--1.html HTTP/1.1" 200 27729 "" "Mozilla/4.0 (compatible; MSIE 6.0; Windows NT 5.1; .NET CLR 1.0.3705; .NET CLR 2.0.50727)"
82.185.105.200 - - [22/Nov/2007:14:34:37 +0000] "GET /Home/Details--20.html HTTP/1.1" 200 67846 "http://www.google.it/search?hl=it&rls=GGLJ%2CGGLJ%3A2006-47%2CGGLJ%3Ait&q=scialpinismo+skitest+altoadige&meta=" "Mozilla/4.0 (compatible; MSIE 6.0; Windows NT 5.1; SV1; .NET CLR 1.1.4322; MS-RTC LM 8)"
80.86.150.94 - - [22/Nov/2007:14:34:38 +0000] "GET /Home/Details--20.html HTTP/1.1" 200 43533 "http://www.sewahotel.com/it/i-nostri-hotel/val-pusteria.html" "Mozilla/4.0 (compatible; MSIE 7.0; Windows NT 5.1; .NET CLR 1.1.4322; .NET CLR 2.0.50727; InfoPath.1; .NET CLR 3.0.04506.30)"
212.88.182.83 - - [22/Nov/2007:14:34:59 +0000] "GET /Home--1.html HTTP/1.1" 200 28333 "http://www.meinsuedtirol.com/Specials.5.0.html" "Mozilla/4.0 (compatible; MSIE 6.0; Windows NT 5.0)"
89.48.170.6 - - [22/Nov/2007:14:35:14 +0000] "GET /Home/Anfrage--112.html HTTP/1.1" 200 18735 "http://www.sewahotel.com/de/details.html?pid=11&rid=0����&lang=de&hotel_id=189" "Mozilla/4.0 (compatible; MSIE 6.0; Windows NT 5.1; SV1; .NET CLR 1.1.4322)"
62.101.0.91 - - [22/Nov/2007:14:35:16 +0000] "GET /Home/Details--20.html HTTP/1.1" 200 44635 "http://www.sewahotel.com/it.html" "Mozilla/4.0 (compatible; MSIE 6.0; Windows NT 5.1; .NET CLR 1.0.3705; .NET CLR 2.0.50727)"
88.46.106.201 - - [22/Nov/2007:14:35:35 +0000] "GET /Home/Details-hotel--105.html HTTP/1.1" 200 49448 "" "Mozilla/4.0 (compatible; MSIE 6.0; Windows NT 5.0)"
82.185.105.200 - - [22/Nov/2007:14:35:36 +0000] "GET /Home/Details--20.html HTTP/1.1" 200 50293 "http://172.16.0.20:15871/cgi-bin/blockOptions.cgi?ws-session=3654449451" "Mozilla/4.0 (compatible; MSIE 6.0; Windows NT 5.1; SV1; .NET CLR 1.1.4322; MS-RTC LM 8)"
66.249.72.104 - - [22/Nov/2007:14:35:42 +0000] "GET /Home/Details--20.html HTTP/1.1" 200 52694 "" "Mozilla/5.0 (compatible; Googlebot/2.1; +http://www.google.com/bot.html)"
80.86.150.94 - - [22/Nov/2007:14:36:04 +0000] "GET /Home/Unsere_Hotels/Pustertal--59.html HTTP/1.1" 200 31448 "http://www.sewahotel.com/it.html" "Mozilla/4.0 (compatible; MSIE 7.0; Windows NT 5.1; .NET CLR 1.1.4322; .NET CLR 2.0.50727; InfoPath.1; .NET CLR 3.0.04506.30)"
212.88.182.83 - - [22/Nov/2007:14:36:04 +0000] "GET /Home/Finden___Buchen--2.html HTTP/1.1" 200 27112 "http://www.sewahotel.com/" "Mozilla/4.0 (compatible; MSIE 6.0; Windows NT 5.0)"
80.86.150.94 - - [22/Nov/2007:14:36:15 +0000] "GET /Home/Details--20.html HTTP/1.1" 200 42951 "http://www.sewahotel.com/it/i-nostri-hotel/val-pusteria.html" "Mozilla/4.0 (compatible; MSIE 7.0; Windows NT 5.1; .NET CLR 1.1.4322; .NET CLR 2.0.50727; InfoPath.1; .NET CLR 3.0.04506.30)"
151.60.224.243 - - [22/Nov/2007:14:36:18 +0000] "GET /Home--1.html HTTP/1.1" 200 28333 "http://www.meinsuedtirol.com/Grazie_per_la_sua_registrazione.1986.1.html" "Mozilla/4.0 (compatible; MSIE 6.0; Windows NT 5.1; SV1; .NET CLR 1.1.4322)"
62.101.0.91 - - [22/Nov/2007:14:36:37 +0000] "GET /Home/Specials--60.html HTTP/1.1" 200 15077 "http://www.sewahotel.com/it/detagli.html?pid=11&rid=62&lang=it&hotel_id=240" "Mozilla/4.0 (compatible; MSIE 6.0; Windows NT 5.1; .NET CLR 1.0.3705; .NET CLR 2.0.50727)"
62.101.0.30 - - [22/Nov/2007:14:36:45 +0000] "GET /Home/Specials/Regionen/Dolomiten--139.html HTTP/1.1" 200 53824 "http://www.sewahotel.com/it/specials.html?pid=62&rid=11" "Mozilla/4.0 (compatible; MSIE 6.0; Windows NT 5.1; .NET CLR 1.0.3705; .NET CLR 2.0.50727)"
62.101.0.91 - - [22/Nov/2007:14:37:18 +0000] "GET /Home/Details--20.html HTTP/1.1" 200 50257 "http://www.sewahotel.com/it/specials/regioni/le-dolomiti.html" "Mozilla/4.0 (compatible; MSIE 6.0; Windows NT 5.1; .NET CLR 1.0.3705; .NET CLR 2.0.50727)"
80.86.150.94 - - [22/Nov/2007:14:37:19 +0000] "GET /Home/Unsere_Hotels/Pustertal--59.html HTTP/1.1" 200 31448 "http://www.sewahotel.com/it.html" "Mozilla/4.0 (compatible; MSIE 7.0; Windows NT 5.1; .NET CLR 1.1.4322; .NET CLR 2.0.50727; InfoPath.1; .NET CLR 3.0.04506.30)"
88.44.98.133 - - [22/Nov/2007:14:37:29 +0000] "GET /Home/Details-flash--140.html HTTP/1.1" 200 44990 "" "Mozilla/4.0 (compatible; MSIE 5.5; Windows NT 5.0)"
80.86.150.94 - - [22/Nov/2007:14:37:34 +0000] "GET /Home/Details--20.html HTTP/1.1" 200 43533 "http://www.sewahotel.com/it/i-nostri-hotel/val-pusteria.html" "Mozilla/4.0 (compatible; MSIE 7.0; Windows NT 5.1; .NET CLR 1.1.4322; .NET CLR 2.0.50727; InfoPath.1; .NET CLR 3.0.04506.30)"
89.48.170.6 - - [22/Nov/2007:14:37:42 +0000] "GET /Home/Anfrage/Danke--113.html HTTP/1.1" 200 11590 "http://www.sewahotel.com/de/anfrage.html?pid=11&rid=62" "Mozilla/4.0 (compatible; MSIE 6.0; Windows NT 5.1; SV1; .NET CLR 1.1.4322)"
74.6.23.123 - - [22/Nov/2007:14:37:49 +0000] "GET /Home/Lastminute--63.html HTTP/1.1" 200 20560 "" "Mozilla/5.0 (compatible; Yahoo! Slurp; http://help.yahoo.com/help/us/ysearch/slurp)"
212.88.182.83 - - [22/Nov/2007:14:38:06 +0000] "GET /Home--1.html HTTP/1.1" 200 28333 "http://www.meinsuedtirol.com/Saison.36.0.html" "Mozilla/4.0 (compatible; MSIE 6.0; Windows NT 5.0)"
80.86.150.94 - - [22/Nov/2007:14:38:25 +0000] "GET /Home/Details--20.html HTTP/1.1" 200 46033 "http://www.sewahotel.com/it/detagli.html?pid=11&rid=62&lang=it&hotel_id=321" "Mozilla/4.0 (compatible; MSIE 7.0; Windows NT 5.1; .NET CLR 1.1.4322; .NET CLR 2.0.50727; InfoPath.1; .NET CLR 3.0.04506.30)"
66.249.72.104 - - [22/Nov/2007:14:38:27 +0000] "GET /Home/Events/Liste--46.html HTTP/1.1" 200 13857 "" "Mozilla/5.0 (compatible; Googlebot/2.1; +http://www.google.com/bot.html)"
80.86.150.94 - - [22/Nov/2007:14:38:34 +0000] "GET /Home/Ergebnisse--18.html HTTP/1.1" 200 140012 "http://www.sewahotel.com/it/detagli.html?pid=11&rid=62" "Mozilla/4.0 (compatible; MSIE 7.0; Windows NT 5.1; .NET CLR 1.1.4322; .NET CLR 2.0.50727; InfoPath.1; .NET CLR 3.0.04506.30)"
89.48.170.6 - - [22/Nov/2007:14:39:10 +0000] "GET /Home/Details--20.html HTTP/1.1" 200 46239 "http://www.sewahotel.com/de/unsere-hotels/meraner-land.html?pid=0&rid=0%C3%83%C2%83%C3%82%C2%83" "Mozilla/4.0 (compatible; MSIE 6.0; Windows NT 5.1; SV1; .NET CLR 1.1.4322)"
80.86.150.94 - - [22/Nov/2007:14:39:22 +0000] "GET /Home/Ergebnisse--18.html HTTP/1.1" 200 49493 "http://www.sewahotel.com/it/risultati.html?pid=11&rid=62" "Mozilla/4.0 (compatible; MSIE 7.0; Windows NT 5.1; .NET CLR 1.1.4322; .NET CLR 2.0.50727; InfoPath.1; .NET CLR 3.0.04506.30)"
80.86.150.94 - - [22/Nov/2007:14:39:31 +0000] "GET /Home/Details--20.html HTTP/1.1" 200 43533 "http://www.sewahotel.com/it/i-nostri-hotel/val-pusteria.html" "Mozilla/4.0 (compatible; MSIE 7.0; Windows NT 5.1; .NET CLR 1.1.4322; .NET CLR 2.0.50727; InfoPath.1; .NET CLR 3.0.04506.30)"
62.97.62.135 - - [22/Nov/2007:14:39:33 +0000] "GET /Home/Details--20.html HTTP/1.1" 200 50714 "" "Mozilla/4.0 (compatible; MSIE 6.0; Windows NT 5.1; SV1; .NET CLR 1.1.4322)"
80.86.150.94 - - [22/Nov/2007:14:39:34 +0000] "GET /Home/Unsere_Hotels/Pustertal--59.html HTTP/1.1" 200 31448 "http://www.sewahotel.com/it.html" "Mozilla/4.0 (compatible; MSIE 7.0; Windows NT 5.1; .NET CLR 1.1.4322; .NET CLR 2.0.50727; InfoPath.1; .NET CLR 3.0.04506.30)"
80.86.150.94 - - [22/Nov/2007:14:39:54 +0000] "GET /Home/Unsere_Hotels/S__dtirols_S__den--55.html HTTP/1.1" 200 42482 "http://www.sewahotel.com/it/i-nostri-hotel/val-pusteria.html" "Mozilla/4.0 (compatible; MSIE 7.0; Windows NT 5.1; .NET CLR 1.1.4322; .NET CLR 2.0.50727; InfoPath.1; .NET CLR 3.0.04506.30)"
80.86.150.94 - - [22/Nov/2007:14:39:59 +0000] "GET /Home/Details--20.html HTTP/1.1" 200 48112 "http://www.sewahotel.com/it/i-nostri-hotel/sud-dellalto-adige.html" "Mozilla/4.0 (compatible; MSIE 7.0; Windows NT 5.1; .NET CLR 1.1.4322; .NET CLR 2.0.50727; InfoPath.1; .NET CLR 3.0.04506.30)"
64.1.215.164 - - [22/Nov/2007:14:40:12 +0000] "GET /Home/Events/Kalender--47.html HTTP/1.1" 200 80305 "" "Mozilla/5.0 (Twiceler-0.9 http://www.cuill.com/twiceler/robot.html)"
80.86.150.94 - - [22/Nov/2007:14:40:21 +0000] "GET /Home/Details--20.html HTTP/1.1" 200 50678 "http://www.sewahotel.com/it/detagli.html?pid=11&rid=62&lang=it&hotel_id=142" "Mozilla/4.0 (compatible; MSIE 7.0; Windows NT 5.1; .NET CLR 1.1.4322; .NET CLR 2.0.50727; InfoPath.1; .NET CLR 3.0.04506.30)"
80.86.150.94 - - [22/Nov/2007:14:40:24 +0000] "GET /Home/Ergebnisse--18.html HTTP/1.1" 200 149515 "http://www.sewahotel.com/it/detagli.html?pid=11&rid=62" "Mozilla/4.0 (compatible; MSIE 7.0; Windows NT 5.1; .NET CLR 1.1.4322; .NET CLR 2.0.50727; InfoPath.1; .NET CLR 3.0.04506.30)"
80.86.150.94 - - [22/Nov/2007:14:40:46 +0000] "GET /Home/Ergebnisse--18.html HTTP/1.1" 200 49493 "http://www.sewahotel.com/it/risultati.html?pid=11&rid=62" "Mozilla/4.0 (compatible; MSIE 7.0; Windows NT 5.1; .NET CLR 1.1.4322; .NET CLR 2.0.50727; InfoPath.1; .NET CLR 3.0.04506.30)"
80.86.150.94 - - [22/Nov/2007:14:40:51 +0000] "GET /Home/Ergebnisse--18.html HTTP/1.1" 200 149515 "http://www.sewahotel.com/it/risultati.html?pid=11&rid=62" "Mozilla/4.0 (compatible; MSIE 7.0; Windows NT 5.1; .NET CLR 1.1.4322; .NET CLR 2.0.50727; InfoPath.1; .NET CLR 3.0.04506.30)"
80.86.150.94 - - [22/Nov/2007:14:41:06 +0000] "GET /Home/Buchen--19.html HTTP/1.1" 200 24140 "http://www.sewahotel.com/it/risultati.html?pid=11&rid=62" "Mozilla/4.0 (compatible; MSIE 7.0; Windows NT 5.1; .NET CLR 1.1.4322; .NET CLR 2.0.50727; InfoPath.1; .NET CLR 3.0.04506.30)"
66.249.72.104 - - [22/Nov/2007:14:41:10 +0000] "GET /Home/Events/Liste--46.html HTTP/1.1" 200 13022 "" "Mozilla/5.0 (compatible; Googlebot/2.1; +http://www.google.com/bot.html)"
80.86.150.94 - - [22/Nov/2007:14:41:22 +0000] "GET /Home/Details--20.html HTTP/1.1" 200 53369 "http://www.sewahotel.com/it/risultati.html?pid=11&rid=62" "Mozilla/4.0 (compatible; MSIE 7.0; Windows NT 5.1; .NET CLR 1.1.4322; .NET CLR 2.0.50727; InfoPath.1; .NET CLR 3.0.04506.30)"
64.1.215.164 - - [22/Nov/2007:14:41:38 +0000] "GET /Home/Events/Kalender--47.html HTTP/1.1" 200 43890 "" "Mozilla/5.0 (Twiceler-0.9 http://www.cuill.com/twiceler/robot.html)"
83.135.207.190 - - [22/Nov/2007:14:42:12 +0000] "GET /Home/Ergebnisse--18.html HTTP/1.1" 200 87197 "http://www.prontoimprese.it/base/sewahotel.asp" "Mozilla/4.0 (compatible; MSIE 7.0; Windows NT 5.1; .NET CLR 1.1.4322)"
84.223.194.221 - - [22/Nov/2007:14:42:14 +0000] "GET /Home--1.html HTTP/1.1" 200 28333 "http://www.meinsuedtirol.com/Maranza-.110.1.html" "Mozilla/4.0 (compatible; MSIE 6.0; Windows NT 5.1; SV1)"
80.86.150.94 - - [22/Nov/2007:14:42:28 +0000] "GET /Home/Details--20.html HTTP/1.1" 200 53369 "" "Mozilla/5.0 (Windows; U; Windows NT 5.1; it; rv:1.8.1.9) Gecko/20071025 Firefox/2.0.0.9"
88.35.45.213 - - [22/Nov/2007:14:42:28 +0000] "GET /Home/Ergebnisse--18.html HTTP/1.1" 200 74980 "http://sky.suedtiroliminternet.com/skyscraper_it.php" "Mozilla/4.0 (compatible; MSIE 5.5; Windows NT 5.0)"
80.86.150.94 - - [22/Nov/2007:14:42:36 +0000] "GET /Home/Details--20.html HTTP/1.1" 200 48112 "http://www.sewahotel.com/it/i-nostri-hotel/sud-dellalto-adige.html" "Mozilla/4.0 (compatible; MSIE 7.0; Windows NT 5.1; .NET CLR 1.1.4322; .NET CLR 2.0.50727; InfoPath.1; .NET CLR 3.0.04506.30)"
80.86.150.94 - - [22/Nov/2007:14:42:42 +0000] "GET /Home/Unsere_Hotels/S__dtirols_S__den--55.html HTTP/1.1" 200 42482 "http://www.sewahotel.com/it/i-nostri-hotel/val-pusteria.html" "Mozilla/4.0 (compatible; MSIE 7.0; Windows NT 5.1; .NET CLR 1.1.4322; .NET CLR 2.0.50727; InfoPath.1; .NET CLR 3.0.04506.30)"
195.254.224.73 - - [22/Nov/2007:14:42:44 +0000] "GET /Home/Ergebnisse-hotel--102.html HTTP/1.1" 200 105301 "" "Mozilla/4.0 (compatible; MSIE 6.0; Windows NT 5.1; SV1; .NET CLR 2.0.50727; .NET CLR 1.1.4322)"
80.86.150.94 - - [22/Nov/2007:14:42:50 +0000] "GET /Home/Finden___Buchen--2.html HTTP/1.1" 200 26649 "http://www.sewahotel.com/it/i-nostri-hotel/sud-dellalto-adige.html" "Mozilla/4.0 (compatible; MSIE 7.0; Windows NT 5.1; .NET CLR 1.1.4322; .NET CLR 2.0.50727; InfoPath.1; .NET CLR 3.0.04506.30)"
84.223.194.221 - - [22/Nov/2007:14:42:52 +0000] "GET /Home/Unsere_Hotels/S__dtirols_S__den--55.html HTTP/1.1" 200 42771 "http://www.sewahotel.com/" "Mozilla/4.0 (compatible; MSIE 6.0; Windows NT 5.1; SV1)"
88.35.45.213 - - [22/Nov/2007:14:43:08 +0000] "GET /Home/Ergebnisse--18.html HTTP/1.1" 200 54448 "http://www.sewahotel.com/it/risultati.html" "Mozilla/4.0 (compatible; MSIE 5.5; Windows NT 5.0)"
80.86.150.94 - - [22/Nov/2007:14:43:08 +0000] "GET /Home/Ergebnisse--18.html HTTP/1.1" 200 102292 "http://www.sewahotel.com/it/trovare-prenotare.html" "Mozilla/4.0 (compatible; MSIE 7.0; Windows NT 5.1; .NET CLR 1.1.4322; .NET CLR 2.0.50727; InfoPath.1; .NET CLR 3.0.04506.30)"
80.86.150.94 - - [22/Nov/2007:14:43:11 +0000] "GET /Home/Ergebnisse--18.html HTTP/1.1" 200 102292 "http://www.sewahotel.com/it/trovare-prenotare.html" "Mozilla/4.0 (compatible; MSIE 7.0; Windows NT 5.1; .NET CLR 1.1.4322; .NET CLR 2.0.50727; InfoPath.1; .NET CLR 3.0.04506.30)"
87.18.242.112 - - [22/Nov/2007:14:43:27 +0000] "GET /Home/Ergebnisse--18.html HTTP/1.1" 200 24435 "http://sky.suedtiroliminternet.com/skyscraper_it.php" "Mozilla/4.0 (compatible; MSIE 6.0; Windows NT 5.1; SV1; .NET CLR 1.1.4322)"
88.35.45.213 - - [22/Nov/2007:14:43:42 +0000] "GET /Home/Details--20.html HTTP/1.1" 200 65840 "http://www.sewahotel.com/it/risultati.html?pid=62&rid=11" "Mozilla/4.0 (compatible; MSIE 5.5; Windows NT 5.0)"
66.249.72.104 - - [22/Nov/2007:14:43:55 +0000] "GET /Home/Events/Liste--46.html HTTP/1.1" 200 13448 "" "Mozilla/5.0 (compatible; Googlebot/2.1; +http://www.google.com/bot.html)"
89.48.170.6 - - [22/Nov/2007:14:43:56 +0000] "GET /Home/Anfrage--112.html HTTP/1.1" 200 18735 "http://www.sewahotel.com/de/details.html?pid=11&rid=0����&lang=de&hotel_id=282" "Mozilla/4.0 (compatible; MSIE 6.0; Windows NT 5.1; SV1; .NET CLR 1.1.4322)"
213.146.112.200 - - [22/Nov/2007:14:44:22 +0000] "GET /Home/Details-flash--140.html HTTP/1.1" 200 48002 "http://www.meinsuedtirol.com/Dorf_Tirol.163.0.html" "Mozilla/5.0 (Windows; U; Windows NT 5.1; de; rv:1.8.0.12) Gecko/20070508 Firefox/1.5.0.12"
82.53.178.131 - - [22/Nov/2007:14:44:29 +0000] "GET /Home/Details-flash--140.html HTTP/1.1" 200 47890 "" "Mozilla/4.0 (compatible; MSIE 6.0; Windows NT 5.1; SV1; InfoPath.1)"
89.48.170.6 - - [22/Nov/2007:14:44:36 +0000] "GET /Home/Anfrage--112.html HTTP/1.1" 200 18735 "http://www.sewahotel.com/de/details.html?pid=11&rid=0����&lang=de&hotel_id=282" "Mozilla/4.0 (compatible; MSIE 6.0; Windows NT 5.1; SV1; .NET CLR 1.1.4322)"
82.50.177.73 - - [22/Nov/2007:14:44:44 +0000] "GET /Home/Details-flash--140.html HTTP/1.1" 200 55781 "" "Mozilla/4.0 (compatible; MSIE 6.0; Windows NT 5.0; .NET CLR 1.1.4322; HbTools 4.7.7; .NET CLR 2.0.50727)"
82.53.178.131 - - [22/Nov/2007:14:45:18 +0000] "GET /Home/Details-flash--140.html HTTP/1.1" 200 55781 "" "Mozilla/4.0 (compatible; MSIE 6.0; Windows NT 5.1; SV1; InfoPath.1)"
82.53.178.131 - - [22/Nov/2007:14:45:58 +0000] "GET /Home/Details-flash--140.html HTTP/1.1" 200 52364 "" "Mozilla/4.0 (compatible; MSIE 6.0; Windows NT 5.1; SV1; InfoPath.1)"
89.48.170.6 - - [22/Nov/2007:14:46:06 +0000] "GET /Home/Details--20.html HTTP/1.1" 200 36132 "http://www.sewahotel.com/de/unsere-hotels/meraner-land.html?pid=0&rid=0%C3%83%C2%83%C3%82%C2%83" "Mozilla/4.0 (compatible; MSIE 6.0; Windows NT 5.1; SV1; .NET CLR 1.1.4322)"
66.249.72.104 - - [22/Nov/2007:14:46:39 +0000] "GET /Home/Details--20.html HTTP/1.1" 200 54007 "" "Mozilla/5.0 (compatible; Googlebot/2.1; +http://www.google.com/bot.html)"
82.90.119.72 - - [22/Nov/2007:14:47:10 +0000] "GET /Home/Details-flash--140.html HTTP/1.1" 200 44990 "http://www.meinsuedtirol.com/Hotel-Italia-Corvara-.946.0.0.1240.1.html" "Mozilla/5.0 (Macintosh; U; PPC Mac OS X; it-it) AppleWebKit/418 (KHTML, like Gecko) Safari/417.9.2"
79.1.174.248 - - [22/Nov/2007:14:47:14 +0000] "GET /Home/Details--20.html HTTP/1.1" 200 68045 "" "Mozilla/4.0 (compatible; MSIE 7.0; Windows NT 5.1; .NET CLR 1.1.4322)"
88.36.214.250 - - [22/Nov/2007:14:47:23 +0000] "GET /Home/Details-flash--140.html HTTP/1.1" 200 47890 "http://www.meinsuedtirol.com/fileadmin/flash/teaser.swf" "Mozilla/4.0 (compatible; MSIE 7.0; Windows NT 6.0; SLCC1; .NET CLR 2.0.50727; .NET CLR 3.0.04506)"
88.36.214.250 - - [22/Nov/2007:14:47:23 +0000] "GET /Home/Details-flash--140.html HTTP/1.1" 200 47890 "http://www.meinsuedtirol.com/fileadmin/flash/teaser.swf" "Mozilla/4.0 (compatible; MSIE 7.0; Windows NT 6.0; SLCC1; .NET CLR 2.0.50727; .NET CLR 3.0.04506)"
79.1.174.248 - - [22/Nov/2007:14:47:31 +0000] "GET /Home--1.html HTTP/1.1" 200 27942 "http://www.sewahotel.com/de/details.html?pid=11&rid=62&lang=de&hotel_id=303" "Mozilla/4.0 (compatible; MSIE 7.0; Windows NT 5.1; .NET CLR 1.1.4322)"
62.101.0.91 - - [22/Nov/2007:14:47:39 +0000] "GET /Home/Ergebnisse--18.html HTTP/1.1" 200 24482 "http://www.sewahotel.com/it.html" "Mozilla/4.0 (compatible; MSIE 6.0; Windows NT 5.1; .NET CLR 1.0.3705; .NET CLR 2.0.50727)"
62.101.0.91 - - [22/Nov/2007:14:47:54 +0000] "GET /Home/Ergebnisse--18.html HTTP/1.1" 200 24444 "http://www.sewahotel.com/it/risultati.html?pid=11&rid=62" "Mozilla/4.0 (compatible; MSIE 6.0; Windows NT 5.1; .NET CLR 1.0.3705; .NET CLR 2.0.50727)"
62.101.0.91 - - [22/Nov/2007:14:47:54 +0000] "GET /Home/Ergebnisse--18.html HTTP/1.1" 200 32461 "http://www.sewahotel.com/it/risultati.html?pid=11&rid=62" "Mozilla/4.0 (compatible; MSIE 6.0; Windows NT 5.1; .NET CLR 1.0.3705; .NET CLR 2.0.50727)"
151.21.85.222 - - [22/Nov/2007:14:48:09 +0000] "GET /Home/Details-flash--140.html HTTP/1.1" 200 52364 "http://www.meinsuedtirol.com/Hotel-Bellavista-Seiseralm-.23.0.0.1240.1.html" "Mozilla/5.0 (Windows; U; Windows NT 5.1; it; rv:1.8.1.9) Gecko/20071025 Firefox/2.0.0.9"
89.48.170.6 - - [22/Nov/2007:14:48:10 +0000] "GET /Home/Details--20.html HTTP/1.1" 200 59610 "http://www.sewahotel.com/de/details.html?pid=11&rid=0����&lang=de&hotel_id=223" "Mozilla/4.0 (compatible; MSIE 6.0; Windows NT 5.1; SV1; .NET CLR 1.1.4322)"
82.50.177.73 - - [22/Nov/2007:14:48:56 +0000] "GET /Home--1.html HTTP/1.1" 200 28333 "http://www.meinsuedtirol.com/Tesido-.226.1.html" "Mozilla/4.0 (compatible; MSIE 6.0; Windows NT 5.0; .NET CLR 1.1.4322; HbTools 4.7.7; .NET CLR 2.0.50727)"
82.50.177.73 - - [22/Nov/2007:14:49:14 +0000] "GET /Home/Details--20.html HTTP/1.1" 200 45217 "http://www.sewahotel.com/" "Mozilla/4.0 (compatible; MSIE 6.0; Windows NT 5.0; .NET CLR 1.1.4322; HbTools 4.7.7; .NET CLR 2.0.50727)"
66.249.72.104 - - [22/Nov/2007:14:49:23 +0000] "GET /Home/Details--20.html HTTP/1.1" 200 51879 "" "Mozilla/5.0 (compatible; Googlebot/2.1; +http://www.google.com/bot.html)"
64.1.215.164 - - [22/Nov/2007:14:49:27 +0000] "GET /Home/Events/Kalender--47.html HTTP/1.1" 200 68818 "" "Mozilla/5.0 (Twiceler-0.9 http://www.cuill.com/twiceler/robot.html)"
89.48.170.6 - - [22/Nov/2007:14:49:43 +0000] "GET /Home/Unsere_Hotels/Meraner_Land--51.html HTTP/1.1" 200 79702 "http://www.sewahotel.com/de/unsere-hotels.html" "Mozilla/4.0 (compatible; MSIE 6.0; Windows NT 5.1; SV1; .NET CLR 1.1.4322)"
151.48.56.2 - - [22/Nov/2007:14:49:56 +0000] "GET /Home/Details--20.html HTTP/1.1" 200 44298 "" "Mozilla/4.0 (compatible; MSIE 7.0; Windows NT 5.1; {96B2CB81-66E5-488E-8579-B1BA5D46E890}; Sgrunt|V108|29|S403493732|dialno; .NET CLR 1.1.4322)"
87.18.242.112 - - [22/Nov/2007:14:50:27 +0000] "GET /Home/Details-flash--140.html HTTP/1.1" 200 44990 "" "Mozilla/4.0 (compatible; MSIE 6.0; Windows NT 5.1; SV1; .NET CLR 1.1.4322)"
151.50.179.239 - - [22/Nov/2007:14:50:52 +0000] "GET /Home/Ergebnisse--18.html HTTP/1.1" 200 102287 "http://sky.suedtiroliminternet.com/skyscraper_it.php" "Mozilla/4.0 (compatible; MSIE 6.0; Windows NT 5.1; SV1)"
89.48.170.6 - - [22/Nov/2007:14:51:16 +0000] "GET /Home/Specials--60.html HTTP/1.1" 200 15938 "http://www.sewahotel.com/de/unsere-hotels/meraner-land.html?pid=0&rid=0%C3%83%C2%83%C3%82%C2%83" "Mozilla/4.0 (compatible; MSIE 6.0; Windows NT 5.1; SV1; .NET CLR 1.1.4322)"
151.50.179.239 - - [22/Nov/2007:14:51:26 +0000] "GET /Home/Ergebnisse--18.html HTTP/1.1" 200 102292 "http://www.sewahotel.com/it/risultati.html" "Mozilla/4.0 (compatible; MSIE 6.0; Windows NT 5.1; SV1)"
151.50.179.239 - - [22/Nov/2007:14:51:26 +0000] "GET /Home/Ergebnisse--18.html HTTP/1.1" 200 102292 "http://www.sewahotel.com/it/risultati.html" "Mozilla/4.0 (compatible; MSIE 6.0; Windows NT 5.1; SV1)"
89.48.170.6 - - [22/Nov/2007:14:51:27 +0000] "GET /Home/Specials/Regionen/Meraner_Land--132.html HTTP/1.1" 200 95492 "http://www.sewahotel.com/de/specials.html" "Mozilla/4.0 (compatible; MSIE 6.0; Windows NT 5.1; SV1; .NET CLR 1.1.4322)"
81.208.32.121 - - [22/Nov/2007:14:51:48 +0000] "GET /Home/Ergebnisse--18.html HTTP/1.1" 200 101864 "http://www.prontoimprese.it/base/sewahotel.asp" "Mozilla/4.0 (compatible; MSIE 7.0; Windows NT 5.1; .NET CLR 1.1.4322; .NET CLR 2.0.50727; .NET CLR 3.0.04506.30)"
151.38.206.166 - - [22/Nov/2007:14:51:50 +0000] "GET /Home/Details-hotel--105.html HTTP/1.1" 200 46662 "" "Mozilla/4.0 (compatible; MSIE 6.0; Windows NT 5.1; SV1; .NET CLR 1.1.4322; .NET CLR 2.0.50727)"
81.208.32.121 - - [22/Nov/2007:14:52:14 +0000] "GET /Home/Ergebnisse--18.html HTTP/1.1" 200 32540 "http://www.sewahotel.com/it/risultati.html" "Mozilla/4.0 (compatible; MSIE 7.0; Windows NT 5.1; .NET CLR 1.1.4322; .NET CLR 2.0.50727; .NET CLR 3.0.04506.30)"
87.13.28.86 - - [22/Nov/2007:14:52:15 +0000] "GET /Home/Details-hotel--105.html HTTP/1.1" 200 46362 "" "Mozilla/4.0 (compatible; MSIE 7.0; Windows NT 5.1; Media Center PC 3.0; .NET CLR 1.0.3705)"
81.208.32.121 - - [22/Nov/2007:14:52:34 +0000] "GET /Home/Ergebnisse--18.html HTTP/1.1" 200 101440 "http://www.sewahotel.com/it/risultati.html?pid=62&rid=11" "Mozilla/4.0 (compatible; MSIE 7.0; Windows NT 5.1; .NET CLR 1.1.4322; .NET CLR 2.0.50727; .NET CLR 3.0.04506.30)"
64.1.215.164 - - [22/Nov/2007:14:53:15 +0000] "GET /Home/Details--20.html HTTP/1.1" 200 45298 "" "Mozilla/5.0 (Twiceler-0.9 http://www.cuill.com/twiceler/robot.html)"
89.48.170.6 - - [22/Nov/2007:14:53:18 +0000] "GET /Home/Specials/Familienurlaub--109.html HTTP/1.1" 200 65223 "http://www.sewahotel.com/de/specials.html" "Mozilla/4.0 (compatible; MSIE 6.0; Windows NT 5.1; SV1; .NET CLR 1.1.4322)"
66.249.72.104 - - [22/Nov/2007:14:53:25 +0000] "GET /Home/Events/Kalender--47.html HTTP/1.1" 200 59821 "" "Mozilla/5.0 (compatible; Googlebot/2.1; +http://www.google.com/bot.html)"
66.249.72.104 - - [22/Nov/2007:14:53:27 +0000] "GET /Home/Details--20.html HTTP/1.1" 200 46251 "" "Mozilla/5.0 (compatible; Googlebot/2.1; +http://www.google.com/bot.html)"
66.249.72.104 - - [22/Nov/2007:14:53:58 +0000] "GET /Home/Events/Liste--46.html HTTP/1.1" 200 15250 "" "Mozilla/5.0 (compatible; Googlebot/2.1; +http://www.google.com/bot.html)"
89.48.170.6 - - [22/Nov/2007:14:54:01 +0000] "GET /Home/Details--20.html HTTP/1.1" 200 49782 "http://www.sewahotel.com/de/specials/familienurlaub.html?pid=0&rid=0%C3%83%C2%83%C3%86%C2%92" "Mozilla/4.0 (compatible; MSIE 6.0; Windows NT 5.1; SV1; .NET CLR 1.1.4322)"
66.249.72.104 - - [22/Nov/2007:14:54:34 +0000] "GET /Home/Details--20.html HTTP/1.1" 200 43103 "" "Mozilla/5.0 (compatible; Googlebot/2.1; +http://www.google.com/bot.html)"
82.59.78.1 - - [22/Nov/2007:14:54:55 +0000] "GET /Home/Details-flash--140.html HTTP/1.1" 200 44990 "" "Mozilla/4.0 (compatible; MSIE 6.0; Windows NT 5.1; SV1)"
217.133.11.53 - - [22/Nov/2007:14:55:53 +0000] "GET /Home/Details-hotel--105.html HTTP/1.1" 200 47095 "" "Mozilla/4.0 (compatible; MSIE 6.0; Windows NT 5.1; SV1; .NET CLR 1.1.4322)"
79.0.147.143 - - [22/Nov/2007:14:55:55 +0000] "GET /Home/Details-flash--140.html HTTP/1.1" 200 47890 "" "Mozilla/4.0 (compatible; MSIE 6.0; Windows NT 5.1; SV1)"
84.227.177.144 - - [22/Nov/2007:14:56:00 +0000] "GET /Home/Details-hotel--105.html HTTP/1.1" 200 44020 "" "Mozilla/4.0 (compatible; MSIE 7.0; Windows NT 5.1; .NET CLR 1.1.4322)"
74.6.23.103 - - [22/Nov/2007:14:56:05 +0000] "GET /Home/Details--20.html HTTP/1.1" 200 47628 "" "Mozilla/5.0 (compatible; Yahoo! Slurp; http://help.yahoo.com/help/us/ysearch/slurp)"
66.249.72.104 - - [22/Nov/2007:14:56:10 +0000] "GET /Home/Events/Liste--46.html HTTP/1.1" 200 12652 "" "Mozilla/5.0 (compatible; Googlebot/2.1; +http://www.google.com/bot.html)"
62.101.75.108 - - [22/Nov/2007:14:56:12 +0000] "GET /Home/Details-flash--140.html HTTP/1.1" 200 49642 "" "Mozilla/4.0 (compatible; MSIE 6.0; Windows NT 5.1; SV1; .NET CLR 1.1.4322; InfoPath.1)"
217.133.11.53 - - [22/Nov/2007:14:56:36 +0000] "GET /Home/Details-hotel--105.html HTTP/1.1" 200 47095 "http://www.sewahotel.com/it/detagli-hotel.html?action=get_results&L=1&hotel_id=273&pid=6&rid=6&lang=it&from_day=08&from_month=12&from_year=2007&to_day=10&to_month=12&to_year=2007&to_year=2007&typ=2&verpflegung=hp&anzahl_erw=2&alterkind1=&alterkind2=&alterkind3=" "Mozilla/4.0 (compatible; MSIE 6.0; Windows NT 5.1; SV1; .NET CLR 1.1.4322)"
62.101.75.108 - - [22/Nov/2007:14:56:42 +0000] "GET /Home--1.html HTTP/1.1" 200 27942 "http://www.sewahotel.com/de/details-flash.html?pid=11&rid=62&sid=1300&lang=de&hotel_id=295" "Mozilla/4.0 (compatible; MSIE 6.0; Windows NT 5.1; SV1; .NET CLR 1.1.4322; InfoPath.1)"
62.101.0.91 - - [22/Nov/2007:14:57:00 +0000] "GET /Home/Ergebnisse--18.html HTTP/1.1" 200 24480 "http://www.sewahotel.com/it/risultati.html?pid=11&rid=62" "Mozilla/4.0 (compatible; MSIE 6.0; Windows NT 5.1; .NET CLR 1.0.3705; .NET CLR 2.0.50727)"
89.48.139.236 - - [22/Nov/2007:14:57:04 +0000] "GET /Home/Details-hotel--105.html HTTP/1.1" 200 44011 "" "Mozilla/4.0 (compatible; MSIE 7.0; Windows NT 5.1; .NET CLR 1.1.4322; .NET CLR 2.0.50727)"
151.38.206.166 - - [22/Nov/2007:14:57:19 +0000] "GET /Home/Details-hotel--105.html HTTP/1.1" 200 40415 "" "Mozilla/4.0 (compatible; MSIE 6.0; Windows NT 5.1; SV1; .NET CLR 1.1.4322; .NET CLR 2.0.50727)"
66.249.72.104 - - [22/Nov/2007:14:57:22 +0000] "GET /Home/Details--20.html HTTP/1.1" 200 41205 "" "Mozilla/5.0 (compatible; Googlebot/2.1; +http://www.google.com/bot.html)"
88.36.214.250 - - [22/Nov/2007:14:57:32 +0000] "GET /Home--1.html HTTP/1.1" 200 28333 "http://www.meinsuedtirol.com/Hotel-Erika-Meransen-.1653.0.0.1240.1.html" "Mozilla/4.0 (compatible; MSIE 7.0; Windows NT 6.0; SLCC1; .NET CLR 2.0.50727; .NET CLR 3.0.04506)"
80.74.180.146 - - [22/Nov/2007:14:57:44 +0000] "GET /Home/Details--20.html HTTP/1.1" 200 49735 "http://www.google.it/search?q=ortisei+jakoberhof+&hl=it&lr=lang_it&start=20&sa=N" "Mozilla/4.0 (compatible; MSIE 6.0; Windows NT 5.1)"
217.133.11.53 - - [22/Nov/2007:14:57:46 +0000] "GET /Home/Details--20.html HTTP/1.1" 200 42797 "" "Mozilla/4.0 (compatible; MSIE 6.0; Windows NT 5.1; SV1; .NET CLR 1.1.4322)"
62.101.75.108 - - [22/Nov/2007:14:57:52 +0000] "GET /Home/Details-flash--140.html HTTP/1.1" 200 47204 "" "Mozilla/4.0 (compatible; MSIE 6.0; Windows NT 5.1; SV1; .NET CLR 1.1.4322; InfoPath.1)"
62.101.75.108 - - [22/Nov/2007:14:57:52 +0000] "GET /Home/Details-flash--140.html HTTP/1.1" 200 47204 "" "Mozilla/4.0 (compatible; MSIE 6.0; Windows NT 5.1; SV1; .NET CLR 1.1.4322; InfoPath.1)"
85.32.128.218 - - [22/Nov/2007:14:57:52 +0000] "GET /Home--1.html HTTP/1.1" 200 28333 "http://www.meinsuedtirol.com/Bolzano-e-dintorni-.24.1.html" "Mozilla/4.0 (compatible; MSIE 6.0; Windows NT 5.1; SV1)"
82.107.23.91 - - [22/Nov/2007:14:58:00 +0000] "GET /Home--1.html HTTP/1.1" 200 28333 "http://www.meinsuedtirol.com/Hotel-Cristallo-Toblach-.1079.0.0.1240.1.html" "Mozilla/4.0 (compatible; MSIE 6.0; Windows NT 5.1)"
64.1.215.164 - - [22/Nov/2007:14:58:01 +0000] "GET /Home/Details--20.html HTTP/1.1" 200 45298 "" "Mozilla/5.0 (Twiceler-0.9 http://www.cuill.com/twiceler/robot.html)"
89.48.170.6 - - [22/Nov/2007:14:58:07 +0000] "GET /Home/Specials/Familienurlaub--109.html HTTP/1.1" 200 65297 "http://www.sewahotel.com/de/specials.html" "Mozilla/4.0 (compatible; MSIE 6.0; Windows NT 5.1; SV1; .NET CLR 1.1.4322)"
62.101.100.5 - - [22/Nov/2007:14:58:11 +0000] "GET /Home/Details-hotel--105.html HTTP/1.1" 200 76993 "http://www.hotel-alexander.it/it/all-inclusive.html" "Mozilla/5.0 (Windows; U; Windows NT 5.1; it; rv:1.8.1.9) Gecko/20071025 Firefox/2.0.0.9"
62.101.0.91 - - [22/Nov/2007:14:58:26 +0000] "GET /Home/Ergebnisse--18.html HTTP/1.1" 200 24480 "http://www.sewahotel.com/it/risultati.html?pid=11&rid=62" "Mozilla/4.0 (compatible; MSIE 6.0; Windows NT 5.1; .NET CLR 1.0.3705; .NET CLR 2.0.50727)"
82.107.23.91 - - [22/Nov/2007:14:58:27 +0000] "GET /Home--1.html HTTP/1.1" 200 27729 "http://www.sewahotel.com/" "Mozilla/4.0 (compatible; MSIE 6.0; Windows NT 5.1)"
89.48.170.6 - - [22/Nov/2007:14:58:31 +0000] "GET /Home/Details--20.html HTTP/1.1" 200 69704 "http://www.sewahotel.com/de/specials/familienurlaub.html?pid=0&rid=0%C3%83%C2%83%C3%86%C2%92" "Mozilla/4.0 (compatible; MSIE 6.0; Windows NT 5.1; SV1; .NET CLR 1.1.4322)"
62.101.0.91 - - [22/Nov/2007:14:58:41 +0000] "GET /Home/Ergebnisse--18.html HTTP/1.1" 200 24480 "http://www.sewahotel.com/it/risultati.html?pid=11&rid=62" "Mozilla/4.0 (compatible; MSIE 6.0; Windows NT 5.1; .NET CLR 1.0.3705; .NET CLR 2.0.50727)"
62.101.0.91 - - [22/Nov/2007:14:58:41 +0000] "GET /Home/Ergebnisse--18.html HTTP/1.1" 200 24480 "http://www.sewahotel.com/it/risultati.html?pid=11&rid=62" "Mozilla/4.0 (compatible; MSIE 6.0; Windows NT 5.1; .NET CLR 1.0.3705; .NET CLR 2.0.50727)"
82.107.23.91 - - [22/Nov/2007:14:58:50 +0000] "GET /Home/Details-flash--140.html HTTP/1.1" 200 47204 "" "Mozilla/4.0 (compatible; MSIE 6.0; Windows NT 5.1)"
66.249.72.104 - - [22/Nov/2007:14:59:18 +0000] "GET /Home/Details--20.html HTTP/1.1" 200 56886 "" "Mozilla/5.0 (compatible; Googlebot/2.1; +http://www.google.com/bot.html)"
62.101.0.91 - - [22/Nov/2007:14:59:25 +0000] "GET /Home/Ergebnisse--18.html HTTP/1.1" 200 32461 "http://www.sewahotel.com/it/risultati.html?pid=11&rid=62" "Mozilla/4.0 (compatible; MSIE 6.0; Windows NT 5.1; .NET CLR 1.0.3705; .NET CLR 2.0.50727)"
89.48.170.6 - - [22/Nov/2007:14:59:40 +0000] "GET /Home/Specials/Wanderurlaub--106.html HTTP/1.1" 200 59507 "http://www.sewahotel.com/de/specials/familienurlaub.html?pid=0&rid=0%C3%83%C2%83%C3%86%C2%92" "Mozilla/4.0 (compatible; MSIE 6.0; Windows NT 5.1; SV1; .NET CLR 1.1.4322)"
62.101.0.91 - - [22/Nov/2007:14:59:42 +0000] "GET /Home/Buchen--19.html HTTP/1.1" 200 25046 "http://www.sewahotel.com/it/risultati.html?pid=11&rid=62" "Mozilla/4.0 (compatible; MSIE 6.0; Windows NT 5.1; .NET CLR 1.0.3705; .NET CLR 2.0.50727)"
62.101.100.5 - - [22/Nov/2007:14:59:47 +0000] "GET /Home/Buchen-hotel--103.html HTTP/1.1" 200 23732 "http://www.sewahotel.com/de/details-hotel.html?action=get_results&hotel_id=255&pid=6&rid=6&lang=it&from_day=29&from_month=12&from_year=2007&to_day=04&to_month=01&to_year=2008&to_year=2008&typ=&verpflegung=hp&anzahl_erw=2&alterkind1=&alterkind2=&alterkind3=" "Mozilla/5.0 (Windows; U; Windows NT 5.1; it; rv:1.8.1.9) Gecko/20071025 Firefox/2.0.0.9"
74.6.7.107 - - [22/Nov/2007:15:00:19 +0000] "GET /Home/Lastminute--63.html HTTP/1.1" 200 24313 "" "Mozilla/5.0 (compatible; Yahoo! Slurp; http://help.yahoo.com/help/us/ysearch/slurp)"
89.212.234.195 - - [22/Nov/2007:15:00:19 +0000] "GET /Home/Ergebnisse--18.html HTTP/1.1" 200 92429 "http://sky.suedtiroliminternet.com/skyscraper.php" "Mozilla/5.0 (Windows; U; Windows NT 5.1; sl; rv:1.8.1.9) Gecko/20071025 Firefox/2.0.0.9"
62.101.0.91 - - [22/Nov/2007:15:00:22 +0000] "GET /Home/Details--20.html HTTP/1.1" 200 58914 "http://www.sewahotel.com/it/prenotare.html?pid=11&rid=62" "Mozilla/4.0 (compatible; MSIE 6.0; Windows NT 5.1; .NET CLR 1.0.3705; .NET CLR 2.0.50727)"
89.48.170.6 - - [22/Nov/2007:15:00:25 +0000] "GET /Home/Specials--60.html HTTP/1.1" 200 15938 "http://www.sewahotel.com/de/unsere-hotels/meraner-land.html?pid=0&rid=0%C3%83%C2%83%C3%82%C2%83" "Mozilla/4.0 (compatible; MSIE 6.0; Windows NT 5.1; SV1; .NET CLR 1.1.4322)"
89.48.170.6 - - [22/Nov/2007:15:00:27 +0000] "GET /Home/Unsere_Hotels/Meraner_Land--51.html HTTP/1.1" 200 79712 "http://www.sewahotel.com/de/unsere-hotels.html" "Mozilla/4.0 (compatible; MSIE 6.0; Windows NT 5.1; SV1; .NET CLR 1.1.4322)"
89.48.170.6 - - [22/Nov/2007:15:00:36 +0000] "GET /Home/Unsere_Hotels--7.html HTTP/1.1" 200 16234 "http://www.sewahotel.com/de/fuer-hotels.html" "Mozilla/4.0 (compatible; MSIE 6.0; Windows NT 5.1; SV1; .NET CLR 1.1.4322)"
74.6.26.13 - - [22/Nov/2007:15:01:20 +0000] "GET /Home/Anfrage--112.html HTTP/1.1" 200 18877 "" "Mozilla/5.0 (compatible; Yahoo! Slurp; http://help.yahoo.com/help/us/ysearch/slurp)"
