194.8.75.214 - - [23/Mar/2009:10:49:10 +0000] "GET /Home/Best__tigung--64.html HTTP/1.1" 200 18896 "http://www.sewahotel.com/de/buchen.html?pid=0&rid=0" "Mozilla/4.0 (compatible; MSIE 6.0; Windows NT 5.1; en) Opera 9.0"
66.249.65.145 - - [23/Mar/2009:10:49:28 +0000] "GET /Home/Details--20.html HTTP/1.1" 200 49400 "" "Mozilla/5.0 (compatible; Googlebot/2.1; +http://www.google.com/bot.html)"
84.165.69.163 - - [23/Mar/2009:10:49:59 +0000] "GET /Home/Details--20.html HTTP/1.1" 200 42076 "http://www.meinsuedtirol.com/Gasthof-Al-Cervo---Zum-Hirschen-Unsere-Liebe-Frau-Im-Walde-St-Felix-.3513.0.0.1240.0.html" "Mozilla/5.0 (Windows; U; Windows NT 5.1; de; rv:1.9.0.7) Gecko/2009021910 Firefox/3.0.7"
65.55.105.194 - - [23/Mar/2009:10:50:17 +0000] "GET /Home/Wetter/Aktuelles_Wetter--44.html HTTP/1.1" 200 11665 "" "msnbot/1.1 (+http://search.msn.com/msnbot.htm)"
91.2.182.179 - - [23/Mar/2009:10:50:47 +0000] "GET /Home--1.html HTTP/1.1" 200 25304 "http://www.meinsuedtirol.com/Hotel-Adler-Morter-Latsch-.1307.0.0.1240.0.html" "Mozilla/4.0 (compatible; MSIE 6.0; Windows NT 5.1; SV1; GFD; .NET CLR 1.1.4322; .NET CLR 2.0.50727)"
66.249.65.145 - - [23/Mar/2009:10:50:57 +0000] "GET /Home/Details--20.html HTTP/1.1" 200 55063 "" "Mozilla/5.0 (compatible; Googlebot/2.1; +http://www.google.com/bot.html)"
65.55.109.118 - - [23/Mar/2009:10:52:08 +0000] "GET /Home/Wetter/Aktuelles_Wetter--44.html HTTP/1.1" 200 11847 "http://search.live.com/results.aspx?q=situazione" "Mozilla/4.0 (compatible; MSIE 6.0; Windows NT 5.2; SV1; .NET CLR 1.1.4322)"
66.249.65.145 - - [23/Mar/2009:10:52:15 +0000] "GET /Home/Details--20.html HTTP/1.1" 200 41321 "" "Mozilla/5.0 (compatible; Googlebot/2.1; +http://www.google.com/bot.html)"
65.55.105.192 - - [23/Mar/2009:10:53:01 +0000] "GET /Home/Details--20.html HTTP/1.1" 200 62977 "" "msnbot/1.1 (+http://search.msn.com/msnbot.htm)"
65.55.105.192 - - [23/Mar/2009:10:53:02 +0000] "GET /Home/Specials/Wanderurlaub--106.html HTTP/1.1" 200 59017 "" "msnbot/1.1 (+http://search.msn.com/msnbot.htm)"
65.55.105.192 - - [23/Mar/2009:10:53:04 +0000] "GET /Home/Details--20.html HTTP/1.1" 200 44492 "" "msnbot/1.1 (+http://search.msn.com/msnbot.htm)"
66.249.65.145 - - [23/Mar/2009:10:53:07 +0000] "GET /Home/Details--20.html HTTP/1.1" 200 39094 "" "Mozilla/5.0 (compatible; Googlebot/2.1; +http://www.google.com/bot.html)"
141.15.31.1 - - [23/Mar/2009:10:53:30 +0000] "GET /Home/Details--20.html HTTP/1.1" 200 44509 "" "Mozilla/4.0 (compatible; MSIE 6.0; Windows NT 5.1; SV1; .NET CLR 2.0.50727; .NET CLR 3.0.04506.30)"
65.55.105.192 - - [23/Mar/2009:10:53:57 +0000] "GET /Home/Unsere_Hotels/Pustertal--59.html HTTP/1.1" 200 32880 "" "msnbot/1.1 (+http://search.msn.com/msnbot.htm)"
65.55.105.192 - - [23/Mar/2009:10:53:58 +0000] "GET /Home/Lastminute--63.html HTTP/1.1" 200 110400 "" "msnbot/1.1 (+http://search.msn.com/msnbot.htm)"
89.17.160.56 - - [23/Mar/2009:10:54:05 +0000] "GET /Home/Details--20.html HTTP/1.1" 200 57707 "" "Mozilla/4.0 (compatible; MSIE 6.0; Windows NT 5.1; SV1; InfoPath.1; .NET CLR 1.1.4322; .NET CLR 2.0.50727)"
212.110.104.114 - - [23/Mar/2009:10:54:06 +0000] "GET /Home/Details--20.html HTTP/1.1" 200 45164 "" "Mozilla/4.0 (compatible; MSIE 6.0; Windows NT 5.0; ejk-https; IE EJK; .NET CLR 1.1.4322; .NET CLR 2.0.50727)"
67.195.37.170 - - [23/Mar/2009:10:54:08 +0000] "GET /Home/Details--20.html HTTP/1.1" 200 40113 "" "Mozilla/5.0 (compatible; Yahoo! Slurp/3.0; http://help.yahoo.com/help/us/ysearch/slurp)"
67.195.37.170 - - [23/Mar/2009:10:54:17 +0000] "GET /Home/Details--20.html HTTP/1.1" 200 37955 "" "Mozilla/5.0 (compatible; Yahoo! Slurp/3.0; http://help.yahoo.com/help/us/ysearch/slurp)"
72.30.65.29 - - [23/Mar/2009:10:54:22 +0000] "GET /Home/Wetter/Aktuelles_Wetter--44.html HTTP/1.1" 200 12108 "" "Mozilla/5.0 (compatible; Yahoo! Slurp/3.0; http://help.yahoo.com/help/us/ysearch/slurp)"
194.8.75.245 - - [23/Mar/2009:10:54:49 +0000] "GET /Home/Buchen--19.html HTTP/1.1" 200 23985 "" "Mozilla/4.0 (compatible; MSIE 5.0; Windows NT; DigExt)"
194.8.75.245 - - [23/Mar/2009:10:54:50 +0000] "GET /Home/Best__tigung--64.html HTTP/1.1" 200 19070 "http://www.sewahotel.com/de/buchen.html?pid=0&rid=0" "Mozilla/4.0 (compatible; MSIE 5.0; Windows NT; DigExt)"
66.249.65.145 - - [23/Mar/2009:10:54:55 +0000] "GET /Home/Specials--60.html HTTP/1.1" 200 23792 "" "Mozilla/5.0 (compatible; Googlebot/2.1; +http://www.google.com/bot.html)"
66.249.65.145 - - [23/Mar/2009:10:55:17 +0000] "GET /Home/Details--20.html HTTP/1.1" 200 54875 "" "Mozilla/5.0 (compatible; Googlebot/2.1; +http://www.google.com/bot.html)"
66.249.65.145 - - [23/Mar/2009:10:55:30 +0000] "GET /Home/Details--20.html HTTP/1.1" 200 32860 "" "Mozilla/5.0 (compatible; Googlebot/2.1; +http://www.google.com/bot.html)"
194.8.75.175 - - [23/Mar/2009:10:55:55 +0000] "GET /Home/Buchen--19.html HTTP/1.1" 200 23985 "http://www.sewahotel.com/de/buchen.html?pid=0&rid=0" "Mozilla/0.6 Beta (Windows)"
141.15.31.1 - - [23/Mar/2009:10:56:04 +0000] "GET /Home/Details--20.html HTTP/1.1" 200 42358 "" "Mozilla/4.0 (compatible; MSIE 6.0; Windows NT 5.1; SV1; .NET CLR 2.0.50727; .NET CLR 3.0.04506.30)"
194.8.75.175 - - [23/Mar/2009:10:56:15 +0000] "GET /Home/Best__tigung--64.html HTTP/1.1" 200 23502 "http://www.sewahotel.com/de/buchen.html?pid=0&rid=0" "Mozilla/0.6 Beta (Windows)"
65.55.105.192 - - [23/Mar/2009:10:57:00 +0000] "GET /Home/Reisef__hrer_S__d.../Bozen--82.html HTTP/1.1" 200 23744 "" "msnbot/1.1 (+http://search.msn.com/msnbot.htm)"
67.195.37.170 - - [23/Mar/2009:10:57:02 +0000] "GET /Home/Specials/Regionen/S__dtirols_S__den--138.html HTTP/1.1" 200 17840 "" "Mozilla/5.0 (compatible; Yahoo! Slurp/3.0; http://help.yahoo.com/help/us/ysearch/slurp)"
66.249.65.145 - - [23/Mar/2009:10:57:28 +0000] "GET /Home/Specials--60.html HTTP/1.1" 200 66432 "" "Mozilla/5.0 (compatible; Googlebot/2.1; +http://www.google.com/bot.html)"
66.249.65.145 - - [23/Mar/2009:10:57:35 +0000] "GET /Home/Details-hotel--105.html HTTP/1.1" 200 42368 "" "Mozilla/5.0 (compatible; Googlebot/2.1; +http://www.google.com/bot.html)"
88.131.106.15 - - [23/Mar/2009:10:58:28 +0000] "GET /Home/Unsere_Hotels--7.html HTTP/1.1" 200 15540 "" "Speedy Spider (http://www.entireweb.com/about/search_tech/speedy_spider/)"
66.249.65.145 - - [23/Mar/2009:10:59:38 +0000] "GET /Home/Specials--60.html HTTP/1.1" 200 47462 "" "Mozilla/5.0 (compatible; Googlebot/2.1; +http://www.google.com/bot.html)"
194.8.75.239 - - [23/Mar/2009:10:59:44 +0000] "GET /Home/Buchen--19.html HTTP/1.1" 200 23985 "" "Mozilla/4.0 (compatible; MSIE 6.0; Windows NT 5.1)"
194.8.75.239 - - [23/Mar/2009:10:59:45 +0000] "GET /Home/Best__tigung--64.html HTTP/1.1" 200 19226 "http://www.sewahotel.com/de/buchen.html?pid=0&rid=0" "Mozilla/4.0 (compatible; MSIE 6.0; Windows NT 5.1)"
66.249.65.145 - - [23/Mar/2009:11:00:16 +0000] "GET /Home/Details--20.html HTTP/1.1" 200 44344 "" "Mozilla/5.0 (compatible; Googlebot/2.1; +http://www.google.com/bot.html)"
72.30.65.29 - - [23/Mar/2009:11:00:49 +0000] "GET /Home/Lastminute--63.html HTTP/1.1" 200 31641 "" "Mozilla/5.0 (compatible; Yahoo! Slurp/3.0; http://help.yahoo.com/help/us/ysearch/slurp)"
67.195.37.170 - - [23/Mar/2009:11:01:18 +0000] "GET /Home/Details--20.html HTTP/1.1" 200 48662 "" "Mozilla/5.0 (compatible; Yahoo! Slurp/3.0; http://help.yahoo.com/help/us/ysearch/slurp)"
72.30.65.29 - - [23/Mar/2009:11:01:33 +0000] "GET /Home/Details--20.html HTTP/1.1" 200 49164 "" "Mozilla/5.0 (compatible; Yahoo! Slurp/3.0; http://help.yahoo.com/help/us/ysearch/slurp)"
66.249.65.145 - - [23/Mar/2009:11:01:48 +0000] "GET /Home/Details--20.html HTTP/1.1" 200 31744 "" "Mozilla/5.0 (compatible; Googlebot/2.1; +http://www.google.com/bot.html)"
66.249.65.145 - - [23/Mar/2009:11:01:49 +0000] "GET /Home/Details--20.html HTTP/1.1" 200 52470 "" "Mozilla/5.0 (compatible; Googlebot/2.1; +http://www.google.com/bot.html)"
217.199.20.109 - - [23/Mar/2009:11:02:56 +0000] "GET /Home/Details-hotel--105.html HTTP/1.1" 200 61011 "http://www.hotelwilma.com/it/benvenuti.html" "Mozilla/5.0 (Windows; U; Windows NT 5.1; en-US) AppleWebKit/525.19 (KHTML, like Gecko) Chrome/1.0.154.48 Safari/525.19"
66.249.65.145 - - [23/Mar/2009:11:02:57 +0000] "GET /Home/Details--20.html HTTP/1.1" 200 41555 "" "Mozilla/5.0 (compatible; Googlebot/2.1; +http://www.google.com/bot.html)"
83.233.30.104 - - [23/Mar/2009:11:03:49 +0000] "GET /Home/Details-hotel--105.html HTTP/1.1" 200 45249 "http://www.sewahotel.com/de/details-hotel.html" "Mozilla/4.0 (compatible; MSIE 6.0; Windows NT 5.1; SV1; .NET CLR 1.1.4322)"
66.249.65.145 - - [23/Mar/2009:11:03:58 +0000] "GET /Home/Details--20.html HTTP/1.1" 200 40732 "" "Mozilla/5.0 (compatible; Googlebot/2.1; +http://www.google.com/bot.html)"
65.55.110.172 - - [23/Mar/2009:11:04:51 +0000] "GET /Home/Unsere_Hotels/__sterreich--79.html HTTP/1.1" 200 23204 "http://search.live.com/results.aspx?q=hotel" "Mozilla/4.0 (compatible; MSIE 6.0; Windows NT 5.2; SV1; .NET CLR 1.1.4322)"
65.55.107.207 - - [23/Mar/2009:11:05:15 +0000] "GET /Home/F__r_Hotels--75.html HTTP/1.1" 200 15975 "http://search.live.com/results.aspx?q=online" "Mozilla/4.0 (compatible; MSIE 6.0; Windows NT 5.2; SV1; .NET CLR 1.1.4322)"
66.249.65.145 - - [23/Mar/2009:11:05:37 +0000] "GET /Home/Lastminute--63.html HTTP/1.1" 200 52536 "" "Mozilla/5.0 (compatible; Googlebot/2.1; +http://www.google.com/bot.html)"
66.249.65.145 - - [23/Mar/2009:11:06:19 +0000] "GET /Home/Details--20.html HTTP/1.1" 200 44956 "" "Mozilla/5.0 (compatible; Googlebot/2.1; +http://www.google.com/bot.html)"
81.73.109.228 - - [23/Mar/2009:11:06:25 +0000] "GET /Home/Details--20.html HTTP/1.1" 200 37098 "http://www.meinsuedtirol.com/Albergo-Glorenza-Alto-Adige-Sudtirolo-.1040.1.html" "Mozilla/5.0 (Windows; U; Windows NT 5.1; it; rv:1.9.0.7) Gecko/2009021910 Firefox/3.0.7"
81.73.109.228 - - [23/Mar/2009:11:06:40 +0000] "GET /Home--1.html HTTP/1.1" 200 25193 "http://www.sewahotel.com/de/details.html?pid=11&rid=62&lang=de&hotel_id=230" "Mozilla/5.0 (Windows; U; Windows NT 5.1; it; rv:1.9.0.7) Gecko/2009021910 Firefox/3.0.7"
81.73.109.228 - - [23/Mar/2009:11:07:06 +0000] "GET /Home/Unsere_Hotels/Vinschgau--57.html HTTP/1.1" 200 22664 "http://www.sewahotel.com/it.html?pid=11&rid=62" "Mozilla/5.0 (Windows; U; Windows NT 5.1; it; rv:1.9.0.7) Gecko/2009021910 Firefox/3.0.7"
72.30.65.29 - - [23/Mar/2009:11:07:29 +0000] "GET /Home/Details--20.html HTTP/1.1" 200 42752 "" "Mozilla/5.0 (compatible; Yahoo! Slurp/3.0; http://help.yahoo.com/help/us/ysearch/slurp)"
81.73.109.228 - - [23/Mar/2009:11:07:36 +0000] "GET /Home/Details--20.html HTTP/1.1" 200 41956 "http://www.sewahotel.com/it/i-nostri-hotel/val-venosta.html" "Mozilla/5.0 (Windows; U; Windows NT 5.1; it; rv:1.9.0.7) Gecko/2009021910 Firefox/3.0.7"
65.55.105.194 - - [23/Mar/2009:11:07:39 +0000] "GET /Home/Finden___Buchen--2.html HTTP/1.1" 200 35592 "" "msnbot/1.1 (+http://search.msn.com/msnbot.htm)"
67.195.37.170 - - [23/Mar/2009:11:08:12 +0000] "GET /Home/Lastminute--63.html HTTP/1.1" 200 24928 "" "Mozilla/5.0 (compatible; Yahoo! Slurp/3.0; http://help.yahoo.com/help/us/ysearch/slurp)"
66.249.65.145 - - [23/Mar/2009:11:08:18 +0000] "GET /Home/Details--20.html HTTP/1.1" 200 50142 "" "Mozilla/5.0 (compatible; Googlebot/2.1; +http://www.google.com/bot.html)"
66.249.65.145 - - [23/Mar/2009:11:08:19 +0000] "GET /Home/Details--20.html HTTP/1.1" 200 43705 "" "Mozilla/5.0 (compatible; Googlebot/2.1; +http://www.google.com/bot.html)"
66.249.65.145 - - [23/Mar/2009:11:08:20 +0000] "GET /Home/Details--20.html HTTP/1.1" 200 50783 "" "Mozilla/5.0 (compatible; Googlebot/2.1; +http://www.google.com/bot.html)"
72.30.65.29 - - [23/Mar/2009:11:08:32 +0000] "GET /Home/Details--20.html HTTP/1.1" 200 51929 "" "Mozilla/5.0 (compatible; Yahoo! Slurp/3.0; http://help.yahoo.com/help/us/ysearch/slurp)"
65.55.110.99 - - [23/Mar/2009:11:08:48 +0000] "GET /Home/Finden___Buchen--2.html HTTP/1.1" 200 33493 "http://search.live.com/results.aspx?q=hotels" "Mozilla/4.0 (compatible; MSIE 6.0; Windows NT 5.2; SV1; .NET CLR 1.1.4322)"
81.73.109.228 - - [23/Mar/2009:11:09:28 +0000] "GET /Home/Anfrage--112.html HTTP/1.1" 200 17314 "http://www.sewahotel.com/it/detagli.html?pid=11&rid=62&lang=it&hotel_id=364" "Mozilla/5.0 (Windows; U; Windows NT 5.1; it; rv:1.9.0.7) Gecko/2009021910 Firefox/3.0.7"
81.73.109.228 - - [23/Mar/2009:11:10:04 +0000] "GET /Home/Finden___Buchen--2.html HTTP/1.1" 200 34883 "http://www.sewahotel.com/it/richiesta.html?pid=549713748&rid=62" "Mozilla/5.0 (Windows; U; Windows NT 5.1; it; rv:1.9.0.7) Gecko/2009021910 Firefox/3.0.7"
66.249.65.145 - - [23/Mar/2009:11:10:28 +0000] "GET /Home/Details--20.html HTTP/1.1" 200 47628 "" "Mozilla/5.0 (compatible; Googlebot/2.1; +http://www.google.com/bot.html)"
72.30.65.29 - - [23/Mar/2009:11:10:36 +0000] "GET /Home/Details--20.html HTTP/1.1" 200 44675 "" "Mozilla/5.0 (compatible; Yahoo! Slurp/3.0; http://help.yahoo.com/help/us/ysearch/slurp)"
194.8.75.103 - - [23/Mar/2009:11:10:49 +0000] "GET /Home/Buchen--19.html HTTP/1.1" 200 23911 "http://www.sewahotel.com/de/buchen.html?pid=0&rid=0" "Mozilla/5.0 (Windows; U; Windows NT 5.1; en-US; rv:1.7) Gecko/20041122 Firefox/0.5.6+"
194.8.75.103 - - [23/Mar/2009:11:10:59 +0000] "GET /Home/Best__tigung--64.html HTTP/1.1" 200 22533 "http://www.sewahotel.com/de/buchen.html?pid=0&rid=0" "Mozilla/5.0 (Windows; U; Windows NT 5.1; en-US; rv:1.7) Gecko/20041122 Firefox/0.5.6+"
65.55.105.204 - - [23/Mar/2009:11:11:24 +0000] "GET /Home/Lastminute--63.html HTTP/1.1" 200 32504 "" "msnbot/1.1 (+http://search.msn.com/msnbot.htm)"
81.73.109.228 - - [23/Mar/2009:11:12:36 +0000] "GET /Home/Details--20.html HTTP/1.1" 200 44464 "http://www.sewahotel.com/it/detagli.html?pid=11&rid=62&lang=it&hotel_id=364" "Mozilla/5.0 (Windows; U; Windows NT 5.1; it; rv:1.9.0.7) Gecko/2009021910 Firefox/3.0.7"
66.249.65.145 - - [23/Mar/2009:11:12:39 +0000] "GET /Home/Details--20.html HTTP/1.1" 200 34371 "" "Mozilla/5.0 (compatible; Googlebot/2.1; +http://www.google.com/bot.html)"
81.73.109.228 - - [23/Mar/2009:11:12:54 +0000] "GET /Home/Details--20.html HTTP/1.1" 200 44464 "http://www.sewahotel.com/it/detagli.html?pid=11&rid=62" "Mozilla/5.0 (Windows; U; Windows NT 5.1; it; rv:1.9.0.7) Gecko/2009021910 Firefox/3.0.7"
81.73.109.228 - - [23/Mar/2009:11:13:01 +0000] "GET /Home/Ergebnisse--18.html HTTP/1.1" 200 73103 "http://www.sewahotel.com/it/detagli.html?pid=11&rid=62" "Mozilla/5.0 (Windows; U; Windows NT 5.1; it; rv:1.9.0.7) Gecko/2009021910 Firefox/3.0.7"
66.249.65.145 - - [23/Mar/2009:11:13:39 +0000] "GET /Home/Wetter/Wetter_Vorschau--43.html HTTP/1.1" 200 10955 "" "Mozilla/5.0 (compatible; Googlebot/2.1; +http://www.google.com/bot.html)"
66.249.65.145 - - [23/Mar/2009:11:14:49 +0000] "GET /Home/Specials--60.html HTTP/1.1" 200 33150 "" "Mozilla/5.0 (compatible; Googlebot/2.1; +http://www.google.com/bot.html)"
81.73.109.228 - - [23/Mar/2009:11:14:48 +0000] "GET /Home/Ergebnisse--18.html HTTP/1.1" 200 130220 "http://www.sewahotel.com/it/risultati.html?pid=11&rid=62" "Mozilla/5.0 (Windows; U; Windows NT 5.1; it; rv:1.9.0.7) Gecko/2009021910 Firefox/3.0.7"
81.73.109.228 - - [23/Mar/2009:11:15:24 +0000] "GET /Home/Details--20.html HTTP/1.1" 200 41714 "http://www.sewahotel.com/it/i-nostri-hotel/val-venosta.html" "Mozilla/5.0 (Windows; U; Windows NT 5.1; it; rv:1.9.0.7) Gecko/2009021910 Firefox/3.0.7"
81.73.109.228 - - [23/Mar/2009:11:15:47 +0000] "GET /Home/Details--20.html HTTP/1.1" 200 44222 "http://www.sewahotel.com/it/detagli.html?pid=11&rid=62&lang=it&hotel_id=415" "Mozilla/5.0 (Windows; U; Windows NT 5.1; it; rv:1.9.0.7) Gecko/2009021910 Firefox/3.0.7"
81.73.109.228 - - [23/Mar/2009:11:15:58 +0000] "GET /Home/Details--20.html HTTP/1.1" 200 44222 "http://www.sewahotel.com/it/detagli.html?pid=11&rid=62" "Mozilla/5.0 (Windows; U; Windows NT 5.1; it; rv:1.9.0.7) Gecko/2009021910 Firefox/3.0.7"
81.73.109.228 - - [23/Mar/2009:11:16:06 +0000] "GET /Home/Ergebnisse--18.html HTTP/1.1" 200 84512 "http://www.sewahotel.com/it/detagli.html?pid=11&rid=62" "Mozilla/5.0 (Windows; U; Windows NT 5.1; it; rv:1.9.0.7) Gecko/2009021910 Firefox/3.0.7"
72.30.65.29 - - [23/Mar/2009:11:16:26 +0000] "GET /Home--1.html HTTP/1.1" 200 25230 "" "Mozilla/5.0 (compatible; Yahoo! Slurp/3.0; http://help.yahoo.com/help/us/ysearch/slurp)"
81.73.109.228 - - [23/Mar/2009:11:16:42 +0000] "GET /Home/Ergebnisse--18.html HTTP/1.1" 200 89253 "http://www.sewahotel.com/it/risultati.html?pid=11&rid=62" "Mozilla/5.0 (Windows; U; Windows NT 5.1; it; rv:1.9.0.7) Gecko/2009021910 Firefox/3.0.7"
66.249.65.145 - - [23/Mar/2009:11:16:52 +0000] "GET /Home/Specials--60.html HTTP/1.1" 200 62040 "" "Mozilla/5.0 (compatible; Googlebot/2.1; +http://www.google.com/bot.html)"
66.249.65.145 - - [23/Mar/2009:11:16:54 +0000] "GET /Home/Details--20.html HTTP/1.1" 200 49985 "" "Mozilla/5.0 (compatible; Googlebot/2.1; +http://www.google.com/bot.html)"
81.73.109.228 - - [23/Mar/2009:11:16:55 +0000] "GET /Home/Ergebnisse--18.html HTTP/1.1" 200 56138 "http://www.sewahotel.com/it/risultati.html?pid=11&rid=62" "Mozilla/5.0 (Windows; U; Windows NT 5.1; it; rv:1.9.0.7) Gecko/2009021910 Firefox/3.0.7"
66.249.65.145 - - [23/Mar/2009:11:16:56 +0000] "GET /Home/Details--20.html HTTP/1.1" 200 54301 "" "Mozilla/5.0 (compatible; Googlebot/2.1; +http://www.google.com/bot.html)"
66.249.65.145 - - [23/Mar/2009:11:16:58 +0000] "GET /Home/Specials--60.html HTTP/1.1" 200 62904 "" "Mozilla/5.0 (compatible; Googlebot/2.1; +http://www.google.com/bot.html)"
66.249.65.145 - - [23/Mar/2009:11:16:59 +0000] "GET /Home/Reisef__hrer_S__d.../Bozen--82.html HTTP/1.1" 200 23994 "" "Mozilla/5.0 (compatible; Googlebot/2.1; +http://www.google.com/bot.html)"
66.249.65.145 - - [23/Mar/2009:11:17:01 +0000] "GET /Home/Details--20.html HTTP/1.1" 200 62012 "" "Mozilla/5.0 (compatible; Googlebot/2.1; +http://www.google.com/bot.html)"
66.249.65.145 - - [23/Mar/2009:11:17:02 +0000] "GET /Home/Lastminute--63.html HTTP/1.1" 200 32227 "" "Mozilla/5.0 (compatible; Googlebot/2.1; +http://www.google.com/bot.html)"
66.249.65.145 - - [23/Mar/2009:11:17:03 +0000] "GET /Home/Details--20.html HTTP/1.1" 200 40058 "" "Mozilla/5.0 (compatible; Googlebot/2.1; +http://www.google.com/bot.html)"
65.55.105.194 - - [23/Mar/2009:11:17:20 +0000] "GET /Home/Unsere_Hotels/Eisacktal--56.html HTTP/1.1" 200 32047 "" "msnbot/1.1 (+http://search.msn.com/msnbot.htm)"
81.73.109.228 - - [23/Mar/2009:11:17:33 +0000] "GET /Home/Lastminute--63.html HTTP/1.1" 200 23372 "http://www.sewahotel.com/it/risultati.html?pid=11&rid=62" "Mozilla/5.0 (Windows; U; Windows NT 5.1; it; rv:1.9.0.7) Gecko/2009021910 Firefox/3.0.7"
194.8.75.175 - - [23/Mar/2009:11:17:42 +0000] "GET /Home/Buchen--19.html HTTP/1.1" 200 23985 "http://www.sewahotel.com/de/buchen.html?pid=0&rid=0" "Mozilla/5.0 (Windows; U; Windows NT 5.0; en-US; rv:1.7.5) Gecko/20050519 Netscape/8.0.1"
194.8.75.175 - - [23/Mar/2009:11:17:44 +0000] "GET /Home/Best__tigung--64.html HTTP/1.1" 200 24193 "http://www.sewahotel.com/de/buchen.html?pid=0&rid=0" "Mozilla/5.0 (Windows; U; Windows NT 5.0; en-US; rv:1.7.5) Gecko/20050519 Netscape/8.0.1"
66.249.65.145 - - [23/Mar/2009:11:18:09 +0000] "GET /Home/Unsere_Hotels/Meraner_Land--51.html HTTP/1.1" 200 74366 "" "Mozilla/5.0 (compatible; Googlebot/2.1; +http://www.google.com/bot.html)"
62.206.182.195 - - [23/Mar/2009:11:18:21 +0000] "GET /Home/Details--20.html HTTP/1.1" 200 43804 "" "Mozilla/4.0 (compatible; MSIE 6.0; Windows NT 5.1; SV1; .NET CLR 1.1.4322; .NET CLR 2.0.50727; InfoPath.1)"
81.73.109.228 - - [23/Mar/2009:11:18:31 +0000] "GET /Home/Ergebnisse--18.html HTTP/1.1" 200 84512 "http://www.sewahotel.com/it/risultati.html?pid=11&rid=62" "Mozilla/5.0 (Windows; U; Windows NT 5.1; it; rv:1.9.0.7) Gecko/2009021910 Firefox/3.0.7"
66.249.65.145 - - [23/Mar/2009:11:19:05 +0000] "GET /Home/Lastminute--63.html HTTP/1.1" 200 31587 "" "Mozilla/5.0 (compatible; Googlebot/2.1; +http://www.google.com/bot.html)"
66.249.65.145 - - [23/Mar/2009:11:19:09 +0000] "GET /Home/Details--20.html HTTP/1.1" 200 39387 "" "Mozilla/5.0 (compatible; Googlebot/2.1; +http://www.google.com/bot.html)"
80.135.194.229 - - [23/Mar/2009:11:19:17 +0000] "GET /Home--1.html HTTP/1.1" 200 25230 "http://www.meinsuedtirol.com/Specials.5.0.html" "Mozilla/4.0 (compatible; MSIE 6.0; Windows NT 5.1; .NET CLR 1.1.4322)"
72.30.65.29 - - [23/Mar/2009:11:19:31 +0000] "GET /Home/Details--20.html HTTP/1.1" 200 53379 "" "Mozilla/5.0 (compatible; Yahoo! Slurp/3.0; http://help.yahoo.com/help/us/ysearch/slurp)"
80.135.194.229 - - [23/Mar/2009:11:19:47 +0000] "GET /Home/Unsere_Hotels/Eisacktal--56.html HTTP/1.1" 200 30545 "http://www.sewahotel.com/" "Mozilla/4.0 (compatible; MSIE 6.0; Windows NT 5.1; .NET CLR 1.1.4322)"
80.135.194.229 - - [23/Mar/2009:11:20:15 +0000] "GET /Home/Unsere_Hotels/Pustertal--59.html HTTP/1.1" 200 31686 "http://www.sewahotel.com/de/unsere-hotels/eisacktal.html" "Mozilla/4.0 (compatible; MSIE 6.0; Windows NT 5.1; .NET CLR 1.1.4322)"
194.8.75.103 - - [23/Mar/2009:11:20:40 +0000] "GET /Home/Buchen--19.html HTTP/1.1" 200 23985 "http://www.sewahotel.com/de/buchen.html?pid=0&rid=0" "Mozilla/2.0 (compatible; MSIE 3.02; Windows CE; 240x320)"
194.8.75.103 - - [23/Mar/2009:11:20:42 +0000] "GET /Home/Best__tigung--64.html HTTP/1.1" 200 23886 "http://www.sewahotel.com/de/buchen.html?pid=0&rid=0" "Mozilla/2.0 (compatible; MSIE 3.02; Windows CE; 240x320)"
66.249.65.145 - - [23/Mar/2009:11:21:19 +0000] "GET /Home/Details--20.html HTTP/1.1" 200 38668 "" "Mozilla/5.0 (compatible; Googlebot/2.1; +http://www.google.com/bot.html)"
62.206.182.195 - - [23/Mar/2009:11:21:31 +0000] "GET /Home/Details--20.html HTTP/1.1" 200 45561 "http://www.sewahotel.com/de/details.html?pid=11&rid=62&lang=de&hotel_id=291" "Mozilla/4.0 (compatible; MSIE 6.0; Windows NT 5.1; SV1; .NET CLR 1.1.4322; .NET CLR 2.0.50727; InfoPath.1)"
66.249.65.145 - - [23/Mar/2009:11:21:40 +0000] "GET /Home/Details-hotel--105.html HTTP/1.1" 200 39098 "" "Mozilla/5.0 (compatible; Googlebot/2.1; +http://www.google.com/bot.html)"
66.249.65.145 - - [23/Mar/2009:11:21:53 +0000] "GET /Home/Reisef__hrer_S__d.../Schluderns--87.html HTTP/1.1" 200 23792 "" "Mozilla/5.0 (compatible; Googlebot/2.1; +http://www.google.com/bot.html)"
65.55.105.205 - - [23/Mar/2009:11:21:57 +0000] "GET /Home/Details--20.html HTTP/1.1" 200 60258 "" "msnbot/1.1 (+http://search.msn.com/msnbot.htm)"
65.55.105.205 - - [23/Mar/2009:11:22:02 +0000] "GET /Home/Unsere_Hotels/__sterreich--79.html HTTP/1.1" 200 16251 "" "msnbot/1.1 (+http://search.msn.com/msnbot.htm)"
114.255.30.194 - - [23/Mar/2009:11:22:26 +0000] "GET /Home/Details--20.html HTTP/1.1" 200 48378 "" "Mozilla/4.0 (compatible; MSIE 6.0; Windows NT 5.1; SV1; .NET CLR 1.1.4322; .NET CLR 2.0.50728)"
114.255.30.194 - - [23/Mar/2009:11:22:27 +0000] "GET /Home/Details-hotel--105.html HTTP/1.1" 200 47587 "" "Mozilla/4.0 (compatible; MSIE 6.0; Windows NT 5.1; SV1; .NET CLR 1.1.4322; .NET CLR 2.0.50728)"
80.135.194.229 - - [23/Mar/2009:11:22:49 +0000] "GET /Home/Specials--60.html HTTP/1.1" 200 13387 "http://www.sewahotel.com/de/unsere-hotels/pustertal.html" "Mozilla/4.0 (compatible; MSIE 6.0; Windows NT 5.1; .NET CLR 1.1.4322)"
72.30.65.29 - - [23/Mar/2009:11:22:49 +0000] "GET /Home--1.html HTTP/1.1" 200 25193 "" "Mozilla/5.0 (compatible; Yahoo! Slurp/3.0; http://help.yahoo.com/help/us/ysearch/slurp)"
80.135.194.229 - - [23/Mar/2009:11:22:55 +0000] "GET /Home/Specials/Regionen/Pustertal--134.html HTTP/1.1" 200 11221 "http://www.sewahotel.com/de/specials.html" "Mozilla/4.0 (compatible; MSIE 6.0; Windows NT 5.1; .NET CLR 1.1.4322)"
80.135.194.229 - - [23/Mar/2009:11:23:16 +0000] "GET /Home/Specials--60.html HTTP/1.1" 200 13387 "http://www.sewahotel.com/de/specials/regionen/pustertal.html" "Mozilla/4.0 (compatible; MSIE 6.0; Windows NT 5.1; .NET CLR 1.1.4322)"
80.135.194.229 - - [23/Mar/2009:11:23:18 +0000] "GET /Home/Specials/Regionen/Pustertal--134.html HTTP/1.1" 200 11295 "http://www.sewahotel.com/de/specials.html" "Mozilla/4.0 (compatible; MSIE 6.0; Windows NT 5.1; .NET CLR 1.1.4322)"
66.249.65.145 - - [23/Mar/2009:11:23:30 +0000] "GET /Home/Specials--60.html HTTP/1.1" 200 49330 "" "Mozilla/5.0 (compatible; Googlebot/2.1; +http://www.google.com/bot.html)"
65.55.110.171 - - [23/Mar/2009:11:24:02 +0000] "GET /Home/Unsere_Hotels/__sterreich--79.html HTTP/1.1" 200 22400 "http://search.live.com/results.aspx?q=hotel" "Mozilla/4.0 (compatible; MSIE 6.0; Windows NT 5.2; SV1; .NET CLR 1.1.4322)"
66.249.65.145 - - [23/Mar/2009:11:24:21 +0000] "GET /Home/Details--20.html HTTP/1.1" 200 52866 "" "Mozilla/5.0 (compatible; Googlebot/2.1; +http://www.google.com/bot.html)"
66.249.65.145 - - [23/Mar/2009:11:24:40 +0000] "GET /Home/Specials--60.html HTTP/1.1" 200 63988 "" "Mozilla/5.0 (compatible; Googlebot/2.1; +http://www.google.com/bot.html)"
66.249.65.145 - - [23/Mar/2009:11:25:40 +0000] "GET /Home/Details--20.html HTTP/1.1" 200 42544 "" "Mozilla/5.0 (compatible; Googlebot/2.1; +http://www.google.com/bot.html)"
65.55.105.202 - - [23/Mar/2009:11:26:27 +0000] "GET /Home/Specials--60.html HTTP/1.1" 200 34087 "" "msnbot/1.1 (+http://search.msn.com/msnbot.htm)"
194.8.75.239 - - [23/Mar/2009:11:26:29 +0000] "GET /Home/Buchen--19.html HTTP/1.1" 200 23985 "" "Mozilla/4.0 (compatible; MSIE 6.0; Windows NT 5.1; TheFreeDictionary.com; .NET CLR 1.1.4322; .NET CLR 1.0.3705; .NET CLR 2.0.50727)"
194.8.75.239 - - [23/Mar/2009:11:26:29 +0000] "GET /Home/Best__tigung--64.html HTTP/1.1" 200 18964 "http://www.sewahotel.com/de/buchen.html?pid=0&rid=0" "Mozilla/4.0 (compatible; MSIE 6.0; Windows NT 5.1; TheFreeDictionary.com; .NET CLR 1.1.4322; .NET CLR 1.0.3705; .NET CLR 2.0.50727)"
66.249.65.145 - - [23/Mar/2009:11:27:01 +0000] "GET /Home/Specials/Wanderurlaub--106.html HTTP/1.1" 200 39683 "" "Mozilla/5.0 (compatible; Googlebot/2.1; +http://www.google.com/bot.html)"
72.30.65.29 - - [23/Mar/2009:11:27:04 +0000] "GET /Home/Unsere_Hotels--7.html HTTP/1.1" 200 17136 "" "Mozilla/5.0 (compatible; Yahoo! Slurp/3.0; http://help.yahoo.com/help/us/ysearch/slurp)"
66.249.65.145 - - [23/Mar/2009:11:27:28 +0000] "GET /Home/Specials--60.html HTTP/1.1" 200 48262 "" "Mozilla/5.0 (compatible; Googlebot/2.1; +http://www.google.com/bot.html)"
67.195.37.170 - - [23/Mar/2009:11:27:34 +0000] "GET /Home/Details--20.html HTTP/1.1" 200 43747 "" "Mozilla/5.0 (compatible; Yahoo! Slurp/3.0; http://help.yahoo.com/help/us/ysearch/slurp)"
83.233.30.104 - - [23/Mar/2009:11:27:34 +0000] "GET /Home/Details-hotel--105.html HTTP/1.1" 200 45172 "http://www.sewahotel.com/de/details-hotel.html" "Mozilla/4.0 (compatible; MSIE 6.0; Windows NT 5.1; SV1; .NET CLR 1.1.4322)"
66.249.65.145 - - [23/Mar/2009:11:27:49 +0000] "GET /Home/Details--20.html HTTP/1.1" 200 45554 "" "Mozilla/5.0 (compatible; Googlebot/2.1; +http://www.google.com/bot.html)"
65.55.105.209 - - [23/Mar/2009:11:28:38 +0000] "GET /Home--1.html HTTP/1.1" 200 25393 "" "msnbot/1.1 (+http://search.msn.com/msnbot.htm)"
87.182.207.201 - - [23/Mar/2009:11:29:05 +0000] "GET /Home--1.html HTTP/1.1" 200 25304 "http://suche.t-online.de/fast-cgi/tsc?q=freie+hotels+in+s%C3%BCdtirol&wo=&mandant=toi&device=html&portallanguage=de&userlanguage=de&ptl=std&dia=portal&context=internet-tab&tpc=internet&classification=internet-tab_internet_std&suchraum=1&lang=any" "Mozilla/4.0 (compatible; MSIE 7.0; TOB 6.07; Windows NT 6.0; SLCC1; .NET CLR 2.0.50727; Media Center PC 5.0; .NET CLR 3.0.04506; .NET CLR 1.1.4322)"
194.8.75.212 - - [23/Mar/2009:11:29:07 +0000] "GET /Home/Buchen--19.html HTTP/1.1" 200 23985 "" "Mozilla/4.0 (compatible; MSIE 6.0; Windows XP)"
194.8.75.212 - - [23/Mar/2009:11:29:09 +0000] "GET /Home/Best__tigung--64.html HTTP/1.1" 200 18733 "http://www.sewahotel.com/de/buchen.html?pid=0&rid=0" "Mozilla/4.0 (compatible; MSIE 6.0; Windows XP)"
72.30.65.29 - - [23/Mar/2009:11:29:19 +0000] "GET /Home/Wetter/Aktuelles_Wetter--44.html HTTP/1.1" 200 11308 "" "Mozilla/5.0 (compatible; Yahoo! Slurp/3.0; http://help.yahoo.com/help/us/ysearch/slurp)"
65.55.110.147 - - [23/Mar/2009:11:29:41 +0000] "GET /Home--1.html HTTP/1.1" 200 25645 "http://search.live.com/results.aspx?q=hotels" "Mozilla/4.0 (compatible; MSIE 6.0; Windows NT 5.2; SV1; .NET CLR 1.1.4322)"
66.249.65.145 - - [23/Mar/2009:11:30:00 +0000] "GET /Home/Details--20.html HTTP/1.1" 200 42896 "" "Mozilla/5.0 (compatible; Googlebot/2.1; +http://www.google.com/bot.html)"
66.249.65.145 - - [23/Mar/2009:11:30:13 +0000] "GET /Home/Details--20.html HTTP/1.1" 200 47799 "" "Mozilla/5.0 (compatible; Googlebot/2.1; +http://www.google.com/bot.html)"
72.30.65.29 - - [23/Mar/2009:11:30:28 +0000] "GET /Home/Details--20.html HTTP/1.1" 200 46435 "" "Mozilla/5.0 (compatible; Yahoo! Slurp/3.0; http://help.yahoo.com/help/us/ysearch/slurp)"
87.182.207.201 - - [23/Mar/2009:11:30:28 +0000] "GET /Home/Ergebnisse--18.html HTTP/1.1" 200 108274 "http://www.sewahotel.com/" "Mozilla/4.0 (compatible; MSIE 7.0; TOB 6.07; Windows NT 6.0; SLCC1; .NET CLR 2.0.50727; Media Center PC 5.0; .NET CLR 3.0.04506; .NET CLR 1.1.4322)"
87.182.207.201 - - [23/Mar/2009:11:30:52 +0000] "GET /Home/Details--20.html HTTP/1.1" 200 51066 "http://www.sewahotel.com/de/ergebnisse.html?pid=11&rid=62" "Mozilla/4.0 (compatible; MSIE 7.0; TOB 6.07; Windows NT 6.0; SLCC1; .NET CLR 2.0.50727; Media Center PC 5.0; .NET CLR 3.0.04506; .NET CLR 1.1.4322)"
65.55.109.237 - - [23/Mar/2009:11:30:58 +0000] "GET /Home/Details--20.html HTTP/1.1" 200 46432 "http://search.live.com/results.aspx?q=hotel" "Mozilla/4.0 (compatible; MSIE 6.0; Windows NT 5.2; SV1; .NET CLR 1.1.4322)"
87.182.207.201 - - [23/Mar/2009:11:31:16 +0000] "GET /Home/Details--20.html HTTP/1.1" 200 60691 "http://www.sewahotel.com/de/ergebnisse.html?pid=11&rid=62" "Mozilla/4.0 (compatible; MSIE 7.0; TOB 6.07; Windows NT 6.0; SLCC1; .NET CLR 2.0.50727; Media Center PC 5.0; .NET CLR 3.0.04506; .NET CLR 1.1.4322)"
65.55.105.205 - - [23/Mar/2009:11:31:22 +0000] "GET /Home/F__r_Hotels--75.html HTTP/1.1" 200 16483 "" "msnbot/1.1 (+http://search.msn.com/msnbot.htm)"
87.182.207.201 - - [23/Mar/2009:11:31:50 +0000] "GET /Home/Details--20.html HTTP/1.1" 200 60171 "http://www.sewahotel.com/de/ergebnisse.html?pid=11&rid=62" "Mozilla/4.0 (compatible; MSIE 7.0; TOB 6.07; Windows NT 6.0; SLCC1; .NET CLR 2.0.50727; Media Center PC 5.0; .NET CLR 3.0.04506; .NET CLR 1.1.4322)"
194.8.75.175 - - [23/Mar/2009:11:32:05 +0000] "GET /Home/Buchen--19.html HTTP/1.1" 200 23985 "http://www.sewahotel.com/de/buchen.html?pid=0&rid=0" "Mozilla/5.0 (Windows; U; Windows NT 5.2; en-US; rv:1.7.12) Gecko/20050915 Firefox/1.0.7 (ax)"
91.54.201.45 - - [23/Mar/2009:11:32:05 +0000] "GET /Home/Unsere_Hotels/Meraner_Land--51.html HTTP/1.1" 200 74366 "http://www.google.de/search?hl=de&client=firefox-a&rls=org.mozilla:de:official&q=hotels+meraner+land&revid=1656893835&ei=h2THSfb1K9SOsAaF6YTNCw&sa=X&oi=revisions_inline&resnum=0&ct=broad-revision&cd=5" "Mozilla/5.0 (Windows; U; Windows NT 5.1; de; rv:1.9.0.7) Gecko/2009021910 Firefox/3.0.7"
194.8.75.175 - - [23/Mar/2009:11:32:06 +0000] "GET /Home/Best__tigung--64.html HTTP/1.1" 200 23783 "http://www.sewahotel.com/de/buchen.html?pid=0&rid=0" "Mozilla/5.0 (Windows; U; Windows NT 5.2; en-US; rv:1.7.12) Gecko/20050915 Firefox/1.0.7 (ax)"
72.30.65.29 - - [23/Mar/2009:11:32:08 +0000] "GET /Home/Events/Liste--46.html HTTP/1.1" 200 4676 "" "Mozilla/5.0 (compatible; Yahoo! Slurp/3.0; http://help.yahoo.com/help/us/ysearch/slurp)"
66.249.65.145 - - [23/Mar/2009:11:32:10 +0000] "GET /Home/Reisef__hrer_S__d.../Martell--81.html HTTP/1.1" 200 22718 "" "Mozilla/5.0 (compatible; Googlebot/2.1; +http://www.google.com/bot.html)"
87.182.207.201 - - [23/Mar/2009:11:32:18 +0000] "GET /Home/Ergebnisse--18.html HTTP/1.1" 200 81052 "http://www.sewahotel.com/de/ergebnisse.html?pid=11&rid=62" "Mozilla/4.0 (compatible; MSIE 7.0; TOB 6.07; Windows NT 6.0; SLCC1; .NET CLR 2.0.50727; Media Center PC 5.0; .NET CLR 3.0.04506; .NET CLR 1.1.4322)"
66.249.65.145 - - [23/Mar/2009:11:32:22 +0000] "GET /Home/Details--20.html HTTP/1.1" 200 41714 "" "Mozilla/5.0 (compatible; Googlebot/2.1; +http://www.google.com/bot.html)"
72.30.65.29 - - [23/Mar/2009:11:32:24 +0000] "GET /Home/Details--20.html HTTP/1.1" 200 46861 "" "Mozilla/5.0 (compatible; Yahoo! Slurp/3.0; http://help.yahoo.com/help/us/ysearch/slurp)"
91.54.201.45 - - [23/Mar/2009:11:32:26 +0000] "GET /Home/Details--20.html HTTP/1.1" 200 44115 "http://www.sewahotel.com/de/unsere-hotels/meraner-land.html" "Mozilla/5.0 (Windows; U; Windows NT 5.1; de; rv:1.9.0.7) Gecko/2009021910 Firefox/3.0.7"
66.249.65.145 - - [23/Mar/2009:11:33:05 +0000] "GET /Home/Details--20.html HTTP/1.1" 200 41403 "" "Mozilla/5.0 (compatible; Googlebot/2.1; +http://www.google.com/bot.html)"
93.66.217.122 - - [23/Mar/2009:11:33:57 +0000] "GET /Home--1.html HTTP/1.1" 200 25304 "http://www.meinsuedtirol.com/Famiglia.1991.1.html?sContentTypeListValueKey=family&lPageNumber=2" "Mozilla/4.0 (compatible; MSIE 6.0; Windows NT 5.1; SV1; .NET CLR 1.1.4322; .NET CLR 2.0.50727)"
93.66.217.122 - - [23/Mar/2009:11:34:18 +0000] "GET /Home/Unsere_Hotels/Pustertal--59.html HTTP/1.1" 200 31760 "http://www.sewahotel.com/" "Mozilla/4.0 (compatible; MSIE 6.0; Windows NT 5.1; SV1; .NET CLR 1.1.4322; .NET CLR 2.0.50727)"
66.249.65.145 - - [23/Mar/2009:11:34:21 +0000] "GET /Home/Details--20.html HTTP/1.1" 200 54354 "" "Mozilla/5.0 (compatible; Googlebot/2.1; +http://www.google.com/bot.html)"
93.66.217.122 - - [23/Mar/2009:11:34:28 +0000] "GET /Home--1.html HTTP/1.1" 200 25019 "http://www.sewahotel.com/de/unsere-hotels/pustertal.html" "Mozilla/4.0 (compatible; MSIE 6.0; Windows NT 5.1; SV1; .NET CLR 1.1.4322; .NET CLR 2.0.50727)"
93.66.217.122 - - [23/Mar/2009:11:34:38 +0000] "GET /Home/Unsere_Hotels/Pustertal--59.html HTTP/1.1" 200 31251 "http://www.sewahotel.com/it.html" "Mozilla/4.0 (compatible; MSIE 6.0; Windows NT 5.1; SV1; .NET CLR 1.1.4322; .NET CLR 2.0.50727)"
65.55.105.209 - - [23/Mar/2009:11:34:46 +0000] "GET /Home/Wetter/Aktuelles_Wetter--44.html HTTP/1.1" 200 12182 "" "msnbot/1.1 (+http://search.msn.com/msnbot.htm)"
72.30.65.29 - - [23/Mar/2009:11:34:47 +0000] "GET /Home/Specials--60.html HTTP/1.1" 200 13186 "" "Mozilla/5.0 (compatible; Yahoo! Slurp/3.0; http://help.yahoo.com/help/us/ysearch/slurp)"
93.66.217.122 - - [23/Mar/2009:11:35:08 +0000] "GET /Home/Details--20.html HTTP/1.1" 200 40573 "http://www.sewahotel.com/it/i-nostri-hotel/val-pusteria.html" "Mozilla/4.0 (compatible; MSIE 6.0; Windows NT 5.1; SV1; .NET CLR 1.1.4322; .NET CLR 2.0.50727)"
66.249.65.145 - - [23/Mar/2009:11:35:54 +0000] "GET /Home/Specials--60.html HTTP/1.1" 200 62087 "" "Mozilla/5.0 (compatible; Googlebot/2.1; +http://www.google.com/bot.html)"
93.66.217.122 - - [23/Mar/2009:11:35:57 +0000] "GET /Home/Details--20.html HTTP/1.1" 200 44912 "http://www.sewahotel.com/it/i-nostri-hotel/val-pusteria.html" "Mozilla/4.0 (compatible; MSIE 6.0; Windows NT 5.1; SV1; .NET CLR 1.1.4322; .NET CLR 2.0.50727)"
93.66.217.122 - - [23/Mar/2009:11:36:17 +0000] "GET /Home/F__r_Hotels--75.html HTTP/1.1" 200 15947 "http://www.sewahotel.com/it/detagli.html?pid=11&rid=62&lang=it&hotel_id=335" "Mozilla/4.0 (compatible; MSIE 6.0; Windows NT 5.1; SV1; .NET CLR 1.1.4322; .NET CLR 2.0.50727)"
66.249.65.145 - - [23/Mar/2009:11:36:30 +0000] "GET /Home/Details--20.html HTTP/1.1" 200 43998 "" "Mozilla/5.0 (compatible; Googlebot/2.1; +http://www.google.com/bot.html)"
72.30.65.29 - - [23/Mar/2009:11:37:04 +0000] "GET /Home/Details--20.html HTTP/1.1" 200 62460 "" "Mozilla/5.0 (compatible; Yahoo! Slurp/3.0; http://help.yahoo.com/help/us/ysearch/slurp)"
66.249.65.145 - - [23/Mar/2009:11:37:43 +0000] "GET /Home/Details--20.html HTTP/1.1" 200 43491 "" "Mozilla/5.0 (compatible; Googlebot/2.1; +http://www.google.com/bot.html)"
72.30.65.29 - - [23/Mar/2009:11:38:24 +0000] "GET /Home/__ber_uns--65.html HTTP/1.1" 200 12312 "" "Mozilla/5.0 (compatible; Yahoo! Slurp/3.0; http://help.yahoo.com/help/us/ysearch/slurp)"
66.249.65.145 - - [23/Mar/2009:11:38:41 +0000] "GET /Home/Lastminute--63.html HTTP/1.1" 200 30913 "" "Mozilla/5.0 (compatible; Googlebot/2.1; +http://www.google.com/bot.html)"
66.249.65.145 - - [23/Mar/2009:11:38:41 +0000] "GET /Home/Details--20.html HTTP/1.1" 200 43996 "" "Mozilla/5.0 (compatible; Googlebot/2.1; +http://www.google.com/bot.html)"
66.249.65.145 - - [23/Mar/2009:11:40:51 +0000] "GET /Home/Specials--60.html HTTP/1.1" 200 51578 "" "Mozilla/5.0 (compatible; Googlebot/2.1; +http://www.google.com/bot.html)"
89.190.169.62 - - [23/Mar/2009:11:40:55 +0000] "GET /Home/Ergebnisse-hotel--102.html HTTP/1.1" 200 153656 "" "Mozilla/4.0 (compatible; MSIE 7.0; Windows NT 5.1; GTB5; .NET CLR 1.1.4322; .NET CLR 1.0.3705; .NET CLR 2.0.50727)"
65.55.110.36 - - [23/Mar/2009:11:41:09 +0000] "GET /Home/Anfrage--112.html HTTP/1.1" 200 16715 "http://search.live.com/results.aspx?q=anfrage" "Mozilla/4.0 (compatible; MSIE 6.0; Windows NT 5.2; SV1; .NET CLR 1.1.4322)"
194.8.75.245 - - [23/Mar/2009:11:41:10 +0000] "GET /Home/Buchen--19.html HTTP/1.1" 200 23985 "" "Mozilla/3.0 (x86 [en] Windows NT 5.1; Sun)"
194.8.75.245 - - [23/Mar/2009:11:41:18 +0000] "GET /Home/Best__tigung--64.html HTTP/1.1" 200 19101 "http://www.sewahotel.com/de/buchen.html?pid=0&rid=0" "Mozilla/3.0 (x86 [en] Windows NT 5.1; Sun)"
194.8.74.11 - - [23/Mar/2009:11:41:23 +0000] "GET /Home/Buchen--19.html HTTP/1.1" 200 23985 "" "Mozilla/3.0 (compatible; WebCapture 2.0; Auto; Windows)"
66.249.65.145 - - [23/Mar/2009:11:41:25 +0000] "GET /Home/Reisef__hrer_S__d.../Tiers--93.html HTTP/1.1" 200 24997 "" "Mozilla/5.0 (compatible; Googlebot/2.1; +http://www.google.com/bot.html)"
194.8.74.11 - - [23/Mar/2009:11:41:28 +0000] "GET /Home/Best__tigung--64.html HTTP/1.1" 200 27620 "http://www.sewahotel.com/de/buchen.html?pid=0&rid=0" "Mozilla/3.0 (compatible; WebCapture 2.0; Auto; Windows)"
89.190.169.62 - - [23/Mar/2009:11:41:48 +0000] "GET /Home/Details--20.html HTTP/1.1" 200 86131 "http://www.sewahotel.com/de/ergebnisse-hotel.html?action=get_results&hotel_id=&pid=109&rid=1&lang=de&from_day=23&from_month=03&from_year=2009&to_day=24&to_month=03&to_year=2009&to_year=2009&typ=2&verpflegung=hp&anzahl_erw=2&alterkind1=&alterkind2=&alterkind3=&kat_art=A1" "Mozilla/4.0 (compatible; MSIE 7.0; Windows NT 5.1; GTB5; .NET CLR 1.1.4322; .NET CLR 1.0.3705; .NET CLR 2.0.50727)"
66.249.65.145 - - [23/Mar/2009:11:43:01 +0000] "GET /Home/Details--20.html HTTP/1.1" 200 42421 "" "Mozilla/5.0 (compatible; Googlebot/2.1; +http://www.google.com/bot.html)"
66.249.65.145 - - [23/Mar/2009:11:43:04 +0000] "GET /Home/Details--20.html HTTP/1.1" 200 41956 "" "Mozilla/5.0 (compatible; Googlebot/2.1; +http://www.google.com/bot.html)"
213.23.255.193 - - [23/Mar/2009:11:44:28 +0000] "GET /Home/Details--20.html HTTP/1.1" 200 44037 "http://www.google.de/search?hl=de&q=s%C3%BCdtirol+teens&start=50&sa=N" "Mozilla/4.0 (compatible; MSIE 7.0; Windows NT 5.1; .NET CLR 2.0.50727; .NET CLR 3.0.04506.30; .NET CLR 3.0.04506.648; .NET CLR 3.0.4506.2152; .NET CLR 3.5.30729)"
66.249.65.145 - - [23/Mar/2009:11:44:56 +0000] "GET /Home/Specials--60.html HTTP/1.1" 200 63171 "" "Mozilla/5.0 (compatible; Googlebot/2.1; +http://www.google.com/bot.html)"
66.249.65.145 - - [23/Mar/2009:11:45:11 +0000] "GET /Home/Specials--60.html HTTP/1.1" 200 48165 "" "Mozilla/5.0 (compatible; Googlebot/2.1; +http://www.google.com/bot.html)"
194.8.75.239 - - [23/Mar/2009:11:45:34 +0000] "GET /Home/Buchen--19.html HTTP/1.1" 200 23985 "" "Mozilla/4.0 (compatible; MSIE 6.0; Windows NT 5.2; Win64; x64; SV1; .NET CLR 2.0.50727)"
194.8.75.239 - - [23/Mar/2009:11:45:34 +0000] "GET /Home/Best__tigung--64.html HTTP/1.1" 200 19525 "http://www.sewahotel.com/de/buchen.html?pid=0&rid=0" "Mozilla/4.0 (compatible; MSIE 6.0; Windows NT 5.2; Win64; x64; SV1; .NET CLR 2.0.50727)"
194.8.75.214 - - [23/Mar/2009:11:46:24 +0000] "GET /Home/Buchen--19.html HTTP/1.1" 200 23985 "" "Mozilla/4.0 (compatible; MSIE 6.0; Windows NT 5.1; SV1; .NET CLR 1.1.4322)"
194.8.75.214 - - [23/Mar/2009:11:46:26 +0000] "GET /Home/Best__tigung--64.html HTTP/1.1" 200 18937 "http://www.sewahotel.com/de/buchen.html?pid=0&rid=0" "Mozilla/4.0 (compatible; MSIE 6.0; Windows NT 5.1; SV1; .NET CLR 1.1.4322)"
66.249.65.145 - - [23/Mar/2009:11:46:30 +0000] "GET /Home/Details--20.html HTTP/1.1" 200 43801 "" "Mozilla/5.0 (compatible; Googlebot/2.1; +http://www.google.com/bot.html)"
66.249.65.145 - - [23/Mar/2009:11:46:32 +0000] "GET /Home--1.html HTTP/1.1" 200 25304 "" "Mediapartners-Google"
66.249.65.145 - - [23/Mar/2009:11:46:33 +0000] "GET /Home/Details--20.html HTTP/1.1" 200 43003 "" "Mozilla/5.0 (compatible; Googlebot/2.1; +http://www.google.com/bot.html)"
66.249.65.145 - - [23/Mar/2009:11:46:35 +0000] "GET /Home/Details--20.html HTTP/1.1" 200 37372 "" "Mozilla/5.0 (compatible; Googlebot/2.1; +http://www.google.com/bot.html)"
72.30.65.29 - - [23/Mar/2009:11:47:05 +0000] "GET /Home/Details--20.html HTTP/1.1" 200 43194 "" "Mozilla/5.0 (compatible; Yahoo! Slurp/3.0; http://help.yahoo.com/help/us/ysearch/slurp)"
72.30.65.29 - - [23/Mar/2009:11:47:19 +0000] "GET /Home/Lastminute--63.html HTTP/1.1" 200 19305 "" "Mozilla/5.0 (compatible; Yahoo! Slurp/3.0; http://help.yahoo.com/help/us/ysearch/slurp)"
66.249.65.145 - - [23/Mar/2009:11:47:22 +0000] "GET /Home/Specials--60.html HTTP/1.1" 200 52753 "" "Mozilla/5.0 (compatible; Googlebot/2.1; +http://www.google.com/bot.html)"
72.30.65.29 - - [23/Mar/2009:11:47:38 +0000] "GET /Home/Finden___Buchen--2.html HTTP/1.1" 200 33383 "" "Mozilla/5.0 (compatible; Yahoo! Slurp/3.0; http://help.yahoo.com/help/us/ysearch/slurp)"
66.249.65.145 - - [23/Mar/2009:11:48:25 +0000] "GET /Home/Details--20.html HTTP/1.1" 200 42761 "" "Mozilla/5.0 (compatible; Googlebot/2.1; +http://www.google.com/bot.html)"
82.194.114.81 - - [23/Mar/2009:11:49:23 +0000] "GET /Home/Details--20.html HTTP/1.1" 200 42297 "" "Mozilla/5.0 (Windows; U; Windows NT 6.0; en-US; rv:1.8.1.11) Gecko/20071127 Firefox/2.0.0.11"
66.249.65.145 - - [23/Mar/2009:11:49:32 +0000] "GET /Home/Specials--60.html HTTP/1.1" 200 46921 "" "Mozilla/5.0 (compatible; Googlebot/2.1; +http://www.google.com/bot.html)"
80.146.199.162 - - [23/Mar/2009:11:49:44 +0000] "GET /Home/Details--20.html HTTP/1.1" 200 39238 "" "Mozilla/4.0 (compatible; MSIE 6.0; Windows NT 5.1; SV1; .NET CLR 1.1.4322; InfoPath.1; .NET CLR 2.0.50727; MS-RTC LM 8)"
65.55.105.204 - - [23/Mar/2009:11:49:47 +0000] "GET /Home/Specials--60.html HTTP/1.1" 200 61851 "" "msnbot/1.1 (+http://search.msn.com/msnbot.htm)"
194.8.75.103 - - [23/Mar/2009:11:50:14 +0000] "GET /Home/Buchen--19.html HTTP/1.1" 200 23985 "http://www.sewahotel.com/de/buchen.html?pid=0&rid=0" "Mozilla/4.0 (compatible; MSIE 6.0; Windows NT 5.1)"
194.8.75.103 - - [23/Mar/2009:11:50:16 +0000] "GET /Home/Best__tigung--64.html HTTP/1.1" 200 22925 "http://www.sewahotel.com/de/buchen.html?pid=0&rid=0" "Mozilla/4.0 (compatible; MSIE 6.0; Windows NT 5.1)"
65.55.109.96 - - [23/Mar/2009:11:50:34 +0000] "GET /Home/Specials--60.html HTTP/1.1" 200 60427 "http://search.live.com/results.aspx?q=hotels" "Mozilla/4.0 (compatible; MSIE 6.0; Windows NT 5.2; SV1; .NET CLR 1.1.4322)"
72.30.65.29 - - [23/Mar/2009:11:50:41 +0000] "GET /Home/Events/Liste--46.html HTTP/1.1" 200 4676 "" "Mozilla/5.0 (compatible; Yahoo! Slurp/3.0; http://help.yahoo.com/help/us/ysearch/slurp)"
72.30.65.29 - - [23/Mar/2009:11:51:04 +0000] "GET /Home/Specials--60.html HTTP/1.1" 200 14012 "" "Mozilla/5.0 (compatible; Yahoo! Slurp/3.0; http://help.yahoo.com/help/us/ysearch/slurp)"
66.249.65.145 - - [23/Mar/2009:11:51:06 +0000] "GET /Home/Details--20.html HTTP/1.1" 200 39449 "" "Mozilla/5.0 (compatible; Googlebot/2.1; +http://www.google.com/bot.html)"
72.30.65.29 - - [23/Mar/2009:11:51:11 +0000] "GET /Home/Finden___Buchen--2.html HTTP/1.1" 200 34106 "" "Mozilla/5.0 (compatible; Yahoo! Slurp/3.0; http://help.yahoo.com/help/us/ysearch/slurp)"
72.30.65.29 - - [23/Mar/2009:11:51:25 +0000] "GET /Home/Anfrage--112.html HTTP/1.1" 200 17314 "" "Mozilla/5.0 (compatible; Yahoo! Slurp/3.0; http://help.yahoo.com/help/us/ysearch/slurp)"
66.249.65.145 - - [23/Mar/2009:11:51:42 +0000] "GET /Home/Details--20.html HTTP/1.1" 200 52246 "" "Mozilla/5.0 (compatible; Googlebot/2.1; +http://www.google.com/bot.html)"
79.195.42.74 - - [23/Mar/2009:11:51:52 +0000] "GET /Home/Details--20.html HTTP/1.1" 200 50374 "" "Mozilla/4.0 (compatible; MSIE 7.0; Windows NT 5.1; .NET CLR 2.0.50727; .NET CLR 3.0.04506.30; .NET CLR 3.0.04506.648)"
93.212.61.40 - - [23/Mar/2009:11:52:13 +0000] "GET /Home--1.html HTTP/1.1" 200 25304 "http://www.meinsuedtirol.com/Pension-Tannenhof-Latsch-contact-information-.1342.0.0.1200..html" "Mozilla/4.0 (compatible; MSIE 6.0; Windows NT 5.0)"
72.30.65.29 - - [23/Mar/2009:11:52:27 +0000] "GET /Home/Details--20.html HTTP/1.1" 200 45884 "" "Mozilla/5.0 (compatible; Yahoo! Slurp/3.0; http://help.yahoo.com/help/us/ysearch/slurp)"
79.4.174.150 - - [23/Mar/2009:11:52:35 +0000] "GET /Home/Ergebnisse-hotel--102.html HTTP/1.1" 200 103672 "http://www.suedtirol-information.com/System/getstuff.php?pid=109&rid=1&action=startseite_teaser3&lang=de&css1=www.suedtirol-information.com/suche_startseite/rosa.css" "Mozilla/5.0 (Windows; U; Windows NT 5.1; de; rv:1.9.0.7) Gecko/2009021910 Firefox/3.0.7"
67.195.37.170 - - [23/Mar/2009:11:52:53 +0000] "GET /Home/Specials--60.html HTTP/1.1" 200 13755 "" "Mozilla/5.0 (compatible; Yahoo! Slurp/3.0; http://help.yahoo.com/help/us/ysearch/slurp)"
79.4.174.150 - - [23/Mar/2009:11:52:55 +0000] "GET /Home/Ergebnisse-hotel--102.html HTTP/1.1" 200 106808 "http://www.sewahotel.com/de/ergebnisse-hotel.html?action=get_results&hotel_id=&pid=109&rid=1&lang=de&from_day=23&from_month=03&from_year=2009&to_day=24&to_month=03&to_year=2009&to_year=2009&typ=2&verpflegung=hp&anzahl_erw=2&alterkind1=&alterkind2=&alterkind3=&kat_art=A4" "Mozilla/5.0 (Windows; U; Windows NT 5.1; de; rv:1.9.0.7) Gecko/2009021910 Firefox/3.0.7"
66.249.65.145 - - [23/Mar/2009:11:53:00 +0000] "GET /Home/Map/Vinschgau--119.html HTTP/1.1" 200 20826 "" "Mozilla/5.0 (compatible; Googlebot/2.1; +http://www.google.com/bot.html)"
66.249.65.145 - - [23/Mar/2009:11:53:02 +0000] "GET /Home/Map/Dolomiten--122.html HTTP/1.1" 200 22487 "" "Mozilla/5.0 (compatible; Googlebot/2.1; +http://www.google.com/bot.html)"
66.249.65.145 - - [23/Mar/2009:11:53:03 +0000] "GET /Home/Map/__sterreich--123.html HTTP/1.1" 200 17311 "" "Mozilla/5.0 (compatible; Googlebot/2.1; +http://www.google.com/bot.html)"
79.4.174.150 - - [23/Mar/2009:11:53:05 +0000] "GET /Home/Ergebnisse-hotel--102.html HTTP/1.1" 200 141756 "http://www.sewahotel.com/de/ergebnisse-hotel.html?pid=109&rid=1" "Mozilla/5.0 (Windows; U; Windows NT 5.1; de; rv:1.9.0.7) Gecko/2009021910 Firefox/3.0.7"
79.4.174.150 - - [23/Mar/2009:11:53:11 +0000] "GET /Home/Ergebnisse-hotel--102.html HTTP/1.1" 200 34101 "http://www.sewahotel.com/de/ergebnisse-hotel.html?pid=109&rid=1" "Mozilla/5.0 (Windows; U; Windows NT 5.1; de; rv:1.9.0.7) Gecko/2009021910 Firefox/3.0.7"
80.20.105.242 - - [23/Mar/2009:11:53:19 +0000] "GET /Home/Ergebnisse-hotel--102.html HTTP/1.1" 200 75609 "" "Mozilla/4.0 (compatible; MSIE 7.0; Windows NT 5.1; .NET CLR 1.1.4322; .NET CLR 2.0.50727; InfoPath.2; .NET CLR 3.0.04506.30; InfoPath.1; .NET CLR 3.0.04506.648; LBS Tschuggmall; LBS Tschuggmall)"
65.55.105.206 - - [23/Mar/2009:11:53:21 +0000] "GET /Home/Specials--60.html HTTP/1.1" 200 70149 "" "msnbot/1.1 (+http://search.msn.com/msnbot.htm)"
79.4.174.150 - - [23/Mar/2009:11:53:22 +0000] "GET /Home/Details--20.html HTTP/1.1" 200 686 "http://www.sewahotel.com/de/ergebnisse-hotel.html?pid=109&rid=1" "Mozilla/5.0 (Windows; U; Windows NT 5.1; de; rv:1.9.0.7) Gecko/2009021910 Firefox/3.0.7"
79.4.174.150 - - [23/Mar/2009:11:53:22 +0000] "GET /Home/Details--20.html HTTP/1.1" 200 63073 "http://www.sewahotel.com/de/ergebnisse-hotel.html?pid=109&rid=1" "Mozilla/5.0 (Windows; U; Windows NT 5.1; de; rv:1.9.0.7) Gecko/2009021910 Firefox/3.0.7"
79.4.174.150 - - [23/Mar/2009:11:53:33 +0000] "GET /Home/Details--20.html HTTP/1.1" 200 63147 "" "Mozilla/5.0 (Windows; U; Windows NT 5.1; de; rv:1.9.0.7) Gecko/2009021910 Firefox/3.0.7"
66.249.65.145 - - [23/Mar/2009:11:53:46 +0000] "GET /Home/Details--20.html HTTP/1.1" 200 41398 "" "Mozilla/5.0 (compatible; Googlebot/2.1; +http://www.google.com/bot.html)"
66.249.65.145 - - [23/Mar/2009:11:53:51 +0000] "GET /Home/Specials--60.html HTTP/1.1" 200 45117 "" "Mozilla/5.0 (compatible; Googlebot/2.1; +http://www.google.com/bot.html)"
194.8.75.175 - - [23/Mar/2009:11:53:56 +0000] "GET /Home/Buchen--19.html HTTP/1.1" 200 23985 "http://www.sewahotel.com/de/buchen.html?pid=0&rid=0" "Mozilla/5.0 (Windows; U; Windows NT 5.0; en-US; rv:1.8) Gecko/20051111 Firefox/1.5"
194.8.75.175 - - [23/Mar/2009:11:53:58 +0000] "GET /Home/Best__tigung--64.html HTTP/1.1" 200 23760 "http://www.sewahotel.com/de/buchen.html?pid=0&rid=0" "Mozilla/5.0 (Windows; U; Windows NT 5.0; en-US; rv:1.8) Gecko/20051111 Firefox/1.5"
65.55.105.192 - - [23/Mar/2009:11:54:19 +0000] "GET /Home/Specials--60.html HTTP/1.1" 200 60803 "" "msnbot/1.1 (+http://search.msn.com/msnbot.htm)"
65.55.105.205 - - [23/Mar/2009:11:54:36 +0000] "GET /Home/Wetter/Aktuelles_Wetter--44.html HTTP/1.1" 200 11403 "" "msnbot/1.1 (+http://search.msn.com/msnbot.htm)"
194.8.74.11 - - [23/Mar/2009:11:54:46 +0000] "GET /Home/Buchen--19.html HTTP/1.1" 200 23985 "" "Mozilla/3.0 (compatible; WebCapture 2.0; Auto; Windows)"
194.8.74.11 - - [23/Mar/2009:11:54:48 +0000] "GET /Home/Best__tigung--64.html HTTP/1.1" 200 27597 "http://www.sewahotel.com/de/buchen.html?pid=0&rid=0" "Mozilla/3.0 (compatible; WebCapture 2.0; Auto; Windows)"
66.249.65.145 - - [23/Mar/2009:11:55:11 +0000] "GET /Home/Map/Ahrntal--118.html HTTP/1.1" 200 19655 "" "Mozilla/5.0 (compatible; Googlebot/2.1; +http://www.google.com/bot.html)"
72.30.65.29 - - [23/Mar/2009:11:55:25 +0000] "GET /Home/Finden___Buchen--2.html HTTP/1.1" 200 37997 "" "Mozilla/5.0 (compatible; Yahoo! Slurp/3.0; http://help.yahoo.com/help/us/ysearch/slurp)"
66.249.65.145 - - [23/Mar/2009:11:56:02 +0000] "GET /Home/Specials--60.html HTTP/1.1" 200 38447 "" "Mozilla/5.0 (compatible; Googlebot/2.1; +http://www.google.com/bot.html)"
208.115.111.248 - - [23/Mar/2009:11:56:05 +0000] "GET /Home--1.html HTTP/1.1" 200 25358 "" "Mozilla/5.0 (compatible; DotBot/1.1; http://www.dotnetdotcom.org/, crawler@dotnetdotcom.org)"
