74.6.22.172 - - [22/Nov/2007:14:02:59 +0000] "GET /Home/Events/Liste--46.html HTTP/1.1" 200 15250 "" "Mozilla/5.0 (compatible; Yahoo! Slurp/3.0; http://help.yahoo.com/help/us/ysearch/slurp)"
194.149.232.85 - - [22/Nov/2007:14:03:07 +0000] "GET /Home/Details--20.html HTTP/1.1" 200 52143 "http://www.sewahotel.com/it/risultati.html" "Mozilla/4.0 (compatible; MSIE 6.0; Windows NT 5.1; SV1)"
80.86.150.94 - - [22/Nov/2007:14:03:15 +0000] "GET /Home--1.html HTTP/1.1" 200 27729 "" "Mozilla/4.0 (compatible; MSIE 7.0; Windows NT 5.1; .NET CLR 1.1.4322; .NET CLR 2.0.50727; InfoPath.1; .NET CLR 3.0.04506.30)"
80.152.181.92 - - [22/Nov/2007:14:03:17 +0000] "GET /Home/Specials--60.html HTTP/1.1" 200 85469 "http://images.google.de/imgres?imgurl=http://www.sewahotel.com/uploads/pics/suedtirol-ultental-hoefeweg-bauernhof.jpg&imgrefurl=http://www.sewahotel.com/de/specials.html%3Fpid%3D0%26rid%3D0%26action%3Dspecials%26sid%3D1336%26lang%3Dde%26kat%3Dski&h=541&w=683&sz=78&hl=de&start=186&um=1&tbnid=UlSsgbxZ7IKvDM:&tbnh=110&tbnw=139&prev=/images%3Fq%3Ds%25C3%25BCdtirol%26start%3D180%26ndsp%3D20%26svnum%3D10%26um%3D1%26hl%3Dde%26sa%3DN" "Mozilla/4.0 (compatible; MSIE 6.0; Windows NT 5.0; .NET CLR 2.0.50727)"
194.149.232.85 - - [22/Nov/2007:14:03:40 +0000] "GET /Home/Details--20.html HTTP/1.1" 200 59050 "http://www.sewahotel.com/it/risultati.html" "Mozilla/4.0 (compatible; MSIE 6.0; Windows NT 5.1; SV1)"
91.13.212.124 - - [22/Nov/2007:14:03:41 +0000] "GET /Home/Details--20.html HTTP/1.1" 200 44321 "" "Mozilla/4.0 (compatible; MSIE 7.0; Windows NT 5.1; FunWebProducts; .NET CLR 1.1.4322; .NET CLR 2.0.50727; T-Online IE7; T-Online IE7)"
194.149.232.85 - - [22/Nov/2007:14:03:43 +0000] "GET /Home/Details--20.html HTTP/1.1" 200 59050 "http://www.sewahotel.com/it/risultati.html" "Mozilla/4.0 (compatible; MSIE 6.0; Windows NT 5.1; SV1)"
65.55.210.73 - - [22/Nov/2007:14:04:05 +0000] "GET /Home--1.html HTTP/1.1" 200 26653 "" "msnbot/1.0 (+http://search.msn.com/msnbot.htm)"
194.149.232.85 - - [22/Nov/2007:14:04:12 +0000] "GET /Home/Buchen--19.html HTTP/1.1" 200 22263 "http://www.sewahotel.com/it/detagli.html?pid=62&rid=11&lang=it&from_day=29&from_month=12&from_year=2007&to_day=02&to_month=01&to_year=2008&typ=2&anzahl_erw=2&alterkind1=&alterkind2=&alterkind3=&hotel_id=258" "Mozilla/4.0 (compatible; MSIE 6.0; Windows NT 5.1; SV1)"
64.1.215.164 - - [22/Nov/2007:14:04:19 +0000] "GET /Home/Events/Kalender--47.html HTTP/1.1" 200 42522 "" "Mozilla/5.0 (Twiceler-0.9 http://www.cuill.com/twiceler/robot.html)"
91.13.212.124 - - [22/Nov/2007:14:04:28 +0000] "GET /Home/Details--20.html HTTP/1.1" 200 68062 "" "Mozilla/4.0 (compatible; MSIE 7.0; Windows NT 5.1; FunWebProducts; .NET CLR 1.1.4322; .NET CLR 2.0.50727; T-Online IE7; T-Online IE7)"
66.249.72.104 - - [22/Nov/2007:14:04:49 +0000] "GET /Home/Details--20.html HTTP/1.1" 200 50427 "" "Mozilla/5.0 (compatible; Googlebot/2.1; +http://www.google.com/bot.html)"
65.55.165.124 - - [22/Nov/2007:14:04:50 +0000] "GET /Home/Specials--60.html HTTP/1.1" 200 58706 "http://search.live.com/results.aspx?q=suedtirol&mrt=en-us&FORM=LIVSOP" "Mozilla/4.0 (compatible; MSIE 7.0; Windows NT 5.2; .NET CLR 1.1.4322)"
65.55.165.88 - - [22/Nov/2007:14:05:10 +0000] "GET /Home/Details--20.html HTTP/1.1" 200 62669 "http://search.live.com/results.aspx?q=anfrage&mrt=en-us&FORM=LIVSOP" "Mozilla/4.0 (compatible; MSIE 7.0; Windows NT 5.2; .NET CLR 1.1.4322)"
74.6.23.167 - - [22/Nov/2007:14:05:18 +0000] "GET /Home/Details-hotel--105.html HTTP/1.1" 200 48637 "" "Mozilla/5.0 (compatible; Yahoo! Slurp; http://help.yahoo.com/help/us/ysearch/slurp)"
85.36.104.161 - - [22/Nov/2007:14:05:29 +0000] "GET /Home/Ergebnisse--18.html HTTP/1.1" 200 90088 "http://sky.suedtiroliminternet.com/skyscraper_it.php" "Mozilla/4.0 (compatible; MSIE 6.0; Windows NT 5.1; SV1)"
84.155.181.87 - - [22/Nov/2007:14:05:32 +0000] "GET /Home/Details--20.html HTTP/1.1" 200 44322 "" "Mozilla/4.0 (compatible; MSIE 7.0; Windows NT 5.1; {64690FDE-5AD3-F4F6-1CB8-250F15A7775A}; .NET CLR 1.0.3705; .NET CLR 1.1.4322)"
91.13.212.124 - - [22/Nov/2007:14:05:50 +0000] "GET /Home/Details--20.html HTTP/1.1" 200 71000 "http://www.sewahotel.com/de/details.html?pid=11&rid=62&lang=de&hotel_id=336" "Mozilla/4.0 (compatible; MSIE 7.0; Windows NT 5.1; FunWebProducts; .NET CLR 1.1.4322; .NET CLR 2.0.50727; T-Online IE7; T-Online IE7)"
85.36.104.161 - - [22/Nov/2007:14:05:53 +0000] "GET /Home/Ergebnisse--18.html HTTP/1.1" 200 89845 "http://www.sewahotel.com/it/risultati.html" "Mozilla/4.0 (compatible; MSIE 6.0; Windows NT 5.1; SV1)"
85.36.104.161 - - [22/Nov/2007:14:05:53 +0000] "GET /Home/Ergebnisse--18.html HTTP/1.1" 200 89845 "http://www.sewahotel.com/it/risultati.html" "Mozilla/4.0 (compatible; MSIE 6.0; Windows NT 5.1; SV1)"
85.36.104.161 - - [22/Nov/2007:14:06:09 +0000] "GET /Home/Ergebnisse--18.html HTTP/1.1" 200 68747 "http://www.sewahotel.com/it/risultati.html?pid=62&rid=11" "Mozilla/4.0 (compatible; MSIE 6.0; Windows NT 5.1; SV1)"
85.36.104.161 - - [22/Nov/2007:14:06:09 +0000] "GET /Home/Ergebnisse--18.html HTTP/1.1" 200 68747 "http://www.sewahotel.com/it/risultati.html?pid=62&rid=11" "Mozilla/4.0 (compatible; MSIE 6.0; Windows NT 5.1; SV1)"
91.13.212.124 - - [22/Nov/2007:14:06:11 +0000] "GET /Home/Details--20.html HTTP/1.1" 200 71002 "http://www.sewahotel.com/de/details.html?pid=11&rid=62" "Mozilla/4.0 (compatible; MSIE 7.0; Windows NT 5.1; FunWebProducts; .NET CLR 1.1.4322; .NET CLR 2.0.50727; T-Online IE7; T-Online IE7)"
85.36.104.161 - - [22/Nov/2007:14:06:32 +0000] "GET /Home/Details--20.html HTTP/1.1" 200 51779 "http://www.sewahotel.com/it/risultati.html?pid=62&rid=11" "Mozilla/4.0 (compatible; MSIE 6.0; Windows NT 5.1; SV1)"
87.23.87.201 - - [22/Nov/2007:14:06:37 +0000] "GET /Home/Details-hotel--105.html HTTP/1.1" 200 47971 "http://www.sewahotel.com/de/details-hotel.html?pid=6&rid=6" "Mozilla/4.0 (compatible; MSIE 7.0; Windows NT 5.1; .NET CLR 2.0.50727)"
79.9.69.204 - - [22/Nov/2007:14:06:44 +0000] "GET /Home--1.html HTTP/1.1" 200 28333 "http://www.meinsuedtirol.com/Ricerca-sul-sito-.386.1.html" "Mozilla/4.0 (compatible; MSIE 6.0; Windows NT 5.1; SV1; .NET CLR 1.1.4322)"
91.13.212.124 - - [22/Nov/2007:14:06:53 +0000] "GET /Home/Details--20.html HTTP/1.1" 200 70976 "http://www.sewahotel.com/de/details.html?pid=11&rid=62" "Mozilla/4.0 (compatible; MSIE 7.0; Windows NT 5.1; FunWebProducts; .NET CLR 1.1.4322; .NET CLR 2.0.50727; T-Online IE7; T-Online IE7)"
87.23.87.201 - - [22/Nov/2007:14:07:05 +0000] "GET /Home/Details-hotel--105.html HTTP/1.1" 200 47971 "http://www.sewahotel.com/de/details-hotel.html?pid=6&rid=6" "Mozilla/4.0 (compatible; MSIE 7.0; Windows NT 5.1; .NET CLR 2.0.50727)"
87.23.87.201 - - [22/Nov/2007:14:07:26 +0000] "GET /Home/Details-hotel--105.html HTTP/1.1" 200 47971 "http://www.sewahotel.com/de/details-hotel.html?pid=6&rid=6" "Mozilla/4.0 (compatible; MSIE 7.0; Windows NT 5.1; .NET CLR 2.0.50727)"
91.13.212.124 - - [22/Nov/2007:14:07:27 +0000] "GET /Home/Details--20.html HTTP/1.1" 200 70999 "http://www.sewahotel.com/de/details.html?pid=11&rid=62" "Mozilla/4.0 (compatible; MSIE 7.0; Windows NT 5.1; FunWebProducts; .NET CLR 1.1.4322; .NET CLR 2.0.50727; T-Online IE7; T-Online IE7)"
89.246.182.253 - - [22/Nov/2007:14:07:40 +0000] "GET /Home/Details-flash--140.html HTTP/1.1" 200 49642 "http://www.meinsuedtirol.com/Hotel-Arnaria-Sankt-Ulrich-In-Groeden-.2242.0.0.1240.0.html" "Mozilla/5.0 (Windows; U; Windows NT 5.0; de; rv:1.8.1.9) Gecko/20071025 Firefox/2.0.0.9"
85.36.104.161 - - [22/Nov/2007:14:07:52 +0000] "GET /Home/Details--20.html HTTP/1.1" 200 55515 "http://www.sewahotel.com/it/risultati.html?pid=62&rid=11" "Mozilla/4.0 (compatible; MSIE 6.0; Windows NT 5.1; SV1)"
91.13.212.124 - - [22/Nov/2007:14:07:53 +0000] "GET /Home/Details--20.html HTTP/1.1" 200 44548 "" "Mozilla/4.0 (compatible; MSIE 7.0; Windows NT 5.1; FunWebProducts; .NET CLR 1.1.4322; .NET CLR 2.0.50727; T-Online IE7; T-Online IE7)"
89.246.182.253 - - [22/Nov/2007:14:08:00 +0000] "GET /Home/Unsere_Hotels--7.html HTTP/1.1" 200 17125 "http://www.sewahotel.com/de/details-flash.html?pid=11&rid=62&sid=1300&lang=de&hotel_id=295" "Mozilla/5.0 (Windows; U; Windows NT 5.0; de; rv:1.8.1.9) Gecko/20071025 Firefox/2.0.0.9"
66.249.72.104 - - [22/Nov/2007:14:08:15 +0000] "GET /Home/Details--20.html HTTP/1.1" 200 58573 "" "Mozilla/5.0 (compatible; Googlebot/2.1; +http://www.google.com/bot.html)"
91.13.212.124 - - [22/Nov/2007:14:08:16 +0000] "GET /Home/Details--20.html HTTP/1.1" 200 47090 "http://www.sewahotel.com/de/details.html?pid=11&rid=62&lang=de&hotel_id=281" "Mozilla/4.0 (compatible; MSIE 7.0; Windows NT 5.1; FunWebProducts; .NET CLR 1.1.4322; .NET CLR 2.0.50727; T-Online IE7; T-Online IE7)"
213.140.11.139 - - [22/Nov/2007:14:08:20 +0000] "GET /Home/Ergebnisse--18.html HTTP/1.1" 200 24399 "http://www.prontoimprese.it/base/sewahotel.asp" "Mozilla/5.0 (Windows; U; Windows NT 5.1; it; rv:1.8.1.9) Gecko/20071025 Firefox/2.0.0.9"
85.36.104.161 - - [22/Nov/2007:14:08:22 +0000] "GET /Home/Details--20.html HTTP/1.1" 200 61917 "http://www.sewahotel.com/it/risultati.html?pid=62&rid=11" "Mozilla/4.0 (compatible; MSIE 6.0; Windows NT 5.1; SV1)"
89.246.182.253 - - [22/Nov/2007:14:08:30 +0000] "GET /Home/F__r_Hotels--75.html HTTP/1.1" 200 19071 "http://www.sewahotel.com/de/unsere-hotels.html?pid=11&rid=62" "Mozilla/5.0 (Windows; U; Windows NT 5.0; de; rv:1.8.1.9) Gecko/20071025 Firefox/2.0.0.9"
85.36.104.161 - - [22/Nov/2007:14:08:56 +0000] "GET /Home/Details--20.html HTTP/1.1" 200 61496 "http://www.sewahotel.com/it/risultati.html?pid=62&rid=11" "Mozilla/4.0 (compatible; MSIE 6.0; Windows NT 5.1; SV1)"
65.55.210.71 - - [22/Nov/2007:14:09:31 +0000] "GET /Home/Lastminute--63.html HTTP/1.1" 200 17615 "" "msnbot/1.0 (+http://search.msn.com/msnbot.htm)"
85.36.104.161 - - [22/Nov/2007:14:09:34 +0000] "GET /Home/Details--20.html HTTP/1.1" 200 53129 "http://www.sewahotel.com/it/risultati.html?pid=62&rid=11" "Mozilla/4.0 (compatible; MSIE 6.0; Windows NT 5.1; SV1)"
77.4.66.49 - - [22/Nov/2007:14:09:36 +0000] "GET /Home/Details-hotel--105.html HTTP/1.1" 200 47971 "" "Mozilla/4.0 (compatible; MSIE 6.0; Windows NT 5.0; .NET CLR 1.1.4322; .NET CLR 2.0.50727)"
62.10.72.42 - - [22/Nov/2007:14:09:47 +0000] "GET /Home/Ergebnisse--18.html HTTP/1.1" 200 24409 "http://www.sewahotel.com/it/risultati.html" "Mozilla/5.0 (Windows; U; Windows NT 5.1; it; rv:1.8.1.9) Gecko/20071025 Firefox/2.0.0.9"
64.1.215.164 - - [22/Nov/2007:14:09:53 +0000] "GET /Home/Events/Kalender--47.html HTTP/1.1" 200 42534 "" "Mozilla/5.0 (Twiceler-0.9 http://www.cuill.com/twiceler/robot.html)"
65.55.210.73 - - [22/Nov/2007:14:09:56 +0000] "GET /Home/Events/Liste--46.html HTTP/1.1" 200 11131 "" "msnbot/1.0 (+http://search.msn.com/msnbot.htm)"
62.10.72.42 - - [22/Nov/2007:14:10:00 +0000] "GET /Home/Ergebnisse--18.html HTTP/1.1" 200 24389 "http://www.sewahotel.com/it/risultati.html?pid=62&rid=11" "Mozilla/5.0 (Windows; U; Windows NT 5.1; it; rv:1.8.1.9) Gecko/20071025 Firefox/2.0.0.9"
74.6.22.172 - - [22/Nov/2007:14:10:07 +0000] "GET /Home/Anfrage--112.html HTTP/1.1" 200 19768 "" "Mozilla/5.0 (compatible; Yahoo! Slurp/3.0; http://help.yahoo.com/help/us/ysearch/slurp)"
62.10.72.42 - - [22/Nov/2007:14:10:29 +0000] "GET /Home/Ergebnisse--18.html HTTP/1.1" 200 24392 "http://www.sewahotel.com/it/risultati.html?pid=62&rid=11" "Mozilla/5.0 (Windows; U; Windows NT 5.1; it; rv:1.8.1.9) Gecko/20071025 Firefox/2.0.0.9"
85.36.104.161 - - [22/Nov/2007:14:10:42 +0000] "GET /Home/Details--20.html HTTP/1.1" 200 48941 "" "Mozilla/4.0 (compatible; MSIE 6.0; Windows NT 5.1; SV1)"
62.10.72.42 - - [22/Nov/2007:14:10:46 +0000] "GET /Home/Ergebnisse--18.html HTTP/1.1" 200 24389 "http://www.sewahotel.com/it/risultati.html?pid=62&rid=11" "Mozilla/5.0 (Windows; U; Windows NT 5.1; it; rv:1.8.1.9) Gecko/20071025 Firefox/2.0.0.9"
80.180.129.237 - - [22/Nov/2007:14:10:51 +0000] "GET /Home/Ergebnisse--18.html HTTP/1.1" 200 81881 "http://sky.suedtiroliminternet.com/skyscraper_it.php" "Mozilla/4.0 (compatible; MSIE 6.0; Windows NT 5.1; SV1; .NET CLR 1.1.4322)"
85.36.104.161 - - [22/Nov/2007:14:10:57 +0000] "GET /Home--1.html HTTP/1.1" 200 27942 "http://www.sewahotel.com/de/details.html?pid=11&rid=62&lang=de&hotel_id=338" "Mozilla/4.0 (compatible; MSIE 6.0; Windows NT 5.1; SV1)"
62.10.72.42 - - [22/Nov/2007:14:10:59 +0000] "GET /Home/Ergebnisse--18.html HTTP/1.1" 200 24389 "http://www.sewahotel.com/it/risultati.html?pid=62&rid=11" "Mozilla/5.0 (Windows; U; Windows NT 5.1; it; rv:1.8.1.9) Gecko/20071025 Firefox/2.0.0.9"
212.23.128.95 - - [22/Nov/2007:14:11:03 +0000] "GET /Home/Ergebnisse--18.html HTTP/1.1" 200 83883 "" "Mozilla/4.0 (compatible; MSIE 6.0; Windows NT 5.1; SV1; .NET CLR 1.1.4322)"
62.10.72.42 - - [22/Nov/2007:14:11:11 +0000] "GET /Home/Ergebnisse--18.html HTTP/1.1" 200 24390 "http://www.sewahotel.com/it/risultati.html?pid=62&rid=11" "Mozilla/5.0 (Windows; U; Windows NT 5.1; it; rv:1.8.1.9) Gecko/20071025 Firefox/2.0.0.9"
85.127.38.219 - - [22/Nov/2007:14:11:13 +0000] "GET /Home/Ergebnisse--18.html HTTP/1.1" 200 76522 "" "Mozilla/4.0 (compatible; MSIE 7.0; Windows NT 6.0; SLCC1; .NET CLR 2.0.50727; Media Center PC 5.0; .NET CLR 3.0.04506)"
85.36.104.161 - - [22/Nov/2007:14:11:22 +0000] "GET /Home/Details-flash--140.html HTTP/1.1" 200 52364 "" "Mozilla/4.0 (compatible; MSIE 6.0; Windows NT 5.1; SV1)"
80.180.129.237 - - [22/Nov/2007:14:11:24 +0000] "GET /Home/Details--20.html HTTP/1.1" 200 76434 "http://www.sewahotel.com/it/risultati.html" "Mozilla/4.0 (compatible; MSIE 6.0; Windows NT 5.1; SV1; .NET CLR 1.1.4322)"
65.55.165.20 - - [22/Nov/2007:14:11:26 +0000] "GET /Home/Lastminute--63.html HTTP/1.1" 200 17004 "http://search.live.com/results.aspx?q=suedtirol&mrt=en-us&FORM=LIVSOP" "Mozilla/4.0 (compatible; MSIE 7.0; Windows NT 5.2; .NET CLR 1.1.4322)"
62.10.72.42 - - [22/Nov/2007:14:11:26 +0000] "GET /Home/Ergebnisse--18.html HTTP/1.1" 200 24390 "http://www.sewahotel.com/it/risultati.html?pid=62&rid=11" "Mozilla/5.0 (Windows; U; Windows NT 5.1; it; rv:1.8.1.9) Gecko/20071025 Firefox/2.0.0.9"
66.249.72.104 - - [22/Nov/2007:14:11:42 +0000] "GET /Home/Events/Liste--46.html HTTP/1.1" 200 13972 "" "Mozilla/5.0 (compatible; Googlebot/2.1; +http://www.google.com/bot.html)"
65.55.210.73 - - [22/Nov/2007:14:11:54 +0000] "GET /Home/Specials--60.html HTTP/1.1" 200 64189 "" "msnbot/1.0 (+http://search.msn.com/msnbot.htm)"
212.23.128.95 - - [22/Nov/2007:14:12:01 +0000] "GET /Home/Ergebnisse--18.html HTTP/1.1" 200 32708 "http://www.sewahotel.com/de/ergebnisse.html?action=get_results&hotel_id=&pid=11&rid=62&lang=de&from_day=29&from_month=12&from_year=2007&to_day=05&to_month=01&to_year=2008&to_year=2008&typ=1&verpflegung=hp&anzahl_erw=1&alterkind1=&alterkind2=&alterkind3=" "Mozilla/4.0 (compatible; MSIE 6.0; Windows NT 5.1; SV1; .NET CLR 1.1.4322)"
62.94.81.2 - - [22/Nov/2007:14:12:02 +0000] "GET /Home/Ergebnisse--18.html HTTP/1.1" 200 94103 "http://sky.suedtiroliminternet.com/skyscraper_it.php" "Mozilla/4.0 (compatible; MSIE 6.0; Windows NT 5.1; .NET CLR 1.0.3705; InfoPath.1; .NET CLR 1.1.4322)"
85.127.38.219 - - [22/Nov/2007:14:12:14 +0000] "GET /Home/Ergebnisse--18.html HTTP/1.1" 200 91800 "" "Mozilla/4.0 (compatible; MSIE 7.0; Windows NT 6.0; SLCC1; .NET CLR 2.0.50727; Media Center PC 5.0; .NET CLR 3.0.04506)"
212.23.128.95 - - [22/Nov/2007:14:12:17 +0000] "GET /Home/Details--20.html HTTP/1.1" 200 55997 "http://www.sewahotel.com/de/ergebnisse.html?action=get_results&hotel_id=&pid=11&rid=62&lang=de&from_day=29&from_month=12&from_year=2007&to_day=05&to_month=01&to_year=2008&to_year=2008&typ=1&verpflegung=hp&anzahl_erw=1&alterkind1=&alterkind2=&alterkind3=" "Mozilla/4.0 (compatible; MSIE 6.0; Windows NT 5.1; SV1; .NET CLR 1.1.4322)"
80.180.129.237 - - [22/Nov/2007:14:12:21 +0000] "GET /Home/Ergebnisse--18.html HTTP/1.1" 200 81881 "http://sky.suedtiroliminternet.com/skyscraper_it.php" "Mozilla/4.0 (compatible; MSIE 6.0; Windows NT 5.1; SV1; .NET CLR 1.1.4322)"
74.6.20.10 - - [22/Nov/2007:14:12:35 +0000] "GET /Home/Specials--60.html HTTP/1.1" 200 15550 "" "Mozilla/5.0 (compatible; Yahoo! Slurp; http://help.yahoo.com/help/us/ysearch/slurp)"
87.4.160.2 - - [22/Nov/2007:14:12:38 +0000] "GET /Home/Details--20.html HTTP/1.1" 200 44298 "" "Mozilla/4.0 (compatible; MSIE 6.0; Windows NT 5.1; SV1; .NET CLR 1.1.4322)"
80.180.129.237 - - [22/Nov/2007:14:12:41 +0000] "GET /Home/Details--20.html HTTP/1.1" 200 97674 "http://www.sewahotel.com/it/risultati.html" "Mozilla/4.0 (compatible; MSIE 6.0; Windows NT 5.1; SV1; .NET CLR 1.1.4322)"
217.199.18.200 - - [22/Nov/2007:14:12:52 +0000] "GET /Home/Ergebnisse--18.html HTTP/1.1" 200 78517 "http://www.sewahotel.com/it.html" "Mozilla/5.0 (Windows; U; Windows NT 5.1; de; rv:1.8.1.9) Gecko/20071025 Firefox/2.0.0.9"
78.4.26.186 - - [22/Nov/2007:14:13:00 +0000] "GET /Home/Ergebnisse--18.html HTTP/1.1" 200 64972 "http://sky.suedtiroliminternet.com/skyscraper_it.php" "Mozilla/4.0 (compatible; MSIE 6.0; Windows NT 5.1; SV1; .NET CLR 1.0.3705; .NET CLR 1.1.4322)"
85.127.38.219 - - [22/Nov/2007:14:13:01 +0000] "GET /Home/Details--20.html HTTP/1.1" 200 49517 "http://www.sewahotel.com/de/ergebnisse.html?action=get_results&hotel_id=&pid=11&rid=62&lang=de&from_day=10&from_month=12&from_year=2007&to_day=12&to_month=12&to_year=2007&to_year=2007&typ=2&verpflegung=hp&anzahl_erw=2&alterkind1=&alterkind2=&alterkind3=" "Mozilla/4.0 (compatible; MSIE 7.0; Windows NT 6.0; SLCC1; .NET CLR 2.0.50727; Media Center PC 5.0; .NET CLR 3.0.04506)"
65.55.210.73 - - [22/Nov/2007:14:13:03 +0000] "GET /Home/Specials--60.html HTTP/1.1" 200 15550 "" "msnbot/1.0 (+http://search.msn.com/msnbot.htm)"
62.13.168.78 - - [22/Nov/2007:14:13:09 +0000] "GET /Home/Details--20.html HTTP/1.1" 200 56747 "http://www.meinsuedtirol.com/Alto_Adige_Hotels.1744.1.html" "Mozilla/5.0 (Windows; U; Windows NT 5.1; it; rv:1.8.1.9) Gecko/20071025 Firefox/2.0.0.9"
217.199.18.200 - - [22/Nov/2007:14:13:56 +0000] "GET /Home/Ergebnisse--18.html HTTP/1.1" 200 122873 "http://www.sewahotel.com/it/risultati.html?pid=11&rid=62" "Mozilla/5.0 (Windows; U; Windows NT 5.1; de; rv:1.8.1.9) Gecko/20071025 Firefox/2.0.0.9"
147.162.3.221 - - [22/Nov/2007:14:14:02 +0000] "GET /Home/Ergebnisse--18.html HTTP/1.1" 200 115011 "http://sky.suedtiroliminternet.com/skyscraper_it.php" "Mozilla/5.0 (Macintosh; U; PPC Mac OS X Mach-O; en-US; rv:1.8.1.9pre) Gecko/20071102 Firefox/2.0.0.9 Navigator/9.0.0.3"
195.206.16.51 - - [22/Nov/2007:14:14:04 +0000] "GET /Home/Details--20.html HTTP/1.1" 200 44298 "" "Mozilla/4.0 (compatible; MSIE 6.0; Windows NT 5.1; SV1; .NET CLR 1.1.4322; InfoPath.1)"
217.199.18.200 - - [22/Nov/2007:14:14:10 +0000] "GET /Home/Ergebnisse--18.html HTTP/1.1" 200 33161 "http://www.sewahotel.com/it/risultati.html?pid=11&rid=62" "Mozilla/5.0 (Windows; U; Windows NT 5.1; de; rv:1.8.1.9) Gecko/20071025 Firefox/2.0.0.9"
217.199.18.200 - - [22/Nov/2007:14:14:14 +0000] "GET /Home/Ergebnisse--18.html HTTP/1.1" 200 122874 "http://www.sewahotel.com/it/risultati.html?pid=11&rid=62" "Mozilla/5.0 (Windows; U; Windows NT 5.1; de; rv:1.8.1.9) Gecko/20071025 Firefox/2.0.0.9"
64.1.215.164 - - [22/Nov/2007:14:14:13 +0000] "GET /Home/Events/Kalender--47.html HTTP/1.1" 200 40992 "" "Mozilla/5.0 (Twiceler-0.9 http://www.cuill.com/twiceler/robot.html)"
81.208.63.115 - - [22/Nov/2007:14:14:27 +0000] "GET /Home/Details-flash--140.html HTTP/1.1" 200 47890 "" "Mozilla/4.0 (compatible; MSIE 6.0; Windows NT 5.0; .NET CLR 1.1.4322)"
213.255.52.108 - - [22/Nov/2007:14:14:34 +0000] "GET /Home--1.html HTTP/1.1" 200 28333 "" "Mozilla/4.0 (compatible; MSIE 7.0; Windows NT 5.1; FunWebProducts; .NET CLR 1.1.4322; .NET CLR 2.0.50727)"
87.4.160.2 - - [22/Nov/2007:14:14:40 +0000] "GET /Home--1.html HTTP/1.1" 200 28333 "http://www.meinsuedtirol.com/Pensione-Frick-Sterzing-.4405.0.0.1240.1.html" "Mozilla/4.0 (compatible; MSIE 6.0; Windows NT 5.1; SV1; .NET CLR 1.1.4322)"
74.6.26.112 - - [22/Nov/2007:14:14:39 +0000] "GET /Home/Details-hotel--105.html HTTP/1.1" 200 44488 "" "Mozilla/5.0 (compatible; Yahoo! Slurp; http://help.yahoo.com/help/us/ysearch/slurp)"
147.162.3.221 - - [22/Nov/2007:14:14:41 +0000] "GET /Home/Ergebnisse--18.html HTTP/1.1" 200 49168 "http://www.sewahotel.com/it/risultati.html" "Mozilla/5.0 (Macintosh; U; PPC Mac OS X Mach-O; en-US; rv:1.8.1.9pre) Gecko/20071102 Firefox/2.0.0.9 Navigator/9.0.0.3"
85.127.38.219 - - [22/Nov/2007:14:14:41 +0000] "GET /Home/Ergebnisse--18.html HTTP/1.1" 200 115246 "http://www.sewahotel.com/de/ergebnisse.html?action=get_results&hotel_id=&pid=11&rid=62&lang=de&from_day=10&from_month=12&from_year=2007&to_day=12&to_month=12&to_year=2007&to_year=2007&typ=2&verpflegung=hp&anzahl_erw=2&alterkind1=&alterkind2=&alterkind3=" "Mozilla/4.0 (compatible; MSIE 7.0; Windows NT 6.0; SLCC1; .NET CLR 2.0.50727; Media Center PC 5.0; .NET CLR 3.0.04506)"
65.55.210.73 - - [22/Nov/2007:14:14:46 +0000] "GET /Home/Reisef__hrer_S__dtirol--80.html HTTP/1.1" 200 17619 "" "msnbot/1.0 (+http://search.msn.com/msnbot.htm)"
87.4.160.2 - - [22/Nov/2007:14:14:52 +0000] "GET /Home--1.html HTTP/1.1" 200 27729 "http://www.sewahotel.com/" "Mozilla/4.0 (compatible; MSIE 6.0; Windows NT 5.1; SV1; .NET CLR 1.1.4322)"
195.206.16.51 - - [22/Nov/2007:14:14:55 +0000] "GET /Home/Ergebnisse--18.html HTTP/1.1" 200 67824 "http://sky.suedtiroliminternet.com/skyscraper_it.php" "Mozilla/4.0 (compatible; MSIE 6.0; Windows NT 5.1; SV1; .NET CLR 1.1.4322; InfoPath.1)"
85.127.38.219 - - [22/Nov/2007:14:14:55 +0000] "GET /Home/Details--20.html HTTP/1.1" 200 48005 "http://www.sewahotel.com/de/ergebnisse.html?pid=11&rid=62" "Mozilla/4.0 (compatible; MSIE 7.0; Windows NT 6.0; SLCC1; .NET CLR 2.0.50727; Media Center PC 5.0; .NET CLR 3.0.04506)"
89.246.182.253 - - [22/Nov/2007:14:14:57 +0000] "GET /Home/Ergebnisse--18.html HTTP/1.1" 200 42363 "http://sky.suedtiroliminternet.com/skyscraper.php" "Mozilla/5.0 (Windows; U; Windows NT 5.0; de; rv:1.8.1.9) Gecko/20071025 Firefox/2.0.0.9"
66.249.72.104 - - [22/Nov/2007:14:15:08 +0000] "GET /Home/Details--20.html HTTP/1.1" 200 49337 "" "Mozilla/5.0 (compatible; Googlebot/2.1; +http://www.google.com/bot.html)"
87.6.145.200 - - [22/Nov/2007:14:15:09 +0000] "GET /Home/Details-flash--140.html HTTP/1.1" 200 47890 "" "Mozilla/4.0 (compatible; MSIE 6.0; Windows NT 5.1; SV1; .NET CLR 1.1.4322; .NET CLR 2.0.50727; InfoPath.1)"
85.127.38.219 - - [22/Nov/2007:14:15:18 +0000] "GET /Home/Details--20.html HTTP/1.1" 200 64650 "http://www.sewahotel.com/de/ergebnisse.html?action=get_results&hotel_id=&pid=11&rid=62&lang=de&from_day=10&from_month=12&from_year=2007&to_day=12&to_month=12&to_year=2007&to_year=2007&typ=2&verpflegung=hp&anzahl_erw=2&alterkind1=&alterkind2=&alterkind3=" "Mozilla/4.0 (compatible; MSIE 7.0; Windows NT 6.0; SLCC1; .NET CLR 2.0.50727; Media Center PC 5.0; .NET CLR 3.0.04506)"
85.127.38.219 - - [22/Nov/2007:14:15:19 +0000] "GET /Home/Details--20.html HTTP/1.1" 200 64650 "http://www.sewahotel.com/de/ergebnisse.html?action=get_results&hotel_id=&pid=11&rid=62&lang=de&from_day=10&from_month=12&from_year=2007&to_day=12&to_month=12&to_year=2007&to_year=2007&typ=2&verpflegung=hp&anzahl_erw=2&alterkind1=&alterkind2=&alterkind3=" "Mozilla/4.0 (compatible; MSIE 7.0; Windows NT 6.0; SLCC1; .NET CLR 2.0.50727; Media Center PC 5.0; .NET CLR 3.0.04506)"
65.55.210.81 - - [22/Nov/2007:14:15:22 +0000] "GET /Home/Specials--60.html HTTP/1.1" 200 68371 "" "msnbot/1.0 (+http://search.msn.com/msnbot.htm)"
74.6.7.104 - - [22/Nov/2007:14:15:23 +0000] "GET /Home/Unsere_Hotels/Pustertal--59.html HTTP/1.1" 200 30478 "" "Mozilla/5.0 (compatible; Yahoo! Slurp; http://help.yahoo.com/help/us/ysearch/slurp)"
65.55.210.81 - - [22/Nov/2007:14:15:29 +0000] "GET /Home/Events/Liste--46.html HTTP/1.1" 200 14007 "" "msnbot/1.0 (+http://search.msn.com/msnbot.htm)"
65.55.210.81 - - [22/Nov/2007:14:15:31 +0000] "GET /Home/Events/Liste--46.html HTTP/1.1" 200 11117 "" "msnbot/1.0 (+http://search.msn.com/msnbot.htm)"
74.6.22.172 - - [22/Nov/2007:14:15:48 +0000] "GET /Home--1.html HTTP/1.1" 200 27629 "" "Mozilla/5.0 (compatible; Yahoo! Slurp/3.0; http://help.yahoo.com/help/us/ysearch/slurp)"
74.6.23.233 - - [22/Nov/2007:14:15:51 +0000] "GET /Home/Events/Liste--46.html HTTP/1.1" 200 11167 "" "Mozilla/5.0 (compatible; Yahoo! Slurp; http://help.yahoo.com/help/us/ysearch/slurp)"
85.127.38.219 - - [22/Nov/2007:14:15:54 +0000] "GET /Home/Ergebnisse--18.html HTTP/1.1" 200 115246 "http://www.sewahotel.com/de/ergebnisse.html?action=get_results&hotel_id=&pid=11&rid=62&lang=de&from_day=10&from_month=12&from_year=2007&to_day=12&to_month=12&to_year=2007&to_year=2007&typ=2&verpflegung=hp&anzahl_erw=2&alterkind1=&alterkind2=&alterkind3=" "Mozilla/4.0 (compatible; MSIE 7.0; Windows NT 6.0; SLCC1; .NET CLR 2.0.50727; Media Center PC 5.0; .NET CLR 3.0.04506)"
217.199.18.200 - - [22/Nov/2007:14:16:00 +0000] "GET /Home--1.html HTTP/1.1" 200 27729 "http://www.sewahotel.com/it/risultati.html?pid=11&rid=62" "Mozilla/5.0 (Windows; U; Windows NT 5.1; de; rv:1.8.1.9) Gecko/20071025 Firefox/2.0.0.9"
87.4.160.2 - - [22/Nov/2007:14:16:00 +0000] "GET /Home/Ergebnisse--18.html HTTP/1.1" 200 46217 "http://www.sewahotel.com/it.html" "Mozilla/4.0 (compatible; MSIE 6.0; Windows NT 5.1; SV1; .NET CLR 1.1.4322)"
151.11.186.33 - - [22/Nov/2007:14:16:06 +0000] "GET /Home--1.html HTTP/1.1" 200 28333 "http://www.meinsuedtirol.com/Corvara-.139.1.html" "Mozilla/4.0 (compatible; MSIE 6.0; Windows NT 5.1; SV1)"
85.127.38.219 - - [22/Nov/2007:14:16:12 +0000] "GET /Home/Ergebnisse--18.html HTTP/1.1" 200 91801 "http://www.sewahotel.com/de/ergebnisse.html?pid=11&rid=62" "Mozilla/4.0 (compatible; MSIE 7.0; Windows NT 6.0; SLCC1; .NET CLR 2.0.50727; Media Center PC 5.0; .NET CLR 3.0.04506)"
195.206.16.51 - - [22/Nov/2007:14:16:20 +0000] "GET /Home/Ergebnisse--18.html HTTP/1.1" 200 56083 "http://www.sewahotel.com/it/risultati.html" "Mozilla/4.0 (compatible; MSIE 6.0; Windows NT 5.1; SV1; .NET CLR 1.1.4322; InfoPath.1)"
195.206.16.51 - - [22/Nov/2007:14:16:20 +0000] "GET /Home/Ergebnisse--18.html HTTP/1.1" 200 56083 "http://www.sewahotel.com/it/risultati.html" "Mozilla/4.0 (compatible; MSIE 6.0; Windows NT 5.1; SV1; .NET CLR 1.1.4322; InfoPath.1)"
87.4.160.2 - - [22/Nov/2007:14:16:21 +0000] "GET /Home/Ergebnisse--18.html HTTP/1.1" 200 86482 "http://www.sewahotel.com/it/risultati.html?pid=11&rid=62" "Mozilla/4.0 (compatible; MSIE 6.0; Windows NT 5.1; SV1; .NET CLR 1.1.4322)"
151.69.4.65 - - [22/Nov/2007:14:16:23 +0000] "GET /Home/Ergebnisse--18.html HTTP/1.1" 200 10726 "" "Mozilla/4.0 (compatible; MSIE 6.0; Windows NT 5.1; SV1; .NET CLR 1.1.4322)"
85.127.38.219 - - [22/Nov/2007:14:16:25 +0000] "GET /Home/Ergebnisse--18.html HTTP/1.1" 200 130138 "http://www.sewahotel.com/de/ergebnisse.html?pid=11&rid=62" "Mozilla/4.0 (compatible; MSIE 7.0; Windows NT 6.0; SLCC1; .NET CLR 2.0.50727; Media Center PC 5.0; .NET CLR 3.0.04506)"
195.206.16.51 - - [22/Nov/2007:14:16:29 +0000] "GET /Home/Ergebnisse--18.html HTTP/1.1" 200 24400 "http://www.sewahotel.com/it/risultati.html?pid=62&rid=11" "Mozilla/4.0 (compatible; MSIE 6.0; Windows NT 5.1; SV1; .NET CLR 1.1.4322; InfoPath.1)"
195.206.16.51 - - [22/Nov/2007:14:16:29 +0000] "GET /Home/Ergebnisse--18.html HTTP/1.1" 200 24400 "http://www.sewahotel.com/it/risultati.html?pid=62&rid=11" "Mozilla/4.0 (compatible; MSIE 6.0; Windows NT 5.1; SV1; .NET CLR 1.1.4322; InfoPath.1)"
65.55.210.73 - - [22/Nov/2007:14:16:30 +0000] "GET /Home/Specials--60.html HTTP/1.1" 200 15600 "" "msnbot/1.0 (+http://search.msn.com/msnbot.htm)"
195.206.16.51 - - [22/Nov/2007:14:16:36 +0000] "GET /Home/Ergebnisse--18.html HTTP/1.1" 200 33246 "http://www.sewahotel.com/it/risultati.html?pid=62&rid=11" "Mozilla/4.0 (compatible; MSIE 6.0; Windows NT 5.1; SV1; .NET CLR 1.1.4322; InfoPath.1)"
195.206.16.51 - - [22/Nov/2007:14:16:36 +0000] "GET /Home/Ergebnisse--18.html HTTP/1.1" 200 33246 "http://www.sewahotel.com/it/risultati.html?pid=62&rid=11" "Mozilla/4.0 (compatible; MSIE 6.0; Windows NT 5.1; SV1; .NET CLR 1.1.4322; InfoPath.1)"
85.127.38.219 - - [22/Nov/2007:14:16:37 +0000] "GET /Home/Ergebnisse--18.html HTTP/1.1" 200 115246 "http://www.sewahotel.com/de/ergebnisse.html?pid=11&rid=62" "Mozilla/4.0 (compatible; MSIE 7.0; Windows NT 6.0; SLCC1; .NET CLR 2.0.50727; Media Center PC 5.0; .NET CLR 3.0.04506)"
85.18.14.39 - - [22/Nov/2007:14:16:59 +0000] "GET /Home/Ergebnisse--18.html HTTP/1.1" 200 105122 "http://www.prontoimprese.it/base/sewahotel.asp" "Mozilla/4.0 (compatible; MSIE 7.0; Windows NT 5.1; ADVPLUGIN|K114|04|S-733375609|dialno; .NET CLR 2.0.50727; .NET CLR 1.1.4322)"
85.127.38.219 - - [22/Nov/2007:14:17:09 +0000] "GET /Home/Ergebnisse--18.html HTTP/1.1" 200 91800 "" "Mozilla/4.0 (compatible; MSIE 7.0; Windows NT 6.0; SLCC1; .NET CLR 2.0.50727; Media Center PC 5.0; .NET CLR 3.0.04506)"
80.181.162.20 - - [22/Nov/2007:14:17:10 +0000] "GET /Home--1.html HTTP/1.1" 200 28333 "http://www.meinsuedtirol.com/Appartamento-Vacanza-Mairhofer-Toblach-.1118.0.0.1240.1.html" "Mozilla/5.0 (Windows; U; Windows NT 5.1; it; rv:1.8.1.9) Gecko/20071025 Firefox/2.0.0.9"
85.18.66.23 - - [22/Nov/2007:14:17:16 +0000] "GET /Home/Details-flash--140.html HTTP/1.1" 200 44990 "http://www.meinsuedtirol.com/fileadmin/flash/teaser.swf" "Mozilla/4.0 (compatible; MSIE 7.0; Windows NT 5.1; HbTools 4.8.2)"
88.36.169.193 - - [22/Nov/2007:14:17:23 +0000] "GET /Home/Details--20.html HTTP/1.1" 200 61299 "" "Mozilla/4.0 (compatible; MSIE 6.0; Windows NT 5.1; SV1)"
85.127.38.219 - - [22/Nov/2007:14:17:30 +0000] "GET /Home/Details--20.html HTTP/1.1" 200 64580 "http://www.sewahotel.com/de/ergebnisse.html?action=get_results&hotel_id=&pid=11&rid=62&lang=de&from_day=10&from_month=12&from_year=2007&to_day=12&to_month=12&to_year=2007&to_year=2007&typ=2&verpflegung=hp&anzahl_erw=2&alterkind1=&alterkind2=&alterkind3=" "Mozilla/4.0 (compatible; MSIE 7.0; Windows NT 6.0; SLCC1; .NET CLR 2.0.50727; Media Center PC 5.0; .NET CLR 3.0.04506)"
78.12.176.137 - - [22/Nov/2007:14:17:31 +0000] "GET /Home--1.html HTTP/1.1" 200 28333 "http://www.meinsuedtirol.com/Colle-Isarco-.117.1.html" "Mozilla/4.0 (compatible; MSIE 7.0; Windows NT 6.0; SLCC1; .NET CLR 2.0.50727; .NET CLR 3.0.04506; InfoPath.1)"
85.18.66.23 - - [22/Nov/2007:14:17:39 +0000] "GET /Home/Unsere_Hotels--7.html HTTP/1.1" 200 15213 "http://www.sewahotel.com/it/detagli-flash.html?pid=11&rid=62&sid=1397&lang=it&hotel_id=341" "Mozilla/4.0 (compatible; MSIE 7.0; Windows NT 5.1; HbTools 4.8.2)"
85.18.14.39 - - [22/Nov/2007:14:17:58 +0000] "GET /Home/Ergebnisse--18.html HTTP/1.1" 200 24404 "http://www.sewahotel.com/it/risultati.html" "Mozilla/4.0 (compatible; MSIE 7.0; Windows NT 5.1; ADVPLUGIN|K114|04|S-733375609|dialno; .NET CLR 2.0.50727; .NET CLR 1.1.4322)"
85.18.14.39 - - [22/Nov/2007:14:18:03 +0000] "GET /Home/Ergebnisse--18.html HTTP/1.1" 200 24404 "http://www.sewahotel.com/it/risultati.html?pid=62&rid=11" "Mozilla/4.0 (compatible; MSIE 7.0; Windows NT 5.1; ADVPLUGIN|K114|04|S-733375609|dialno; .NET CLR 2.0.50727; .NET CLR 1.1.4322)"
85.18.14.39 - - [22/Nov/2007:14:18:03 +0000] "GET /Home/Ergebnisse--18.html HTTP/1.1" 200 24404 "http://www.sewahotel.com/it/risultati.html?pid=62&rid=11" "Mozilla/4.0 (compatible; MSIE 7.0; Windows NT 5.1; ADVPLUGIN|K114|04|S-733375609|dialno; .NET CLR 2.0.50727; .NET CLR 1.1.4322)"
79.16.85.110 - - [22/Nov/2007:14:18:03 +0000] "GET /Home/Details-flash--140.html HTTP/1.1" 200 47890 "http://www.meinsuedtirol.com/Hotel-Plaza-Seiseralm-.21.0.0.1240.1.html" "Mozilla/5.0 (Windows; U; Windows NT 5.1; it; rv:1.8.1.9) Gecko/20071025 Firefox/2.0.0.9"
151.3.101.10 - - [22/Nov/2007:14:18:06 +0000] "GET /Home--1.html HTTP/1.1" 200 28333 "http://www.meinsuedtirol.com/Pensione_Alto_Adige.1752.1.html" "Mozilla/4.0 (compatible; MSIE 7.0; Windows NT 5.1; .NET CLR 2.0.50727)"
195.206.16.51 - - [22/Nov/2007:14:18:06 +0000] "GET /Home/Details--20.html HTTP/1.1" 200 50714 "" "Mozilla/4.0 (compatible; MSIE 6.0; Windows NT 5.1; SV1; .NET CLR 1.1.4322; InfoPath.1)"
85.18.66.23 - - [22/Nov/2007:14:18:07 +0000] "GET /Home/Details-flash--140.html HTTP/1.1" 200 44990 "http://www.meinsuedtirol.com/fileadmin/flash/teaser.swf" "Mozilla/4.0 (compatible; MSIE 7.0; Windows NT 5.1; HbTools 4.8.2)"
78.12.176.137 - - [22/Nov/2007:14:18:08 +0000] "GET /Home--1.html HTTP/1.1" 200 28333 "http://www.meinsuedtirol.com/Colle-Isarco-.117.1.html" "Mozilla/4.0 (compatible; MSIE 7.0; Windows NT 6.0; SLCC1; .NET CLR 2.0.50727; .NET CLR 3.0.04506; InfoPath.1)"
213.255.52.108 - - [22/Nov/2007:14:18:14 +0000] "GET /Home--1.html HTTP/1.1" 200 28333 "" "Mozilla/4.0 (compatible; MSIE 7.0; Windows NT 5.1; FunWebProducts; .NET CLR 1.1.4322; .NET CLR 2.0.50727)"
65.55.165.47 - - [22/Nov/2007:14:18:23 +0000] "GET /Home/Events/Liste--46.html HTTP/1.1" 200 15166 "http://search.live.com/results.aspx?q=suedtirol&mrt=en-us&FORM=LIVSOP" "Mozilla/4.0 (compatible; MSIE 7.0; Windows NT 5.2; .NET CLR 1.1.4322)"
85.18.14.39 - - [22/Nov/2007:14:18:29 +0000] "GET /Home/Ergebnisse--18.html HTTP/1.1" 200 24464 "http://www.sewahotel.com/it/risultati.html?pid=62&rid=11" "Mozilla/4.0 (compatible; MSIE 7.0; Windows NT 5.1; ADVPLUGIN|K114|04|S-733375609|dialno; .NET CLR 2.0.50727; .NET CLR 1.1.4322)"
151.3.101.10 - - [22/Nov/2007:14:18:29 +0000] "GET /Home--1.html HTTP/1.1" 200 27729 "http://www.sewahotel.com/" "Mozilla/4.0 (compatible; MSIE 7.0; Windows NT 5.1; .NET CLR 2.0.50727)"
213.255.52.108 - - [22/Nov/2007:14:18:29 +0000] "GET /Home--1.html HTTP/1.1" 200 27729 "http://www.sewahotel.com/" "Mozilla/4.0 (compatible; MSIE 7.0; Windows NT 5.1; FunWebProducts; .NET CLR 1.1.4322; .NET CLR 2.0.50727)"
85.18.14.39 - - [22/Nov/2007:14:18:32 +0000] "GET /Home/Ergebnisse--18.html HTTP/1.1" 200 24464 "http://www.sewahotel.com/it/risultati.html?pid=62&rid=11" "Mozilla/4.0 (compatible; MSIE 7.0; Windows NT 5.1; ADVPLUGIN|K114|04|S-733375609|dialno; .NET CLR 2.0.50727; .NET CLR 1.1.4322)"
85.18.14.39 - - [22/Nov/2007:14:18:32 +0000] "GET /Home/Ergebnisse--18.html HTTP/1.1" 200 24464 "http://www.sewahotel.com/it/risultati.html?pid=62&rid=11" "Mozilla/4.0 (compatible; MSIE 7.0; Windows NT 5.1; ADVPLUGIN|K114|04|S-733375609|dialno; .NET CLR 2.0.50727; .NET CLR 1.1.4322)"
66.249.72.104 - - [22/Nov/2007:14:18:34 +0000] "GET /Home/Details--20.html HTTP/1.1" 200 46227 "" "Mozilla/5.0 (compatible; Googlebot/2.1; +http://www.google.com/bot.html)"
80.181.162.20 - - [22/Nov/2007:14:18:40 +0000] "GET /Home/Details-flash--140.html HTTP/1.1" 200 44990 "http://www.meinsuedtirol.com/Appartamento-Vacanza-Olympia-Toblach-.1092.0.0.1240.1.html" "Mozilla/5.0 (Windows; U; Windows NT 5.1; it; rv:1.8.1.9) Gecko/20071025 Firefox/2.0.0.9"
213.255.52.108 - - [22/Nov/2007:14:18:42 +0000] "GET /Home/Ergebnisse--18.html HTTP/1.1" 200 24444 "http://www.sewahotel.com/it.html" "Mozilla/4.0 (compatible; MSIE 7.0; Windows NT 5.1; FunWebProducts; .NET CLR 1.1.4322; .NET CLR 2.0.50727)"
213.255.52.108 - - [22/Nov/2007:14:18:43 +0000] "GET /Home/Ergebnisse--18.html HTTP/1.1" 200 85052 "http://www.sewahotel.com/it.html" "Mozilla/4.0 (compatible; MSIE 7.0; Windows NT 5.1; FunWebProducts; .NET CLR 1.1.4322; .NET CLR 2.0.50727)"
85.18.66.23 - - [22/Nov/2007:14:18:45 +0000] "GET /Home/Ergebnisse--18.html HTTP/1.1" 200 60919 "http://sky.suedtiroliminternet.com/skyscraper_it.php" "Mozilla/4.0 (compatible; MSIE 7.0; Windows NT 5.1; HbTools 4.8.2)"
78.49.217.181 - - [22/Nov/2007:14:18:55 +0000] "GET /Home/Ergebnisse--18.html HTTP/1.1" 200 103262 "http://sky.suedtiroliminternet.com/skyscraper.php" "Mozilla/5.0 (Windows; U; Windows NT 5.0; de; rv:1.8.1.9) Gecko/20071025 Firefox/2.0.0.9"
213.255.52.108 - - [22/Nov/2007:14:19:07 +0000] "GET /Home/Ergebnisse--18.html HTTP/1.1" 200 24444 "http://www.sewahotel.com/it/risultati.html?pid=11&rid=62" "Mozilla/4.0 (compatible; MSIE 7.0; Windows NT 5.1; FunWebProducts; .NET CLR 1.1.4322; .NET CLR 2.0.50727)"
213.255.52.108 - - [22/Nov/2007:14:19:07 +0000] "GET /Home/Ergebnisse--18.html HTTP/1.1" 200 61373 "http://www.sewahotel.com/it/risultati.html?pid=11&rid=62" "Mozilla/4.0 (compatible; MSIE 7.0; Windows NT 5.1; FunWebProducts; .NET CLR 1.1.4322; .NET CLR 2.0.50727)"
74.6.24.76 - - [22/Nov/2007:14:19:44 +0000] "GET /Home/Details--20.html HTTP/1.1" 200 41657 "" "Mozilla/5.0 (compatible; Yahoo! Slurp; http://help.yahoo.com/help/us/ysearch/slurp)"
74.6.28.39 - - [22/Nov/2007:14:19:45 +0000] "GET /Home/Specials/Golfurlaub--107.html HTTP/1.1" 200 13381 "" "Mozilla/5.0 (compatible; Yahoo! Slurp; http://help.yahoo.com/help/us/ysearch/slurp)"
85.18.14.39 - - [22/Nov/2007:14:19:54 +0000] "GET /Home/Buchen--19.html HTTP/1.1" 200 22542 "http://www.sewahotel.com/it/risultati.html" "Mozilla/4.0 (compatible; MSIE 7.0; Windows NT 5.1; ADVPLUGIN|K114|04|S-733375609|dialno; .NET CLR 2.0.50727; .NET CLR 1.1.4322)"
64.1.215.164 - - [22/Nov/2007:14:20:07 +0000] "GET /Home/Events/Kalender--47.html HTTP/1.1" 200 41925 "" "Mozilla/5.0 (Twiceler-0.9 http://www.cuill.com/twiceler/robot.html)"
79.27.71.228 - - [22/Nov/2007:14:20:08 +0000] "GET /Home/Details-flash--140.html HTTP/1.1" 200 52364 "" "Mozilla/4.0 (compatible; MSIE 6.0; Windows NT 5.1; SV1; .NET CLR 1.1.4322)"
81.82.45.62 - - [22/Nov/2007:14:20:09 +0000] "GET /Home/Details-hotel--105.html HTTP/1.1" 200 45923 "" "Mozilla/4.0 (compatible; MSIE 7.0; Windows NT 5.1; .NET CLR 1.1.4322)"
74.6.22.172 - - [22/Nov/2007:14:20:49 +0000] "GET /Home/Anfrage--112.html HTTP/1.1" 200 19577 "" "Mozilla/5.0 (compatible; Yahoo! Slurp/3.0; http://help.yahoo.com/help/us/ysearch/slurp)"
65.55.210.72 - - [22/Nov/2007:14:21:04 +0000] "GET /Home/Lastminute--63.html HTTP/1.1" 200 25966 "" "msnbot/1.0 (+http://search.msn.com/msnbot.htm)"
64.1.215.164 - - [22/Nov/2007:14:21:33 +0000] "GET /Home/Events/Kalender--47.html HTTP/1.1" 200 41022 "" "Mozilla/5.0 (Twiceler-0.9 http://www.cuill.com/twiceler/robot.html)"
151.9.200.98 - - [22/Nov/2007:14:21:48 +0000] "GET /Home--1.html HTTP/1.1" 200 28333 "http://www.meinsuedtirol.com/Trafoi-.363.1.html" "Mozilla/4.0 (compatible; MSIE 7.0; Windows NT 5.1)"
66.249.72.104 - - [22/Nov/2007:14:22:06 +0000] "GET /Home/Events/Liste--46.html HTTP/1.1" 200 13458 "" "Mozilla/5.0 (compatible; Googlebot/2.1; +http://www.google.com/bot.html)"
85.18.14.39 - - [22/Nov/2007:14:22:27 +0000] "GET /Home/Ergebnisse--18.html HTTP/1.1" 200 24462 "http://www.sewahotel.com/it/risultati.html" "Mozilla/4.0 (compatible; MSIE 7.0; Windows NT 5.1; ADVPLUGIN|K114|04|S-733375609|dialno; .NET CLR 2.0.50727; .NET CLR 1.1.4322)"
85.18.14.39 - - [22/Nov/2007:14:22:40 +0000] "GET /Home/Ergebnisse--18.html HTTP/1.1" 200 24464 "http://www.sewahotel.com/it/risultati.html?pid=62&rid=11" "Mozilla/4.0 (compatible; MSIE 7.0; Windows NT 5.1; ADVPLUGIN|K114|04|S-733375609|dialno; .NET CLR 2.0.50727; .NET CLR 1.1.4322)"
85.18.14.39 - - [22/Nov/2007:14:22:43 +0000] "GET /Home/Ergebnisse--18.html HTTP/1.1" 200 24464 "http://www.sewahotel.com/it/risultati.html?pid=62&rid=11" "Mozilla/4.0 (compatible; MSIE 7.0; Windows NT 5.1; ADVPLUGIN|K114|04|S-733375609|dialno; .NET CLR 2.0.50727; .NET CLR 1.1.4322)"
85.18.14.39 - - [22/Nov/2007:14:22:43 +0000] "GET /Home/Ergebnisse--18.html HTTP/1.1" 200 24464 "http://www.sewahotel.com/it/risultati.html?pid=62&rid=11" "Mozilla/4.0 (compatible; MSIE 7.0; Windows NT 5.1; ADVPLUGIN|K114|04|S-733375609|dialno; .NET CLR 2.0.50727; .NET CLR 1.1.4322)"
85.18.14.39 - - [22/Nov/2007:14:23:01 +0000] "GET /Home/Ergebnisse--18.html HTTP/1.1" 200 24464 "http://www.sewahotel.com/it/risultati.html?pid=62&rid=11" "Mozilla/4.0 (compatible; MSIE 7.0; Windows NT 5.1; ADVPLUGIN|K114|04|S-733375609|dialno; .NET CLR 2.0.50727; .NET CLR 1.1.4322)"
85.18.14.39 - - [22/Nov/2007:14:23:09 +0000] "GET /Home/Ergebnisse--18.html HTTP/1.1" 200 24462 "http://www.sewahotel.com/it/risultati.html?pid=62&rid=11" "Mozilla/4.0 (compatible; MSIE 7.0; Windows NT 5.1; ADVPLUGIN|K114|04|S-733375609|dialno; .NET CLR 2.0.50727; .NET CLR 1.1.4322)"
85.18.14.39 - - [22/Nov/2007:14:23:09 +0000] "GET /Home/Ergebnisse--18.html HTTP/1.1" 200 24462 "http://www.sewahotel.com/it/risultati.html?pid=62&rid=11" "Mozilla/4.0 (compatible; MSIE 7.0; Windows NT 5.1; ADVPLUGIN|K114|04|S-733375609|dialno; .NET CLR 2.0.50727; .NET CLR 1.1.4322)"
85.18.14.39 - - [22/Nov/2007:14:23:12 +0000] "GET /Home/Ergebnisse--18.html HTTP/1.1" 200 24462 "http://www.sewahotel.com/it/risultati.html?pid=62&rid=11" "Mozilla/4.0 (compatible; MSIE 7.0; Windows NT 5.1; ADVPLUGIN|K114|04|S-733375609|dialno; .NET CLR 2.0.50727; .NET CLR 1.1.4322)"
85.18.14.39 - - [22/Nov/2007:14:23:12 +0000] "GET /Home/Ergebnisse--18.html HTTP/1.1" 200 24462 "http://www.sewahotel.com/it/risultati.html?pid=62&rid=11" "Mozilla/4.0 (compatible; MSIE 7.0; Windows NT 5.1; ADVPLUGIN|K114|04|S-733375609|dialno; .NET CLR 2.0.50727; .NET CLR 1.1.4322)"
85.18.14.39 - - [22/Nov/2007:14:23:14 +0000] "GET /Home/Ergebnisse--18.html HTTP/1.1" 200 24462 "http://www.sewahotel.com/it/risultati.html?pid=62&rid=11" "Mozilla/4.0 (compatible; MSIE 7.0; Windows NT 5.1; ADVPLUGIN|K114|04|S-733375609|dialno; .NET CLR 2.0.50727; .NET CLR 1.1.4322)"
85.18.14.39 - - [22/Nov/2007:14:23:14 +0000] "GET /Home/Ergebnisse--18.html HTTP/1.1" 200 24462 "http://www.sewahotel.com/it/risultati.html?pid=62&rid=11" "Mozilla/4.0 (compatible; MSIE 7.0; Windows NT 5.1; ADVPLUGIN|K114|04|S-733375609|dialno; .NET CLR 2.0.50727; .NET CLR 1.1.4322)"
85.18.14.39 - - [22/Nov/2007:14:23:15 +0000] "GET /Home/Ergebnisse--18.html HTTP/1.1" 200 24462 "http://www.sewahotel.com/it/risultati.html?pid=62&rid=11" "Mozilla/4.0 (compatible; MSIE 7.0; Windows NT 5.1; ADVPLUGIN|K114|04|S-733375609|dialno; .NET CLR 2.0.50727; .NET CLR 1.1.4322)"
85.18.14.39 - - [22/Nov/2007:14:23:15 +0000] "GET /Home/Ergebnisse--18.html HTTP/1.1" 200 24462 "http://www.sewahotel.com/it/risultati.html?pid=62&rid=11" "Mozilla/4.0 (compatible; MSIE 7.0; Windows NT 5.1; ADVPLUGIN|K114|04|S-733375609|dialno; .NET CLR 2.0.50727; .NET CLR 1.1.4322)"
85.18.14.39 - - [22/Nov/2007:14:23:20 +0000] "GET /Home/Ergebnisse--18.html HTTP/1.1" 200 24404 "http://www.sewahotel.com/it/risultati.html?pid=62&rid=11" "Mozilla/4.0 (compatible; MSIE 7.0; Windows NT 5.1; ADVPLUGIN|K114|04|S-733375609|dialno; .NET CLR 2.0.50727; .NET CLR 1.1.4322)"
85.18.14.39 - - [22/Nov/2007:14:23:20 +0000] "GET /Home/Ergebnisse--18.html HTTP/1.1" 200 24404 "http://www.sewahotel.com/it/risultati.html?pid=62&rid=11" "Mozilla/4.0 (compatible; MSIE 7.0; Windows NT 5.1; ADVPLUGIN|K114|04|S-733375609|dialno; .NET CLR 2.0.50727; .NET CLR 1.1.4322)"
85.18.14.39 - - [22/Nov/2007:14:23:23 +0000] "GET /Home/Ergebnisse--18.html HTTP/1.1" 200 24404 "http://www.sewahotel.com/it/risultati.html?pid=62&rid=11" "Mozilla/4.0 (compatible; MSIE 7.0; Windows NT 5.1; ADVPLUGIN|K114|04|S-733375609|dialno; .NET CLR 2.0.50727; .NET CLR 1.1.4322)"
85.18.14.39 - - [22/Nov/2007:14:23:23 +0000] "GET /Home/Ergebnisse--18.html HTTP/1.1" 200 24404 "http://www.sewahotel.com/it/risultati.html?pid=62&rid=11" "Mozilla/4.0 (compatible; MSIE 7.0; Windows NT 5.1; ADVPLUGIN|K114|04|S-733375609|dialno; .NET CLR 2.0.50727; .NET CLR 1.1.4322)"
85.18.14.39 - - [22/Nov/2007:14:23:25 +0000] "GET /Home/Ergebnisse--18.html HTTP/1.1" 200 24404 "http://www.sewahotel.com/it/risultati.html?pid=62&rid=11" "Mozilla/4.0 (compatible; MSIE 7.0; Windows NT 5.1; ADVPLUGIN|K114|04|S-733375609|dialno; .NET CLR 2.0.50727; .NET CLR 1.1.4322)"
85.18.14.39 - - [22/Nov/2007:14:23:25 +0000] "GET /Home/Ergebnisse--18.html HTTP/1.1" 200 24404 "http://www.sewahotel.com/it/risultati.html?pid=62&rid=11" "Mozilla/4.0 (compatible; MSIE 7.0; Windows NT 5.1; ADVPLUGIN|K114|04|S-733375609|dialno; .NET CLR 2.0.50727; .NET CLR 1.1.4322)"
85.18.14.39 - - [22/Nov/2007:14:23:25 +0000] "GET /Home/Ergebnisse--18.html HTTP/1.1" 200 24404 "http://www.sewahotel.com/it/risultati.html?pid=62&rid=11" "Mozilla/4.0 (compatible; MSIE 7.0; Windows NT 5.1; ADVPLUGIN|K114|04|S-733375609|dialno; .NET CLR 2.0.50727; .NET CLR 1.1.4322)"
85.18.14.39 - - [22/Nov/2007:14:23:26 +0000] "GET /Home/Ergebnisse--18.html HTTP/1.1" 200 24404 "http://www.sewahotel.com/it/risultati.html?pid=62&rid=11" "Mozilla/4.0 (compatible; MSIE 7.0; Windows NT 5.1; ADVPLUGIN|K114|04|S-733375609|dialno; .NET CLR 2.0.50727; .NET CLR 1.1.4322)"
85.18.14.39 - - [22/Nov/2007:14:23:26 +0000] "GET /Home/Ergebnisse--18.html HTTP/1.1" 200 24404 "http://www.sewahotel.com/it/risultati.html?pid=62&rid=11" "Mozilla/4.0 (compatible; MSIE 7.0; Windows NT 5.1; ADVPLUGIN|K114|04|S-733375609|dialno; .NET CLR 2.0.50727; .NET CLR 1.1.4322)"
81.208.106.71 - - [22/Nov/2007:14:23:26 +0000] "GET /Home/Details-hotel--105.html HTTP/1.1" 200 48641 "" "Mozilla/4.0 (compatible; MSIE 6.0; Windows NT 5.0)"
85.18.14.39 - - [22/Nov/2007:14:23:27 +0000] "GET /Home/Ergebnisse--18.html HTTP/1.1" 200 24404 "http://www.sewahotel.com/it/risultati.html?pid=62&rid=11" "Mozilla/4.0 (compatible; MSIE 7.0; Windows NT 5.1; ADVPLUGIN|K114|04|S-733375609|dialno; .NET CLR 2.0.50727; .NET CLR 1.1.4322)"
85.18.14.39 - - [22/Nov/2007:14:23:41 +0000] "GET /Home/Ergebnisse--18.html HTTP/1.1" 200 105127 "http://www.sewahotel.com/it/risultati.html?pid=62&rid=11" "Mozilla/4.0 (compatible; MSIE 7.0; Windows NT 5.1; ADVPLUGIN|K114|04|S-733375609|dialno; .NET CLR 2.0.50727; .NET CLR 1.1.4322)"
85.18.14.39 - - [22/Nov/2007:14:23:58 +0000] "GET /Home/Ergebnisse--18.html HTTP/1.1" 200 24404 "http://www.sewahotel.com/it/risultati.html?pid=62&rid=11" "Mozilla/4.0 (compatible; MSIE 7.0; Windows NT 5.1; ADVPLUGIN|K114|04|S-733375609|dialno; .NET CLR 2.0.50727; .NET CLR 1.1.4322)"
85.18.14.39 - - [22/Nov/2007:14:24:06 +0000] "GET /Home/Ergebnisse--18.html HTTP/1.1" 200 105127 "http://www.sewahotel.com/it/risultati.html?pid=62&rid=11" "Mozilla/4.0 (compatible; MSIE 7.0; Windows NT 5.1; ADVPLUGIN|K114|04|S-733375609|dialno; .NET CLR 2.0.50727; .NET CLR 1.1.4322)"
85.18.14.39 - - [22/Nov/2007:14:24:06 +0000] "GET /Home/Ergebnisse--18.html HTTP/1.1" 200 105127 "http://www.sewahotel.com/it/risultati.html?pid=62&rid=11" "Mozilla/4.0 (compatible; MSIE 7.0; Windows NT 5.1; ADVPLUGIN|K114|04|S-733375609|dialno; .NET CLR 2.0.50727; .NET CLR 1.1.4322)"
87.11.41.113 - - [22/Nov/2007:14:24:07 +0000] "GET /Home/Details-hotel--105.html HTTP/1.1" 200 42168 "" "Mozilla/4.0 (compatible; MSIE 7.0; Windows NT 5.1; .NET CLR 1.1.4322)"
89.48.170.6 - - [22/Nov/2007:14:24:25 +0000] "GET /Home/Details-flash--140.html HTTP/1.1" 200 49642 "" "Mozilla/4.0 (compatible; MSIE 6.0; Windows NT 5.1; SV1; .NET CLR 1.1.4322)"
87.11.41.113 - - [22/Nov/2007:14:24:30 +0000] "GET /Home/Details-hotel--105.html HTTP/1.1" 200 42168 "http://www.sewahotel.com/it/detagli-hotel.html?action=get_results&hotel_id=140&pid=6&rid=6&lang=it&from_day=24&from_month=11&from_year=2007&to_day=25&to_month=11&to_year=2007&to_year=2007&typ=4&verpflegung=hp&anzahl_erw=2&alterkind1=3&alterkind2=8&alterkind3=11" "Mozilla/4.0 (compatible; MSIE 7.0; Windows NT 5.1; .NET CLR 1.1.4322)"
66.249.72.104 - - [22/Nov/2007:14:24:46 +0000] "GET /Home/Events/Liste--46.html HTTP/1.1" 200 13883 "" "Mozilla/5.0 (compatible; Googlebot/2.1; +http://www.google.com/bot.html)"
62.101.0.91 - - [22/Nov/2007:14:25:09 +0000] "GET /Home/Details-flash--140.html HTTP/1.1" 200 55781 "" "Mozilla/4.0 (compatible; MSIE 6.0; Windows NT 5.1; .NET CLR 1.0.3705; .NET CLR 2.0.50727)"
89.48.170.6 - - [22/Nov/2007:14:25:31 +0000] "GET /Home/Details-flash--140.html HTTP/1.1" 200 49323 "" "Mozilla/4.0 (compatible; MSIE 6.0; Windows NT 5.1; SV1; .NET CLR 1.1.4322)"
81.208.106.71 - - [22/Nov/2007:14:25:45 +0000] "GET /Home/Details-hotel--105.html HTTP/1.1" 200 48627 "" "Mozilla/4.0 (compatible; MSIE 6.0; Windows NT 5.0)"
62.101.0.91 - - [22/Nov/2007:14:25:52 +0000] "GET /Home/Details--20.html HTTP/1.1" 200 56173 "http://www.sewahotel.com/it/detagli-flash.html?pid=11&rid=62&sid=1287&lang=it&hotel_id=122" "Mozilla/4.0 (compatible; MSIE 6.0; Windows NT 5.1; .NET CLR 1.0.3705; .NET CLR 2.0.50727)"
66.249.72.104 - - [22/Nov/2007:14:25:52 +0000] "GET /Home--1.html HTTP/1.1" 200 28547 "" "Mozilla/5.0 (compatible; Googlebot/2.1; +http://www.google.com/bot.html)"
81.208.106.71 - - [22/Nov/2007:14:25:57 +0000] "GET /Home/Details-hotel--105.html HTTP/1.1" 200 48627 "http://www.sewahotel.com/it/detagli-hotel.html?action=get_results&hotel_id=267&pid=6&rid=6&lang=it&from_day=29&from_month=12&from_year=2007&to_day=04&to_month=01&to_year=2008&to_year=2008&typ=4&verpflegung=hp&anzahl_erw=2&alterkind1=10&alterkind2=&alterkind3=" "Mozilla/4.0 (compatible; MSIE 6.0; Windows NT 5.0)"
62.101.0.91 - - [22/Nov/2007:14:26:08 +0000] "GET /Home/Details--20.html HTTP/1.1" 200 55956 "http://www.sewahotel.com/it/detagli.html?pid=11&rid=62?pid=11&rid=62&lang=it&hotel_id=122&det_action=pauschale_div" "Mozilla/4.0 (compatible; MSIE 6.0; Windows NT 5.1; .NET CLR 1.0.3705; .NET CLR 2.0.50727)"
85.18.14.39 - - [22/Nov/2007:14:26:38 +0000] "GET /Home/Events/Liste--46.html HTTP/1.1" 200 12469 "http://www.sewahotel.com/it/risultati.html?pid=62&rid=11" "Mozilla/4.0 (compatible; MSIE 7.0; Windows NT 5.1; ADVPLUGIN|K114|04|S-733375609|dialno; .NET CLR 2.0.50727; .NET CLR 1.1.4322)"
85.18.14.39 - - [22/Nov/2007:14:26:39 +0000] "GET /Home/Events/Liste--46.html HTTP/1.1" 200 10996 "" "Mozilla/4.0 (compatible; MSIE 7.0; Windows NT 5.1; ADVPLUGIN|K114|04|S-733375609|dialno; .NET CLR 2.0.50727; .NET CLR 1.1.4322)"
62.101.0.91 - - [22/Nov/2007:14:27:01 +0000] "GET /Home/Details--20.html HTTP/1.1" 200 56173 "http://www.sewahotel.com/it/detagli.html?pid=11&rid=62&lang=it&action=&sid=1288&hotel_id=122" "Mozilla/4.0 (compatible; MSIE 6.0; Windows NT 5.1; .NET CLR 1.0.3705; .NET CLR 2.0.50727)"
85.36.104.161 - - [22/Nov/2007:14:27:02 +0000] "GET /Home/Details--20.html HTTP/1.1" 200 44178 "" "Mozilla/4.0 (compatible; MSIE 6.0; Windows NT 5.1; SV1)"
62.101.0.91 - - [22/Nov/2007:14:27:11 +0000] "GET /Home/Finden___Buchen--2.html HTTP/1.1" 200 26964 "http://www.sewahotel.com/it/detagli.html?pid=11&rid=62?pid=11&rid=62&lang=it&hotel_id=122&det_action=pauschale_div" "Mozilla/4.0 (compatible; MSIE 6.0; Windows NT 5.1; .NET CLR 1.0.3705; .NET CLR 2.0.50727)"
66.249.72.104 - - [22/Nov/2007:14:27:30 +0000] "GET /Home/Details--20.html HTTP/1.1" 200 44916 "" "Mozilla/5.0 (compatible; Googlebot/2.1; +http://www.google.com/bot.html)"
