208.115.111.248 - - [23/Mar/2009:19:39:43 +0000] "GET /Home/Specials/Stadturlaub--108.html HTTP/1.1" 200 12763 "" "Mozilla/5.0 (compatible; DotBot/1.1; http://www.dotnetdotcom.org/, crawler@dotnetdotcom.org)"
90.128.43.158 - - [23/Mar/2009:19:39:48 +0000] "GET /Home/Details--20.html HTTP/1.1" 200 40096 "" "Mozilla/4.0 (compatible; MSIE 7.0; Windows NT 6.0; GTB5; SLCC1; .NET CLR 2.0.50727; Media Center PC 5.0; .NET CLR 3.0.04506; eSobiSubscriber 2.0.4.16)"
83.225.47.8 - - [23/Mar/2009:19:39:49 +0000] "GET /Home/Details--20.html HTTP/1.1" 200 44069 "" "Mozilla/5.0 (Macintosh; U; Intel Mac OS X 10_5_6; it-it) AppleWebKit/525.27.1 (KHTML, like Gecko) Version/3.2.1 Safari/525.27.1"
66.249.65.145 - - [23/Mar/2009:19:40:43 +0000] "GET /Home--1.html HTTP/1.1" 200 25348 "" "Mozilla/5.0 (compatible; Googlebot/2.1; +http://www.google.com/bot.html)"
82.135.68.92 - - [23/Mar/2009:19:40:49 +0000] "GET /Home/Details--20.html HTTP/1.1" 200 48129 "" "Mozilla/4.0 (compatible; MSIE 7.0; Windows NT 5.1; GTB5; .NET CLR 1.1.4322)"
66.249.65.145 - - [23/Mar/2009:19:41:17 +0000] "GET /Home/Details--20.html HTTP/1.1" 200 60364 "" "Mozilla/5.0 (compatible; Googlebot/2.1; +http://www.google.com/bot.html)"
82.135.68.92 - - [23/Mar/2009:19:42:12 +0000] "GET /Home/Specials--60.html HTTP/1.1" 200 13891 "http://www.sewahotel.com/de/details.html?pid=11&rid=62&lang=de&hotel_id=342" "Mozilla/4.0 (compatible; MSIE 7.0; Windows NT 5.1; GTB5; .NET CLR 1.1.4322)"
82.135.68.92 - - [23/Mar/2009:19:42:17 +0000] "GET /Home/Lastminute--63.html HTTP/1.1" 200 25165 "http://www.sewahotel.com/de/specials.html?pid=11&rid=62" "Mozilla/4.0 (compatible; MSIE 7.0; Windows NT 5.1; GTB5; .NET CLR 1.1.4322)"
84.73.11.244 - - [23/Mar/2009:19:42:37 +0000] "GET /Home/Buchen--19.html HTTP/1.1" 200 24109 "" "Mozilla/4.0 (compatible; MSIE 8.0; Windows NT 5.1; Trident/4.0; .NET CLR 2.0.50727; .NET CLR 3.0.4506.2152; .NET CLR 3.5.30729)"
66.249.65.145 - - [23/Mar/2009:19:42:38 +0000] "GET /Home/Details--20.html HTTP/1.1" 200 40058 "" "Mozilla/5.0 (compatible; Googlebot/2.1; +http://www.google.com/bot.html)"
84.73.11.244 - - [23/Mar/2009:19:42:47 +0000] "GET /Home/Finden___Buchen--2.html HTTP/1.1" 200 33086 "http://www.sewahotel.com/de/buchen.html?pid=11&rid=62" "Mozilla/4.0 (compatible; MSIE 8.0; Windows NT 5.1; Trident/4.0; .NET CLR 2.0.50727; .NET CLR 3.0.4506.2152; .NET CLR 3.5.30729)"
85.0.214.252 - - [23/Mar/2009:19:42:48 +0000] "GET /Home/Details--20.html HTTP/1.1" 200 42902 "http://www.meinsuedtirol.com/Hotel-Adler-Morter-Latsch-.1307.0.0.1240.0.html" "Mozilla/5.0 (Windows; U; Windows NT 5.1; de; rv:1.9.0.7) Gecko/2009021910 Firefox/3.0.7"
85.0.214.252 - - [23/Mar/2009:19:43:00 +0000] "GET /Home/Details--20.html HTTP/1.1" 200 42902 "http://www.meinsuedtirol.com/Hotel-Adler-Morter-Latsch-.1307.0.0.1240.0.html" "Mozilla/5.0 (Windows; U; Windows NT 5.1; de; rv:1.9.0.7) Gecko/2009021910 Firefox/3.0.7"
67.195.37.170 - - [23/Mar/2009:19:43:06 +0000] "GET /Home/Details--20.html HTTP/1.1" 200 48861 "" "Mozilla/5.0 (compatible; Yahoo! Slurp/3.0; http://help.yahoo.com/help/us/ysearch/slurp)"
84.73.11.244 - - [23/Mar/2009:19:43:11 +0000] "GET /Home/Ergebnisse--18.html HTTP/1.1" 200 106486 "http://www.sewahotel.com/de/finden-buchen.html?pid=11&rid=62" "Mozilla/4.0 (compatible; MSIE 8.0; Windows NT 5.1; Trident/4.0; .NET CLR 2.0.50727; .NET CLR 3.0.4506.2152; .NET CLR 3.5.30729)"
84.73.11.244 - - [23/Mar/2009:19:43:35 +0000] "GET /Home/Details--20.html HTTP/1.1" 200 68541 "http://www.sewahotel.com/de/ergebnisse.html?pid=11&rid=62" "Mozilla/4.0 (compatible; MSIE 8.0; Windows NT 5.1; Trident/4.0; .NET CLR 2.0.50727; .NET CLR 3.0.4506.2152; .NET CLR 3.5.30729)"
66.249.65.145 - - [23/Mar/2009:19:43:45 +0000] "GET /Home/Details--20.html HTTP/1.1" 200 41946 "" "Mozilla/5.0 (compatible; Googlebot/2.1; +http://www.google.com/bot.html)"
66.249.65.145 - - [23/Mar/2009:19:43:47 +0000] "GET /Home/Reisef__hrer_S__d.../Martell--81.html HTTP/1.1" 200 24190 "" "Mozilla/5.0 (compatible; Googlebot/2.1; +http://www.google.com/bot.html)"
85.0.214.252 - - [23/Mar/2009:19:44:02 +0000] "GET /Home/Anfrage--112.html HTTP/1.1" 200 17681 "http://www.sewahotel.com/de/details.html?pid=11&rid=62&lang=de&hotel_id=364" "Mozilla/5.0 (Windows; U; Windows NT 5.1; de; rv:1.9.0.7) Gecko/2009021910 Firefox/3.0.7"
66.249.65.145 - - [23/Mar/2009:19:44:34 +0000] "GET /Home--1.html HTTP/1.1" 200 25373 "" "Mozilla/5.0 (compatible; Googlebot/2.1; +http://www.google.com/bot.html)"
67.195.37.170 - - [23/Mar/2009:19:44:43 +0000] "GET /Home/Reisef__hrer_S__dtirol--80.html HTTP/1.1" 200 21795 "" "Mozilla/5.0 (compatible; Yahoo! Slurp; http://help.yahoo.com/help/us/ysearch/slurp)"
67.195.37.170 - - [23/Mar/2009:19:44:52 +0000] "GET /Home/Finden___Buchen--2.html HTTP/1.1" 200 33753 "" "Mozilla/5.0 (compatible; Yahoo! Slurp; http://help.yahoo.com/help/us/ysearch/slurp)"
83.233.30.104 - - [23/Mar/2009:19:45:26 +0000] "GET /Home/Details-hotel--105.html HTTP/1.1" 200 45246 "http://www.sewahotel.com/de/details-hotel.html" "Mozilla/4.0 (compatible; MSIE 6.0; Windows NT 5.1; SV1; .NET CLR 1.1.4322)"
194.8.75.103 - - [23/Mar/2009:19:45:29 +0000] "GET /Home/Buchen--19.html HTTP/1.1" 200 23985 "http://www.sewahotel.com/de/buchen.html?pid=0&rid=0" "Mozilla/4.0 (compatible; MSIE 5.5; Windows NT 5.0)"
194.8.75.103 - - [23/Mar/2009:19:45:30 +0000] "GET /Home/Best__tigung--64.html HTTP/1.1" 200 22948 "http://www.sewahotel.com/de/buchen.html?pid=0&rid=0" "Mozilla/4.0 (compatible; MSIE 5.5; Windows NT 5.0)"
72.30.65.29 - - [23/Mar/2009:19:45:34 +0000] "GET /Home/Events/Liste--46.html HTTP/1.1" 200 4246 "" "Mozilla/5.0 (compatible; Yahoo! Slurp/3.0; http://help.yahoo.com/help/us/ysearch/slurp)"
66.249.65.145 - - [23/Mar/2009:19:46:01 +0000] "GET /Home/Specials--60.html HTTP/1.1" 200 55440 "" "Mozilla/5.0 (compatible; Googlebot/2.1; +http://www.google.com/bot.html)"
66.249.65.145 - - [23/Mar/2009:19:46:02 +0000] "GET /Home/Anfrage--112.html HTTP/1.1" 200 17681 "" "Mozilla/5.0 (compatible; Googlebot/2.1; +http://www.google.com/bot.html)"
66.249.65.145 - - [23/Mar/2009:19:46:03 +0000] "GET /Home/F__r_Hotels--75.html HTTP/1.1" 200 16483 "" "Mozilla/5.0 (compatible; Googlebot/2.1; +http://www.google.com/bot.html)"
66.249.65.145 - - [23/Mar/2009:19:46:04 +0000] "GET /Home/Details--20.html HTTP/1.1" 200 49237 "" "Mozilla/5.0 (compatible; Googlebot/2.1; +http://www.google.com/bot.html)"
66.249.65.145 - - [23/Mar/2009:19:46:05 +0000] "GET /Home/Lastminute--63.html HTTP/1.1" 200 23396 "" "Mozilla/5.0 (compatible; Googlebot/2.1; +http://www.google.com/bot.html)"
66.249.65.145 - - [23/Mar/2009:19:46:06 +0000] "GET /Home/Wetter/Aktuelles_Wetter--44.html HTTP/1.1" 200 12182 "" "Mozilla/5.0 (compatible; Googlebot/2.1; +http://www.google.com/bot.html)"
66.249.65.145 - - [23/Mar/2009:19:46:06 +0000] "GET /Home/Unsere_Hotels--7.html HTTP/1.1" 200 17933 "" "Mozilla/5.0 (compatible; Googlebot/2.1; +http://www.google.com/bot.html)"
66.249.65.145 - - [23/Mar/2009:19:46:07 +0000] "GET /Home/Reisef__hrer_S__dtirol--80.html HTTP/1.1" 200 17721 "" "Mozilla/5.0 (compatible; Googlebot/2.1; +http://www.google.com/bot.html)"
66.249.65.145 - - [23/Mar/2009:19:46:08 +0000] "GET /Home/Specials/Wanderurlaub--106.html HTTP/1.1" 200 41767 "" "Mozilla/5.0 (compatible; Googlebot/2.1; +http://www.google.com/bot.html)"
66.249.65.145 - - [23/Mar/2009:19:46:09 +0000] "GET /Home/Specials--60.html HTTP/1.1" 200 15315 "" "Mozilla/5.0 (compatible; Googlebot/2.1; +http://www.google.com/bot.html)"
66.249.65.145 - - [23/Mar/2009:19:46:10 +0000] "GET /Home/Specials/Skiurlaub--110.html HTTP/1.1" 200 34238 "" "Mozilla/5.0 (compatible; Googlebot/2.1; +http://www.google.com/bot.html)"
66.249.65.145 - - [23/Mar/2009:19:46:10 +0000] "GET /Home/__ber_uns--65.html HTTP/1.1" 200 12832 "" "Mozilla/5.0 (compatible; Googlebot/2.1; +http://www.google.com/bot.html)"
67.195.37.170 - - [23/Mar/2009:19:46:11 +0000] "GET /Home/F__r_Hotels--75.html HTTP/1.1" 200 16354 "" "Mozilla/5.0 (compatible; Yahoo! Slurp; http://help.yahoo.com/help/us/ysearch/slurp)"
66.249.65.145 - - [23/Mar/2009:19:46:11 +0000] "GET /Home/Finden___Buchen--2.html HTTP/1.1" 200 33942 "" "Mozilla/5.0 (compatible; Googlebot/2.1; +http://www.google.com/bot.html)"
66.249.65.145 - - [23/Mar/2009:19:46:24 +0000] "GET /Home/Wetter/Aktuelles_Wetter--44.html HTTP/1.1" 200 12182 "" "Mozilla/5.0 (compatible; Googlebot/2.1; +http://www.google.com/bot.html)"
194.8.75.175 - - [23/Mar/2009:19:46:25 +0000] "GET /Home/Buchen--19.html HTTP/1.1" 200 23985 "http://www.sewahotel.com/de/buchen.html?pid=0&rid=0" "Mozilla/5.0 (Windows; U; Win 9x 4.90) Gecko/20020502 CS 2000 7.0/7.0"
66.249.65.145 - - [23/Mar/2009:19:46:25 +0000] "GET /Home/Specials--60.html HTTP/1.1" 200 50223 "" "Mozilla/5.0 (compatible; Googlebot/2.1; +http://www.google.com/bot.html)"
194.8.75.175 - - [23/Mar/2009:19:46:27 +0000] "GET /Home/Best__tigung--64.html HTTP/1.1" 200 23393 "http://www.sewahotel.com/de/buchen.html?pid=0&rid=0" "Mozilla/5.0 (Windows; U; Win 9x 4.90) Gecko/20020502 CS 2000 7.0/7.0"
85.0.214.252 - - [23/Mar/2009:19:46:29 +0000] "GET /Home/Anfrage/Danke--113.html HTTP/1.1" 200 10492 "http://www.sewahotel.com/de/anfrage.html?pid=11&rid=62" "Mozilla/5.0 (Windows; U; Windows NT 5.1; de; rv:1.9.0.7) Gecko/2009021910 Firefox/3.0.7"
66.249.65.145 - - [23/Mar/2009:19:46:29 +0000] "GET /Home/Details--20.html HTTP/1.1" 200 40106 "" "Mozilla/5.0 (compatible; Googlebot/2.1; +http://www.google.com/bot.html)"
66.249.65.145 - - [23/Mar/2009:19:48:02 +0000] "GET /Home/Wetter/Bergwetter--42.html HTTP/1.1" 200 10249 "" "Mozilla/5.0 (compatible; Googlebot/2.1; +http://www.google.com/bot.html)"
65.55.105.208 - - [23/Mar/2009:19:48:09 +0000] "GET /Home/Lastminute--63.html HTTP/1.1" 200 27290 "" "msnbot/1.1 (+http://search.msn.com/msnbot.htm)"
66.249.65.145 - - [23/Mar/2009:19:48:25 +0000] "GET /Home/Lastminute--63.html HTTP/1.1" 200 35113 "" "Mozilla/5.0 (compatible; Googlebot/2.1; +http://www.google.com/bot.html)"
66.249.65.145 - - [23/Mar/2009:19:49:03 +0000] "GET /Home/Unsere_Hotels--7.html HTTP/1.1" 200 17446 "" "Mozilla/5.0 (compatible; Googlebot/2.1; +http://www.google.com/bot.html)"
194.8.75.44 - - [23/Mar/2009:19:49:20 +0000] "GET /Home/Buchen--19.html HTTP/1.1" 200 23985 "" "Mozilla/4.0 (compatible; MSIE 5.01; Windows 95; MSIECrawler)"
194.8.75.44 - - [23/Mar/2009:19:49:21 +0000] "GET /Home/Best__tigung--64.html HTTP/1.1" 200 19619 "http://www.sewahotel.com/de/buchen.html?pid=0&rid=0" "Mozilla/4.0 (compatible; MSIE 5.01; Windows 95; MSIECrawler)"
65.55.105.207 - - [23/Mar/2009:19:49:56 +0000] "GET /Home/Specials--60.html HTTP/1.1" 200 48765 "" "msnbot/1.1 (+http://search.msn.com/msnbot.htm)"
72.30.65.29 - - [23/Mar/2009:19:51:22 +0000] "GET /Home/Lastminute--63.html HTTP/1.1" 200 31126 "" "Mozilla/5.0 (compatible; Yahoo! Slurp/3.0; http://help.yahoo.com/help/us/ysearch/slurp)"
65.55.105.206 - - [23/Mar/2009:19:51:40 +0000] "GET /Home/Finden___Buchen--2.html HTTP/1.1" 200 33753 "" "msnbot/1.1 (+http://search.msn.com/msnbot.htm)"
66.249.65.145 - - [23/Mar/2009:19:51:43 +0000] "GET /Home/Details--20.html HTTP/1.1" 200 47405 "" "Mozilla/5.0 (compatible; Googlebot/2.1; +http://www.google.com/bot.html)"
66.249.65.145 - - [23/Mar/2009:19:52:16 +0000] "GET /Home--1.html HTTP/1.1" 200 25304 "" "Mozilla/5.0 (compatible; Googlebot/2.1; +http://www.google.com/bot.html)"
84.179.78.67 - - [23/Mar/2009:19:54:05 +0000] "GET /Home--1.html HTTP/1.1" 200 25304 "" "Mozilla/5.0 (Windows; U; Windows NT 5.1; de; rv:1.9.0.4) Gecko/2008102920 Firefox/3.0.4"
84.179.78.67 - - [23/Mar/2009:19:54:06 +0000] "GET /Home--1.html HTTP/1.1" 200 25304 "" "Mozilla/5.0 (Windows; U; Windows NT 5.1; de; rv:1.9.0.4) Gecko/2008102920 Firefox/3.0.4"
66.249.65.145 - - [23/Mar/2009:19:54:22 +0000] "GET /Home/Details--20.html HTTP/1.1" 200 37555 "" "Mozilla/5.0 (compatible; Googlebot/2.1; +http://www.google.com/bot.html)"
67.195.37.170 - - [23/Mar/2009:19:54:26 +0000] "GET /Home--1.html HTTP/1.1" 200 25304 "" "Mozilla/5.0 (compatible; Yahoo! Slurp/3.0; http://help.yahoo.com/help/us/ysearch/slurp)"
194.8.75.214 - - [23/Mar/2009:19:57:24 +0000] "GET /Home/Buchen--19.html HTTP/1.1" 200 23985 "" "Mozilla/4.0 (compatible; MSIE 6.0; Windows NT) ::ELNSB50::000061100320025802a00111000000000507000900000000"
194.8.75.214 - - [23/Mar/2009:19:57:25 +0000] "GET /Home/Best__tigung--64.html HTTP/1.1" 200 18846 "http://www.sewahotel.com/de/buchen.html?pid=0&rid=0" "Mozilla/4.0 (compatible; MSIE 6.0; Windows NT) ::ELNSB50::000061100320025802a00111000000000507000900000000"
66.249.65.145 - - [23/Mar/2009:19:58:22 +0000] "GET /Home/Specials--60.html HTTP/1.1" 200 50918 "" "Mozilla/5.0 (compatible; Googlebot/2.1; +http://www.google.com/bot.html)"
87.13.90.219 - - [23/Mar/2009:19:58:59 +0000] "GET /Home/Details--20.html HTTP/1.1" 200 41198 "" "Mozilla/4.0 (compatible; MSIE 7.0; Windows NT 5.1; GTB5; .NET CLR 1.0.3705; .NET CLR 1.1.4322; Media Center PC 4.0)"
87.13.90.219 - - [23/Mar/2009:19:59:23 +0000] "GET /Home--1.html HTTP/1.1" 200 25210 "http://www.sewahotel.com/de/details.html?pid=11&rid=62&lang=de&hotel_id=309" "Mozilla/4.0 (compatible; MSIE 7.0; Windows NT 5.1; GTB5; .NET CLR 1.0.3705; .NET CLR 1.1.4322; Media Center PC 4.0)"
66.249.65.145 - - [23/Mar/2009:19:59:42 +0000] "GET /Home/Details--20.html HTTP/1.1" 200 45977 "" "Mozilla/5.0 (compatible; Googlebot/2.1; +http://www.google.com/bot.html)"
65.55.110.83 - - [23/Mar/2009:20:00:15 +0000] "GET /Home--1.html HTTP/1.1" 200 24603 "http://search.live.com/results.aspx?q=hotels" "Mozilla/4.0 (compatible; MSIE 6.0; Windows NT 5.2; SV1; .NET CLR 1.1.4322)"
65.55.109.140 - - [23/Mar/2009:20:00:18 +0000] "GET /Home/Unsere_Hotels/Eisacktal--56.html HTTP/1.1" 200 29501 "http://search.live.com/results.aspx?q=valley" "Mozilla/4.0 (compatible; MSIE 6.0; Windows NT 5.2; SV1; .NET CLR 1.1.4322)"
91.207.5.74 - - [23/Mar/2009:20:01:05 +0000] "GET /Home/Details-hotel--105.html HTTP/1.1" 200 45249 "http://www.sewahotel.com/de/details-hotel.html" "Mozilla/4.0 (compatible; MSIE 6.0; Windows NT 5.1; SV1; .NET CLR 1.1.4322)"
194.8.74.11 - - [23/Mar/2009:20:01:28 +0000] "GET /Home/Buchen--19.html HTTP/1.1" 200 23985 "" "Mozilla/4.0 (compatible; MSIE 6.0; Windows NT 5.1; SV1; FunWebProducts)"
194.8.74.11 - - [23/Mar/2009:20:01:31 +0000] "GET /Home/Best__tigung--64.html HTTP/1.1" 200 27481 "http://www.sewahotel.com/de/buchen.html?pid=0&rid=0" "Mozilla/4.0 (compatible; MSIE 6.0; Windows NT 5.1; SV1; FunWebProducts)"
66.249.65.145 - - [23/Mar/2009:20:01:53 +0000] "GET /Home--1.html HTTP/1.1" 200 25348 "" "Mozilla/5.0 (compatible; Googlebot/2.1; +http://www.google.com/bot.html)"
66.249.65.145 - - [23/Mar/2009:20:02:20 +0000] "GET /Home/Details--20.html HTTP/1.1" 200 54662 "" "Mozilla/5.0 (compatible; Googlebot/2.1; +http://www.google.com/bot.html)"
87.13.90.219 - - [23/Mar/2009:20:02:49 +0000] "GET /Home/Unsere_Hotels--7.html HTTP/1.1" 200 13773 "http://www.sewahotel.com/it.html?pid=11&rid=62" "Mozilla/4.0 (compatible; MSIE 7.0; Windows NT 5.1; GTB5; .NET CLR 1.0.3705; .NET CLR 1.1.4322; Media Center PC 4.0)"
194.8.75.44 - - [23/Mar/2009:20:03:07 +0000] "GET /Home/Buchen--19.html HTTP/1.1" 200 23985 "" "Mozilla/4.0 (compatible; MSIE 6.0; Windows NT 5.1; SV1; MRA 4.6 (build 01425); MRSPUTNIK 1, 5, 0, 19 SW)"
194.8.75.44 - - [23/Mar/2009:20:03:08 +0000] "GET /Home/Best__tigung--64.html HTTP/1.1" 200 20011 "http://www.sewahotel.com/de/buchen.html?pid=0&rid=0" "Mozilla/4.0 (compatible; MSIE 6.0; Windows NT 5.1; SV1; MRA 4.6 (build 01425); MRSPUTNIK 1, 5, 0, 19 SW)"
194.8.75.239 - - [23/Mar/2009:20:03:38 +0000] "GET /Home/Buchen--19.html HTTP/1.1" 200 23985 "" "Mozilla/4.0 (compatible; MSIE 6.0; Windows NT 5.1; SV1; .NET CLR 1.1.4322) Babya Discoverer 8.0:"
194.8.75.239 - - [23/Mar/2009:20:03:38 +0000] "GET /Home/Best__tigung--64.html HTTP/1.1" 200 19166 "http://www.sewahotel.com/de/buchen.html?pid=0&rid=0" "Mozilla/4.0 (compatible; MSIE 6.0; Windows NT 5.1; SV1; .NET CLR 1.1.4322) Babya Discoverer 8.0:"
87.13.90.219 - - [23/Mar/2009:20:03:55 +0000] "GET /Home/Unsere_Hotels/Meraner_Land--51.html HTTP/1.1" 200 74887 "http://www.sewahotel.com/it/i-nostri-hotel.html?pid=11&rid=62" "Mozilla/4.0 (compatible; MSIE 7.0; Windows NT 5.1; GTB5; .NET CLR 1.0.3705; .NET CLR 1.1.4322; Media Center PC 4.0)"
65.55.105.206 - - [23/Mar/2009:20:04:13 +0000] "GET /Home/Finden___Buchen--2.html HTTP/1.1" 200 31677 "" "msnbot/1.1 (+http://search.msn.com/msnbot.htm)"
83.233.30.104 - - [23/Mar/2009:20:04:30 +0000] "GET /Home/Details-hotel--105.html HTTP/1.1" 200 45249 "http://www.sewahotel.com/de/details-hotel.html" "Mozilla/4.0 (compatible; MSIE 6.0; Windows NT 5.1; SV1; .NET CLR 1.1.4322)"
87.13.90.219 - - [23/Mar/2009:20:04:49 +0000] "GET /Home/Details--20.html HTTP/1.1" 200 41664 "http://www.sewahotel.com/it/i-nostri-hotel/merano-e-dintorni.html?pid=11&rid=62" "Mozilla/4.0 (compatible; MSIE 7.0; Windows NT 5.1; GTB5; .NET CLR 1.0.3705; .NET CLR 1.1.4322; Media Center PC 4.0)"
66.249.65.145 - - [23/Mar/2009:20:05:01 +0000] "GET /Home/Details--20.html HTTP/1.1" 200 42346 "" "Mozilla/5.0 (compatible; Googlebot/2.1; +http://www.google.com/bot.html)"
77.119.120.234 - - [23/Mar/2009:20:06:15 +0000] "GET /Home/Ergebnisse-hotel--102.html HTTP/1.1" 200 41213 "http://www.suedtirol-information.com/System/getstuff.php?pid=109&rid=1&action=startseite_teaser3&lang=de&css1=www.suedtirol-information.com/suche_startseite/rosa.css" "Mozilla/5.0 (Windows; U; Windows NT 5.1; de; rv:1.9.0.7) Gecko/2009021910 Firefox/3.0.7"
66.249.65.145 - - [23/Mar/2009:20:07:41 +0000] "GET /Home--1.html HTTP/1.1" 200 25353 "" "Mozilla/5.0 (compatible; Googlebot/2.1; +http://www.google.com/bot.html)"
67.195.37.170 - - [23/Mar/2009:20:08:03 +0000] "GET /Home/Details--20.html HTTP/1.1" 200 46993 "" "Mozilla/5.0 (compatible; Yahoo! Slurp/3.0; http://help.yahoo.com/help/us/ysearch/slurp)"
194.8.75.175 - - [23/Mar/2009:20:08:18 +0000] "GET /Home/Buchen--19.html HTTP/1.1" 200 23985 "http://www.sewahotel.com/de/buchen.html?pid=0&rid=0" "Mozilla/4.0 (compatible; MSIE 6.0; Windows NT 5.1; SV1; .NET CLR 1.1.4322)"
194.8.75.175 - - [23/Mar/2009:20:08:19 +0000] "GET /Home/Best__tigung--64.html HTTP/1.1" 200 23969 "http://www.sewahotel.com/de/buchen.html?pid=0&rid=0" "Mozilla/4.0 (compatible; MSIE 6.0; Windows NT 5.1; SV1; .NET CLR 1.1.4322)"
194.8.75.103 - - [23/Mar/2009:20:08:34 +0000] "GET /Home/Buchen--19.html HTTP/1.1" 200 23985 "http://www.sewahotel.com/de/buchen.html?pid=0&rid=0" "Mozilla/4.0 (compatible; MSIE 6.0; Windows NT 5.1; MRA 4.3 (build 01218); .NET CLR 1.1.4322)"
194.8.75.103 - - [23/Mar/2009:20:08:38 +0000] "GET /Home/Best__tigung--64.html HTTP/1.1" 200 23709 "http://www.sewahotel.com/de/buchen.html?pid=0&rid=0" "Mozilla/4.0 (compatible; MSIE 6.0; Windows NT 5.1; MRA 4.3 (build 01218); .NET CLR 1.1.4322)"
93.146.213.198 - - [23/Mar/2009:20:08:55 +0000] "GET /Home/Details--20.html HTTP/1.1" 200 40490 "" "Mozilla/4.0 (compatible; MSIE 7.0; Windows NT 5.1; InfoPath.1)"
93.146.213.198 - - [23/Mar/2009:20:09:12 +0000] "GET /Home--1.html HTTP/1.1" 200 25210 "http://www.sewahotel.com/de/details.html?pid=11&rid=62&lang=de&hotel_id=201" "Mozilla/4.0 (compatible; MSIE 7.0; Windows NT 5.1; InfoPath.1)"
66.249.65.145 - - [23/Mar/2009:20:09:35 +0000] "GET /Home/Lastminute--63.html HTTP/1.1" 200 32125 "" "Mozilla/5.0 (compatible; Googlebot/2.1; +http://www.google.com/bot.html)"
194.8.75.212 - - [23/Mar/2009:20:09:50 +0000] "GET /Home/Buchen--19.html HTTP/1.1" 200 23985 "" "Mozilla/4.0 (compatible; MSIE 6.0; Windows NT 5.1; SV1; InfoPath.1)"
194.8.75.212 - - [23/Mar/2009:20:09:52 +0000] "GET /Home/Best__tigung--64.html HTTP/1.1" 200 19166 "http://www.sewahotel.com/de/buchen.html?pid=0&rid=0" "Mozilla/4.0 (compatible; MSIE 6.0; Windows NT 5.1; SV1; InfoPath.1)"
65.55.105.207 - - [23/Mar/2009:20:10:03 +0000] "GET /Home/Wetter/Aktuelles_Wetter--44.html HTTP/1.1" 200 12182 "" "msnbot/1.1 (+http://search.msn.com/msnbot.htm)"
66.249.65.145 - - [23/Mar/2009:20:10:19 +0000] "GET /Home/Details--20.html HTTP/1.1" 200 42346 "" "Mozilla/5.0 (compatible; Googlebot/2.1; +http://www.google.com/bot.html)"
72.30.65.29 - - [23/Mar/2009:20:11:02 +0000] "GET /Home/Details--20.html HTTP/1.1" 200 43025 "" "Mozilla/5.0 (compatible; Yahoo! Slurp/3.0; http://help.yahoo.com/help/us/ysearch/slurp)"
66.249.65.145 - - [23/Mar/2009:20:11:31 +0000] "GET /Home/Details--20.html HTTP/1.1" 200 40141 "" "Mozilla/5.0 (compatible; Googlebot/2.1; +http://www.google.com/bot.html)"
67.195.37.170 - - [23/Mar/2009:20:12:06 +0000] "GET /Home/Lastminute--63.html HTTP/1.1" 200 20115 "" "Mozilla/5.0 (compatible; Yahoo! Slurp; http://help.yahoo.com/help/us/ysearch/slurp)"
66.249.65.145 - - [23/Mar/2009:20:13:26 +0000] "GET /Home--1.html HTTP/1.1" 200 25304 "" "Mozilla/5.0 (compatible; Googlebot/2.1; +http://www.google.com/bot.html)"
79.211.250.50 - - [23/Mar/2009:20:14:50 +0000] "GET /Home/Details--20.html HTTP/1.1" 200 39152 "" "Mozilla/4.0 (compatible; MSIE 6.0; Windows 98; Win 9x 4.90; .NET CLR 1.1.4322)"
66.249.65.145 - - [23/Mar/2009:20:15:22 +0000] "GET /Home/Unsere_Hotels/__sterreich--79.html HTTP/1.1" 200 15306 "" "Mozilla/5.0 (compatible; Googlebot/2.1; +http://www.google.com/bot.html)"
66.249.65.145 - - [23/Mar/2009:20:15:38 +0000] "GET /Home/Specials/Stadturlaub--108.html HTTP/1.1" 200 12657 "" "Mozilla/5.0 (compatible; Googlebot/2.1; +http://www.google.com/bot.html)"
87.0.110.83 - - [23/Mar/2009:20:15:47 +0000] "GET /Home/Details--20.html HTTP/1.1" 200 44548 "" "Mozilla/4.0 (compatible; MSIE 7.0; Windows NT 5.1; ROLKIT7; .NET CLR 1.1.4322)"
72.30.65.29 - - [23/Mar/2009:20:16:13 +0000] "GET /Home--1.html HTTP/1.1" 200 24474 "" "Mozilla/5.0 (compatible; Yahoo! Slurp/3.0; http://help.yahoo.com/help/us/ysearch/slurp)"
66.249.65.145 - - [23/Mar/2009:20:16:43 +0000] "GET /Home/Details--20.html HTTP/1.1" 200 48374 "" "Mozilla/5.0 (compatible; Googlebot/2.1; +http://www.google.com/bot.html)"
66.249.65.145 - - [23/Mar/2009:20:16:44 +0000] "GET /Home/Specials--60.html HTTP/1.1" 200 51534 "" "Mozilla/5.0 (compatible; Googlebot/2.1; +http://www.google.com/bot.html)"
66.249.65.145 - - [23/Mar/2009:20:16:45 +0000] "GET /Home/Specials/Wellnessurlaub--100.html HTTP/1.1" 200 55948 "" "Mozilla/5.0 (compatible; Googlebot/2.1; +http://www.google.com/bot.html)"
66.249.65.145 - - [23/Mar/2009:20:16:46 +0000] "GET /Home/Lastminute--63.html HTTP/1.1" 200 31920 "" "Mozilla/5.0 (compatible; Googlebot/2.1; +http://www.google.com/bot.html)"
66.249.65.145 - - [23/Mar/2009:20:16:47 +0000] "GET /Home/Specials--60.html HTTP/1.1" 200 53166 "" "Mozilla/5.0 (compatible; Googlebot/2.1; +http://www.google.com/bot.html)"
66.249.65.145 - - [23/Mar/2009:20:16:48 +0000] "GET /Home/Specials--60.html HTTP/1.1" 200 54477 "" "Mozilla/5.0 (compatible; Googlebot/2.1; +http://www.google.com/bot.html)"
66.249.65.145 - - [23/Mar/2009:20:16:50 +0000] "GET /Home/Details--20.html HTTP/1.1" 200 51181 "" "Mozilla/5.0 (compatible; Googlebot/2.1; +http://www.google.com/bot.html)"
66.249.65.145 - - [23/Mar/2009:20:16:51 +0000] "GET /Home/Specials/Lastminuteurlaub--111.html HTTP/1.1" 200 17477 "" "Mozilla/5.0 (compatible; Googlebot/2.1; +http://www.google.com/bot.html)"
66.249.65.145 - - [23/Mar/2009:20:16:52 +0000] "GET /Home/Specials--60.html HTTP/1.1" 200 53861 "" "Mozilla/5.0 (compatible; Googlebot/2.1; +http://www.google.com/bot.html)"
66.249.65.145 - - [23/Mar/2009:20:16:54 +0000] "GET /Home/Specials/Golfurlaub--107.html HTTP/1.1" 200 12251 "" "Mozilla/5.0 (compatible; Googlebot/2.1; +http://www.google.com/bot.html)"
66.249.65.145 - - [23/Mar/2009:20:16:55 +0000] "GET /Home/Specials/Stadturlaub--108.html HTTP/1.1" 200 13052 "" "Mozilla/5.0 (compatible; Googlebot/2.1; +http://www.google.com/bot.html)"
66.249.65.145 - - [23/Mar/2009:20:16:56 +0000] "GET /Home/Specials--60.html HTTP/1.1" 200 52497 "" "Mozilla/5.0 (compatible; Googlebot/2.1; +http://www.google.com/bot.html)"
66.249.65.145 - - [23/Mar/2009:20:16:57 +0000] "GET /Home/Specials/Motorradurlaub--141.html HTTP/1.1" 200 15386 "" "Mozilla/5.0 (compatible; Googlebot/2.1; +http://www.google.com/bot.html)"
66.249.65.145 - - [23/Mar/2009:20:16:59 +0000] "GET /Home/Specials/Familienurlaub--109.html HTTP/1.1" 200 27064 "" "Mozilla/5.0 (compatible; Googlebot/2.1; +http://www.google.com/bot.html)"
87.0.110.83 - - [23/Mar/2009:20:17:08 +0000] "GET /Home/F__r_Hotels--75.html HTTP/1.1" 200 16907 "http://www.sewahotel.com/de/details.html?pid=11&rid=62&lang=de&hotel_id=317" "Mozilla/4.0 (compatible; MSIE 7.0; Windows NT 5.1; ROLKIT7; .NET CLR 1.1.4322)"
72.30.65.29 - - [23/Mar/2009:20:17:48 +0000] "GET /Home/Details--20.html HTTP/1.1" 200 54287 "" "Mozilla/5.0 (compatible; Yahoo! Slurp/3.0; http://help.yahoo.com/help/us/ysearch/slurp)" 66.249.65.14