88.131.106.15 - - [23/Mar/2009:18:26:23 +0000] "GET /Home/Map/Meraner_Land--131.html HTTP/1.1" 200 5099 "" "Speedy Spider (http://www.entireweb.com/about/search_tech/speedy_spider/)"
67.195.37.170 - - [23/Mar/2009:18:27:32 +0000] "GET /Home/Details--20.html HTTP/1.1" 200 42742 "" "Mozilla/5.0 (compatible; Yahoo! Slurp; http://help.yahoo.com/help/us/ysearch/slurp)"
66.249.65.145 - - [23/Mar/2009:18:27:33 +0000] "GET /Home/Lastminute--63.html HTTP/1.1" 200 31825 "" "Mozilla/5.0 (compatible; Googlebot/2.1; +http://www.google.com/bot.html)"
194.8.75.103 - - [23/Mar/2009:18:28:37 +0000] "GET /Home/Buchen--19.html HTTP/1.1" 200 23985 "http://www.sewahotel.com/de/buchen.html?pid=0&rid=0" "Mozilla/4.0 (compatible; MSIE 6.0; AOL 9.0; Windows NT 5.1)"
194.8.75.103 - - [23/Mar/2009:18:28:39 +0000] "GET /Home/Best__tigung--64.html HTTP/1.1" 200 22999 "http://www.sewahotel.com/de/buchen.html?pid=0&rid=0" "Mozilla/4.0 (compatible; MSIE 6.0; AOL 9.0; Windows NT 5.1)"
66.249.65.145 - - [23/Mar/2009:18:29:54 +0000] "GET /Home/Details--20.html HTTP/1.1" 200 62026 "" "Mozilla/5.0 (compatible; Googlebot/2.1; +http://www.google.com/bot.html)"
65.55.105.206 - - [23/Mar/2009:18:30:59 +0000] "GET /Home/Specials--60.html HTTP/1.1" 200 51359 "" "msnbot/1.1 (+http://search.msn.com/msnbot.htm)"
72.30.65.29 - - [23/Mar/2009:18:31:45 +0000] "GET /Home/Details--20.html HTTP/1.1" 200 44631 "" "Mozilla/5.0 (compatible; Yahoo! Slurp/3.0; http://help.yahoo.com/help/us/ysearch/slurp)"
66.249.65.145 - - [23/Mar/2009:18:31:54 +0000] "GET /Home/Details--20.html HTTP/1.1" 200 54588 "" "Mozilla/5.0 (compatible; Googlebot/2.1; +http://www.google.com/bot.html)"
67.195.37.170 - - [23/Mar/2009:18:32:13 +0000] "GET /Home/Details--20.html HTTP/1.1" 200 41539 "" "Mozilla/5.0 (compatible; Yahoo! Slurp/3.0; http://help.yahoo.com/help/us/ysearch/slurp)"
66.249.65.145 - - [23/Mar/2009:18:32:14 +0000] "GET /Home/Reisef__hrer_S__d.../Schlanders--91.html HTTP/1.1" 200 26020 "" "Mozilla/5.0 (compatible; Googlebot/2.1; +http://www.google.com/bot.html)"
194.8.75.175 - - [23/Mar/2009:18:32:27 +0000] "GET /Home/Buchen--19.html HTTP/1.1" 200 23985 "http://www.sewahotel.com/de/buchen.html?pid=0&rid=0" "Mozilla/4.0 (compatible; MSIE 6.0; Windows NT 5.1; SV1; YPC 3.0.2; .NET CLR 1.1.4322; yplus 4.4.02b)"
194.8.75.175 - - [23/Mar/2009:18:32:32 +0000] "GET /Home/Best__tigung--64.html HTTP/1.1" 200 23665 "http://www.sewahotel.com/de/buchen.html?pid=0&rid=0" "Mozilla/4.0 (compatible; MSIE 6.0; Windows NT 5.1; SV1; YPC 3.0.2; .NET CLR 1.1.4322; yplus 4.4.02b)"
66.249.65.145 - - [23/Mar/2009:18:34:34 +0000] "GET /Home/Specials--60.html HTTP/1.1" 200 62634 "" "Mozilla/5.0 (compatible; Googlebot/2.1; +http://www.google.com/bot.html)"
66.249.65.145 - - [23/Mar/2009:18:34:35 +0000] "GET /Home/Wetter/Aktuelles_Wetter--44.html HTTP/1.1" 200 12182 "" "Mozilla/5.0 (compatible; Googlebot/2.1; +http://www.google.com/bot.html)"
65.55.105.194 - - [23/Mar/2009:18:36:32 +0000] "GET /Home/Wetter/Aktuelles_Wetter--44.html HTTP/1.1" 200 11382 "" "msnbot/1.1 (+http://search.msn.com/msnbot.htm)"
83.233.30.104 - - [23/Mar/2009:18:37:06 +0000] "GET /Home/Details-hotel--105.html HTTP/1.1" 200 45246 "http://www.sewahotel.com/de/details-hotel.html" "Mozilla/4.0 (compatible; MSIE 6.0; Windows NT 5.1; SV1; .NET CLR 1.1.4322)"
66.249.65.145 - - [23/Mar/2009:18:37:15 +0000] "GET /Home/Details--20.html HTTP/1.1" 200 49992 "" "Mozilla/5.0 (compatible; Googlebot/2.1; +http://www.google.com/bot.html)"
66.249.65.145 - - [23/Mar/2009:18:37:17 +0000] "GET /Home/Wetter/Aktuelles_Wetter--44.html HTTP/1.1" 200 12182 "" "Mozilla/5.0 (compatible; Googlebot/2.1; +http://www.google.com/bot.html)"
65.55.105.203 - - [23/Mar/2009:18:37:29 +0000] "GET /Home/Specials--60.html HTTP/1.1" 200 61097 "" "msnbot/1.1 (+http://search.msn.com/msnbot.htm)"
65.55.105.203 - - [23/Mar/2009:18:39:20 +0000] "GET /Home/Specials--60.html HTTP/1.1" 200 31769 "" "msnbot/1.1 (+http://search.msn.com/msnbot.htm)"
66.249.65.145 - - [23/Mar/2009:18:39:56 +0000] "GET /Home/Specials--60.html HTTP/1.1" 200 63452 "" "Mozilla/5.0 (compatible; Googlebot/2.1; +http://www.google.com/bot.html)"
66.249.65.145 - - [23/Mar/2009:18:39:57 +0000] "GET /Home/Finden___Buchen--2.html HTTP/1.1" 200 42877 "" "Mozilla/5.0 (compatible; Googlebot/2.1; +http://www.google.com/bot.html)"
65.55.105.197 - - [23/Mar/2009:18:40:19 +0000] "GET /Home/Details--20.html HTTP/1.1" 200 54662 "" "msnbot/1.1 (+http://search.msn.com/msnbot.htm)"
91.48.224.225 - - [23/Mar/2009:18:41:13 +0000] "GET /Home/Details--20.html HTTP/1.1" 200 61666 "http://www.google.de/search?hl=de&q=Penthouse+S%C3%BCdtirol&start=10&sa=N" "Mozilla/5.0 (Windows; U; Windows NT 5.1; de; rv:1.9.0.7) Gecko/2009021910 Firefox/3.0.7"
84.138.237.31 - - [23/Mar/2009:18:41:18 +0000] "GET /Home/Details--20.html HTTP/1.1" 200 41229 "" "Mozilla/4.0 (compatible; MSIE 7.0; Windows NT 5.1)"
65.55.105.197 - - [23/Mar/2009:18:41:39 +0000] "GET /Home/Lastminute--63.html HTTP/1.1" 200 22736 "" "msnbot/1.1 (+http://search.msn.com/msnbot.htm)"
194.8.75.103 - - [23/Mar/2009:18:41:55 +0000] "GET /Home/Buchen--19.html HTTP/1.1" 200 23985 "http://www.sewahotel.com/de/buchen.html?pid=0&rid=0" "Mozilla/5.0 (Windows; U; Windows NT 5.1; en-US; rv:1.8) Gecko/20051111 Firefox/1.5"
194.8.75.103 - - [23/Mar/2009:18:41:56 +0000] "GET /Home/Best__tigung--64.html HTTP/1.1" 200 23676 "http://www.sewahotel.com/de/buchen.html?pid=0&rid=0" "Mozilla/5.0 (Windows; U; Windows NT 5.1; en-US; rv:1.8) Gecko/20051111 Firefox/1.5"
91.48.224.225 - - [23/Mar/2009:18:42:10 +0000] "GET /Home/Details--20.html HTTP/1.1" 200 57464 "http://www.sewahotel.com/de/details.html?pid=11&rid=62&lid=487&lang=de&hotel_id=257" "Mozilla/5.0 (Windows; U; Windows NT 5.1; de; rv:1.9.0.7) Gecko/2009021910 Firefox/3.0.7"
65.55.105.194 - - [23/Mar/2009:18:42:17 +0000] "GET /Home/Finden___Buchen--2.html HTTP/1.1" 200 36548 "" "msnbot/1.1 (+http://search.msn.com/msnbot.htm)"
66.249.65.145 - - [23/Mar/2009:18:42:20 +0000] "GET /Home/Details--20.html HTTP/1.1" 200 62519 "" "Mozilla/5.0 (compatible; Googlebot/2.1; +http://www.google.com/bot.html)"
72.30.65.29 - - [23/Mar/2009:18:42:33 +0000] "GET /Home/Specials--60.html HTTP/1.1" 200 13332 "" "Mozilla/5.0 (compatible; Yahoo! Slurp/3.0; http://help.yahoo.com/help/us/ysearch/slurp)"
66.249.65.145 - - [23/Mar/2009:18:42:37 +0000] "GET /Home/Specials/Wanderurlaub--106.html HTTP/1.1" 200 41233 "" "Mozilla/5.0 (compatible; Googlebot/2.1; +http://www.google.com/bot.html)"
65.55.105.206 - - [23/Mar/2009:18:43:12 +0000] "GET /Home/Finden___Buchen--2.html HTTP/1.1" 200 36665 "" "msnbot/1.1 (+http://search.msn.com/msnbot.htm)"
84.184.224.215 - - [23/Mar/2009:18:43:24 +0000] "GET /Home/Ergebnisse-hotel--102.html HTTP/1.1" 200 22835 "" "Mozilla/4.0 (compatible; MSIE 7.0; TOB 6.05; Windows NT 5.1; Arcor 5.006; GTB5; Arcor 5.006; .NET CLR 1.1.4322; .NET CLR 2.0.50727)"
84.138.237.31 - - [23/Mar/2009:18:43:32 +0000] "GET /Home/Specials--60.html HTTP/1.1" 200 13891 "http://www.sewahotel.com/de/details.html?pid=11&rid=62&lang=de&hotel_id=190" "Mozilla/4.0 (compatible; MSIE 7.0; Windows NT 5.1)"
65.55.110.186 - - [23/Mar/2009:18:43:28 +0000] "GET /Home/Finden___Buchen--2.html HTTP/1.1" 200 36356 "http://search.live.com/results.aspx?q=richiesta" "Mozilla/4.0 (compatible; MSIE 6.0; Windows NT 5.2; SV1; .NET CLR 1.1.4322)"
84.138.237.31 - - [23/Mar/2009:18:43:42 +0000] "GET /Home/Specials/Regionen/Dolomiten--139.html HTTP/1.1" 200 34249 "http://www.sewahotel.com/de/specials.html?pid=11&rid=62" "Mozilla/4.0 (compatible; MSIE 7.0; Windows NT 5.1)"
151.32.141.223 - - [23/Mar/2009:18:43:51 +0000] "GET /Home/Details--20.html HTTP/1.1" 200 44069 "http://www.meinsuedtirol.com/Hotel-Zentral---Centrale-Prad-Am-Stilfserjoch-.4465.0.0.1240.1.html" "Mozilla/5.0 (Macintosh; U; Intel Mac OS X 10_5_6; it-it) AppleWebKit/528.16 (KHTML, like Gecko) Version/4.0 Safari/528.16"
65.55.105.197 - - [23/Mar/2009:18:43:55 +0000] "GET /Home/Reisef__hrer_S__d.../Schlanders--91.html HTTP/1.1" 200 25894 "" "msnbot/1.1 (+http://search.msn.com/msnbot.htm)"
65.55.105.197 - - [23/Mar/2009:18:44:05 +0000] "GET /Home/Wetter/Wetter_Vorschau--43.html HTTP/1.1" 200 11779 "" "msnbot/1.1 (+http://search.msn.com/msnbot.htm)"
66.249.65.145 - - [23/Mar/2009:18:45:04 +0000] "GET /Home/Details--20.html HTTP/1.1" 200 47616 "" "Mozilla/5.0 (compatible; Googlebot/2.1; +http://www.google.com/bot.html)"
66.249.65.145 - - [23/Mar/2009:18:45:05 +0000] "GET /Home/Details--20.html HTTP/1.1" 200 51921 "" "Mozilla/5.0 (compatible; Googlebot/2.1; +http://www.google.com/bot.html)"
66.249.65.145 - - [23/Mar/2009:18:45:06 +0000] "GET /Home/Details--20.html HTTP/1.1" 200 51351 "" "Mozilla/5.0 (compatible; Googlebot/2.1; +http://www.google.com/bot.html)"
66.249.65.145 - - [23/Mar/2009:18:45:07 +0000] "GET /Home/Details--20.html HTTP/1.1" 200 54361 "" "Mozilla/5.0 (compatible; Googlebot/2.1; +http://www.google.com/bot.html)"
79.17.174.80 - - [23/Mar/2009:18:45:11 +0000] "GET /Home/Details--20.html HTTP/1.1" 200 37098 "http://www.meinsuedtirol.com/Albergo-Gruener-Baum-Glurns-.4444.0.0.1240.1.html" "Mozilla/5.0 (Windows; U; Windows NT 5.1; it; rv:1.9.0.7) Gecko/2009021910 Firefox/3.0.7"
66.249.65.145 - - [23/Mar/2009:18:45:12 +0000] "GET /Home/Details--20.html HTTP/1.1" 200 51561 "" "Mozilla/5.0 (compatible; Googlebot/2.1; +http://www.google.com/bot.html)"
66.249.65.145 - - [23/Mar/2009:18:45:14 +0000] "GET /Home/Details--20.html HTTP/1.1" 200 51226 "" "Mozilla/5.0 (compatible; Googlebot/2.1; +http://www.google.com/bot.html)"
66.249.65.145 - - [23/Mar/2009:18:45:15 +0000] "GET /Home/Details--20.html HTTP/1.1" 200 51312 "" "Mozilla/5.0 (compatible; Googlebot/2.1; +http://www.google.com/bot.html)"
66.249.65.145 - - [23/Mar/2009:18:45:17 +0000] "GET /Home/Details--20.html HTTP/1.1" 200 51921 "" "Mozilla/5.0 (compatible; Googlebot/2.1; +http://www.google.com/bot.html)"
66.249.65.145 - - [23/Mar/2009:18:45:19 +0000] "GET /Home/Unsere_Hotels/S__dtirols_S__den--55.html HTTP/1.1" 200 50158 "" "Mozilla/5.0 (compatible; Googlebot/2.1; +http://www.google.com/bot.html)"
66.249.65.145 - - [23/Mar/2009:18:45:20 +0000] "GET /Home/Details--20.html HTTP/1.1" 200 51637 "" "Mozilla/5.0 (compatible; Googlebot/2.1; +http://www.google.com/bot.html)"
66.249.65.145 - - [23/Mar/2009:18:45:22 +0000] "GET /Home/Details--20.html HTTP/1.1" 200 51574 "" "Mozilla/5.0 (compatible; Googlebot/2.1; +http://www.google.com/bot.html)"
66.249.65.145 - - [23/Mar/2009:18:45:23 +0000] "GET /Home/Unsere_Hotels/Pustertal--59.html HTTP/1.1" 200 36969 "" "Mozilla/5.0 (compatible; Googlebot/2.1; +http://www.google.com/bot.html)"
66.249.65.145 - - [23/Mar/2009:18:45:25 +0000] "GET /Home/Details--20.html HTTP/1.1" 200 51212 "" "Mozilla/5.0 (compatible; Googlebot/2.1; +http://www.google.com/bot.html)"
66.249.65.145 - - [23/Mar/2009:18:45:26 +0000] "GET /Home/Reisef__hrer_S__dtirol--80.html HTTP/1.1" 200 21407 "" "Mozilla/5.0 (compatible; Googlebot/2.1; +http://www.google.com/bot.html)"
66.249.73.97 - - [23/Mar/2009:18:45:28 +0000] "GET /Home/Specials/Wanderurlaub--106.html HTTP/1.1" 200 44623 "" "Mozilla/5.0 (compatible; Googlebot/2.1; +http://www.google.com/bot.html)"
79.17.174.80 - - [23/Mar/2009:18:45:30 +0000] "GET /Home--1.html HTTP/1.1" 200 25193 "http://www.sewahotel.com/de/details.html?pid=11&rid=62&lang=de&hotel_id=230" "Mozilla/5.0 (Windows; U; Windows NT 5.1; it; rv:1.9.0.7) Gecko/2009021910 Firefox/3.0.7"
79.17.174.80 - - [23/Mar/2009:18:46:08 +0000] "GET /Home/Ergebnisse--18.html HTTP/1.1" 200 94855 "http://www.sewahotel.com/it.html?pid=11&rid=62" "Mozilla/5.0 (Windows; U; Windows NT 5.1; it; rv:1.9.0.7) Gecko/2009021910 Firefox/3.0.7"
79.17.174.80 - - [23/Mar/2009:18:46:20 +0000] "GET /Home/Ergebnisse--18.html HTTP/1.1" 200 31685 "http://www.sewahotel.com/it.html?pid=11&rid=62" "Mozilla/5.0 (Windows; U; Windows NT 5.1; it; rv:1.9.0.7) Gecko/2009021910 Firefox/3.0.7"
65.55.105.203 - - [23/Mar/2009:18:46:27 +0000] "GET /Home/__ber_uns--65.html HTTP/1.1" 200 12832 "" "msnbot/1.1 (+http://search.msn.com/msnbot.htm)"
66.249.65.145 - - [23/Mar/2009:18:46:32 +0000] "GET /Home/Details--20.html HTTP/1.1" 200 54552 "" "Mozilla/5.0 (compatible; Googlebot/2.1; +http://www.google.com/bot.html)"
65.55.105.194 - - [23/Mar/2009:18:46:53 +0000] "GET /Home/Finden___Buchen--2.html HTTP/1.1" 200 33810 "" "msnbot/1.1 (+http://search.msn.com/msnbot.htm)"
79.17.174.80 - - [23/Mar/2009:18:46:55 +0000] "GET /Home--1.html HTTP/1.1" 200 25099 "http://www.sewahotel.com/it/risultati.html?pid=11&rid=62" "Mozilla/5.0 (Windows; U; Windows NT 5.1; it; rv:1.9.0.7) Gecko/2009021910 Firefox/3.0.7"
79.17.174.80 - - [23/Mar/2009:18:47:02 +0000] "GET /Home/Details-flash--140.html HTTP/1.1" 200 47750 "http://www.sewahotel.com/it.html" "Mozilla/5.0 (Windows; U; Windows NT 5.1; it; rv:1.9.0.7) Gecko/2009021910 Firefox/3.0.7"
65.55.105.205 - - [23/Mar/2009:18:47:46 +0000] "GET /Home/Lastminute--63.html HTTP/1.1" 200 30619 "" "msnbot/1.1 (+http://search.msn.com/msnbot.htm)"
65.55.105.205 - - [23/Mar/2009:18:49:24 +0000] "GET /Home/Specials--60.html HTTP/1.1" 200 49756 "" "msnbot/1.1 (+http://search.msn.com/msnbot.htm)"
65.55.110.179 - - [23/Mar/2009:18:50:01 +0000] "GET /Home/Specials--60.html HTTP/1.1" 200 48332 "http://search.live.com/results.aspx?q=hotels" "Mozilla/4.0 (compatible; MSIE 6.0; Windows NT 5.2; SV1; .NET CLR 1.1.4322)"
66.249.65.145 - - [23/Mar/2009:18:50:35 +0000] "GET /Home/Anfrage--112.html HTTP/1.1" 200 17314 "" "Mozilla/5.0 (compatible; Googlebot/2.1; +http://www.google.com/bot.html)"
194.8.75.239 - - [23/Mar/2009:18:51:21 +0000] "GET /Home/Buchen--19.html HTTP/1.1" 200 23985 "" "Mozilla/4.0 (compatible; MSIE 5.0; Windows 95) Opera 6.01 [en]"
194.8.75.239 - - [23/Mar/2009:18:51:22 +0000] "GET /Home/Best__tigung--64.html HTTP/1.1" 200 19548 "http://www.sewahotel.com/de/buchen.html?pid=0&rid=0" "Mozilla/4.0 (compatible; MSIE 5.0; Windows 95) Opera 6.01 [en]"
72.30.65.29 - - [23/Mar/2009:18:51:46 +0000] "GET /Home/Details--20.html HTTP/1.1" 200 39248 "" "Mozilla/5.0 (compatible; Yahoo! Slurp/3.0; http://help.yahoo.com/help/us/ysearch/slurp)"
65.55.105.209 - - [23/Mar/2009:18:51:49 +0000] "GET /Home/Specials/Lastminuteurlaub--111.html HTTP/1.1" 200 17263 "" "msnbot/1.1 (+http://search.msn.com/msnbot.htm)"
72.30.65.29 - - [23/Mar/2009:18:52:06 +0000] "GET /Home/Specials/Regionen/Dolomiten--139.html HTTP/1.1" 200 34261 "" "Mozilla/5.0 (compatible; Yahoo! Slurp/3.0; http://help.yahoo.com/help/us/ysearch/slurp)"
72.30.65.29 - - [23/Mar/2009:18:52:11 +0000] "GET /Home/Wetter/Aktuelles_Wetter--44.html HTTP/1.1" 200 12012 "" "Mozilla/5.0 (compatible; Yahoo! Slurp/3.0; http://help.yahoo.com/help/us/ysearch/slurp)"
194.8.75.239 - - [23/Mar/2009:18:52:46 +0000] "GET /Home/Buchen--19.html HTTP/1.1" 200 23985 "" "Mozilla/4.0 (compatible; MSIE 6.0; Windows NT 5.1; SV1; FunWebProducts; .NET CLR 1.1.4322; PeoplePal 6.2)"
194.8.75.239 - - [23/Mar/2009:18:52:47 +0000] "GET /Home/Best__tigung--64.html HTTP/1.1" 200 18999 "http://www.sewahotel.com/de/buchen.html?pid=0&rid=0" "Mozilla/4.0 (compatible; MSIE 6.0; Windows NT 5.1; SV1; FunWebProducts; .NET CLR 1.1.4322; PeoplePal 6.2)"
194.8.75.175 - - [23/Mar/2009:18:53:01 +0000] "GET /Home/Buchen--19.html HTTP/1.1" 200 23985 "http://www.sewahotel.com/de/buchen.html?pid=0&rid=0" "Mozilla/4.0 (compatible; MSIE 6.0; Windows NT 5.1; SV1; YPC 3.0.2; .NET CLR 1.1.4322; yplus 4.4.02b)"
194.8.75.175 - - [23/Mar/2009:18:53:05 +0000] "GET /Home/Best__tigung--64.html HTTP/1.1" 200 23717 "http://www.sewahotel.com/de/buchen.html?pid=0&rid=0" "Mozilla/4.0 (compatible; MSIE 6.0; Windows NT 5.1; SV1; YPC 3.0.2; .NET CLR 1.1.4322; yplus 4.4.02b)"
66.249.65.145 - - [23/Mar/2009:18:53:14 +0000] "GET /Home/Details--20.html HTTP/1.1" 200 35988 "" "Mozilla/5.0 (compatible; Googlebot/2.1; +http://www.google.com/bot.html)"
78.49.135.92 - - [23/Mar/2009:18:54:06 +0000] "GET /Home--1.html HTTP/1.1" 200 25304 "http://www.meinsuedtirol.com/Wandern_Corvara.1419.0.html" "Mozilla/5.0 (Windows; U; Windows NT 5.1; de; rv:1.9.0.7) Gecko/2009021910 Firefox/3.0.7 (.NET CLR 3.5.30729)"
65.55.105.203 - - [23/Mar/2009:18:54:07 +0000] "GET /Home/Wetter/Bergwetter--42.html HTTP/1.1" 200 10653 "" "msnbot/1.1 (+http://search.msn.com/msnbot.htm)"
78.49.135.92 - - [23/Mar/2009:18:54:26 +0000] "GET /Home/Wetter/Aktuelles_Wetter--44.html HTTP/1.1" 200 12182 "http://www.sewahotel.com/" "Mozilla/5.0 (Windows; U; Windows NT 5.1; de; rv:1.9.0.7) Gecko/2009021910 Firefox/3.0.7 (.NET CLR 3.5.30729)"
78.49.135.92 - - [23/Mar/2009:18:54:58 +0000] "GET /Home/Wetter/Bergwetter--42.html HTTP/1.1" 200 10975 "http://www.sewahotel.com/de/wetter/aktuelles-wetter.html?pid=11&rid=62" "Mozilla/5.0 (Windows; U; Windows NT 5.1; de; rv:1.9.0.7) Gecko/2009021910 Firefox/3.0.7 (.NET CLR 3.5.30729)"
78.49.135.92 - - [23/Mar/2009:18:55:02 +0000] "GET /Home/Wetter/Wetter_Vorschau--43.html HTTP/1.1" 200 11779 "http://www.sewahotel.com/de/wetter/bergwetter.html?pid=11&rid=62" "Mozilla/5.0 (Windows; U; Windows NT 5.1; de; rv:1.9.0.7) Gecko/2009021910 Firefox/3.0.7 (.NET CLR 3.5.30729)"
65.55.105.206 - - [23/Mar/2009:18:55:10 +0000] "GET /Home/Lastminute--63.html HTTP/1.1" 200 24254 "" "msnbot/1.1 (+http://search.msn.com/msnbot.htm)"
67.195.37.170 - - [23/Mar/2009:18:55:44 +0000] "GET /Home/Unsere_Hotels/__sterreich--79.html HTTP/1.1" 200 13506 "" "Mozilla/5.0 (compatible; Yahoo! Slurp/3.0; http://help.yahoo.com/help/us/ysearch/slurp)"
66.249.65.145 - - [23/Mar/2009:18:55:54 +0000] "GET /Home/Specials/Wanderurlaub--106.html HTTP/1.1" 200 43893 "" "Mozilla/5.0 (compatible; Googlebot/2.1; +http://www.google.com/bot.html)"
82.90.67.106 - - [23/Mar/2009:18:56:17 +0000] "GET /Home/Details--20.html HTTP/1.1" 200 41397 "" "Mozilla/4.0 (compatible; MSIE 7.0; Windows NT 5.1; .NET CLR 2.0.50727)"
82.90.67.106 - - [23/Mar/2009:18:56:55 +0000] "GET /Home--1.html HTTP/1.1" 200 25210 "http://www.sewahotel.com/de/details.html?pid=11&rid=62&lang=de&hotel_id=243" "Mozilla/4.0 (compatible; MSIE 7.0; Windows NT 5.1; .NET CLR 2.0.50727)"
85.216.106.253 - - [23/Mar/2009:18:57:06 +0000] "GET /Home/Details--20.html HTTP/1.1" 200 43609 "http://www.meinsuedtirol.com/Ferienwohnung-Meran-.778.0.html" "Mozilla/5.0 (Windows; U; Windows NT 6.0; de; rv:1.9.0.7) Gecko/2009021910 Firefox/3.0.7"
65.55.105.194 - - [23/Mar/2009:18:57:21 +0000] "GET /Home/Lastminute--63.html HTTP/1.1" 200 23330 "" "msnbot/1.1 (+http://search.msn.com/msnbot.htm)"
82.90.67.106 - - [23/Mar/2009:18:57:35 +0000] "GET /Home/Unsere_Hotels/Eisacktal--56.html HTTP/1.1" 200 30508 "http://www.sewahotel.com/it.html?pid=11&rid=62" "Mozilla/4.0 (compatible; MSIE 7.0; Windows NT 5.1; .NET CLR 2.0.50727)"
82.90.67.106 - - [23/Mar/2009:18:57:58 +0000] "GET /Home/Details--20.html HTTP/1.1" 200 40401 "http://www.sewahotel.com/it/i-nostri-hotel/val-disarco.html" "Mozilla/4.0 (compatible; MSIE 7.0; Windows NT 5.1; .NET CLR 2.0.50727)"
85.216.106.253 - - [23/Mar/2009:18:58:22 +0000] "GET /Home/Details--20.html HTTP/1.1" 200 46120 "http://www.sewahotel.com/de/details.html?pid=11&rid=62&lang=de&hotel_id=266" "Mozilla/5.0 (Windows; U; Windows NT 6.0; de; rv:1.9.0.7) Gecko/2009021910 Firefox/3.0.7"
85.216.106.253 - - [23/Mar/2009:18:58:28 +0000] "GET /Home/Ergebnisse--18.html HTTP/1.1" 200 81690 "http://www.sewahotel.com/de/details.html?pid=11&rid=62" "Mozilla/5.0 (Windows; U; Windows NT 6.0; de; rv:1.9.0.7) Gecko/2009021910 Firefox/3.0.7"
66.249.65.145 - - [23/Mar/2009:18:58:33 +0000] "GET /Home/Unsere_Hotels/Eisacktal--56.html HTTP/1.1" 200 36226 "" "Mozilla/5.0 (compatible; Googlebot/2.1; +http://www.google.com/bot.html)"
66.249.65.145 - - [23/Mar/2009:18:58:34 +0000] "GET /Home/Specials/Wanderurlaub--106.html HTTP/1.1" 200 45611 "" "Mozilla/5.0 (compatible; Googlebot/2.1; +http://www.google.com/bot.html)"
72.30.65.29 - - [23/Mar/2009:18:58:43 +0000] "GET /Home/Finden___Buchen--2.html HTTP/1.1" 200 19293 "" "Mozilla/5.0 (compatible; Yahoo! Slurp/3.0; http://help.yahoo.com/help/us/ysearch/slurp)"
65.55.105.206 - - [23/Mar/2009:18:59:53 +0000] "GET /Home/Finden___Buchen--2.html HTTP/1.1" 200 36739 "" "msnbot/1.1 (+http://search.msn.com/msnbot.htm)"
81.221.173.64 - - [23/Mar/2009:19:00:03 +0000] "GET /Home/Details--20.html HTTP/1.1" 200 47773 "http://www.hotelaster.com/de/angebote.html" "Mozilla/4.0 (compatible; MSIE 7.0; Windows NT 5.1; GTB5; .NET CLR 1.0.3705; .NET CLR 1.1.4322; Media Center PC 4.0; InfoPath.2)"
83.233.30.104 - - [23/Mar/2009:19:00:22 +0000] "GET /Home/Details-hotel--105.html HTTP/1.1" 200 45249 "http://www.sewahotel.com/de/details-hotel.html" "Mozilla/4.0 (compatible; MSIE 6.0; Windows NT 5.1; SV1; .NET CLR 1.1.4322)"
82.90.67.106 - - [23/Mar/2009:19:00:23 +0000] "GET /Home/Details--20.html HTTP/1.1" 200 44237 "http://www.sewahotel.com/it/i-nostri-hotel/val-disarco.html" "Mozilla/4.0 (compatible; MSIE 7.0; Windows NT 5.1; .NET CLR 2.0.50727)"
66.249.65.145 - - [23/Mar/2009:19:01:13 +0000] "GET /Home/Wetter/Aktuelles_Wetter--44.html HTTP/1.1" 200 12182 "" "Mozilla/5.0 (compatible; Googlebot/2.1; +http://www.google.com/bot.html)"
194.8.74.11 - - [23/Mar/2009:19:01:23 +0000] "GET /Home/Buchen--19.html HTTP/1.1" 200 23985 "" "Opera/7.54 (Windows NT 5.1; U) [pl]"
72.30.65.29 - - [23/Mar/2009:19:01:26 +0000] "GET /Home/Details--20.html HTTP/1.1" 200 47354 "" "Mozilla/5.0 (compatible; Yahoo! Slurp/3.0; http://help.yahoo.com/help/us/ysearch/slurp)"
194.8.74.11 - - [23/Mar/2009:19:01:29 +0000] "GET /Home/Best__tigung--64.html HTTP/1.1" 200 27203 "http://www.sewahotel.com/de/buchen.html?pid=0&rid=0" "Opera/7.54 (Windows NT 5.1; U) [pl]"
72.30.65.29 - - [23/Mar/2009:19:01:32 +0000] "GET /Home/Unsere_Hotels/Tauferer_Ahrntal--58.html HTTP/1.1" 200 23042 "" "Mozilla/5.0 (compatible; Yahoo! Slurp/3.0; http://help.yahoo.com/help/us/ysearch/slurp)"
81.221.173.64 - - [23/Mar/2009:19:01:40 +0000] "GET /Home/Buchen--19.html HTTP/1.1" 200 21590 "http://www.sewahotel.com/de/details.html?pid=6&rid=6&lang=de&sid=3145&hotel_id=268" "Mozilla/4.0 (compatible; MSIE 7.0; Windows NT 5.1; GTB5; .NET CLR 1.0.3705; .NET CLR 1.1.4322; Media Center PC 4.0; InfoPath.2)"
85.216.106.253 - - [23/Mar/2009:19:01:48 +0000] "GET /Home/Ergebnisse--18.html HTTP/1.1" 200 47241 "http://www.sewahotel.com/de/ergebnisse.html?pid=11&rid=62" "Mozilla/5.0 (Windows; U; Windows NT 6.0; de; rv:1.9.0.7) Gecko/2009021910 Firefox/3.0.7"
82.90.67.106 - - [23/Mar/2009:19:02:10 +0000] "GET /Home/Unsere_Hotels/Eisacktal--56.html HTTP/1.1" 200 30582 "http://www.sewahotel.com/it.html?pid=11&rid=62" "Mozilla/4.0 (compatible; MSIE 7.0; Windows NT 5.1; .NET CLR 2.0.50727)"
85.18.227.218 - - [23/Mar/2009:19:03:12 +0000] "GET /Home/Ergebnisse-hotel--102.html HTTP/1.1" 200 136367 "" "Mozilla/4.0 (compatible; MSIE 7.0; Windows NT 6.0; GTB5; SLCC1; .NET CLR 2.0.50727; Media Center PC 5.0; .NET CLR 3.0.04506)"
66.249.65.145 - - [23/Mar/2009:19:03:52 +0000] "GET /Home/Details--20.html HTTP/1.1" 200 68518 "" "Mozilla/5.0 (compatible; Googlebot/2.1; +http://www.google.com/bot.html)"
65.55.105.192 - - [23/Mar/2009:19:04:06 +0000] "GET /Home/Wetter/Aktuelles_Wetter--44.html HTTP/1.1" 200 12182 "" "msnbot/1.1 (+http://search.msn.com/msnbot.htm)"
194.8.75.212 - - [23/Mar/2009:19:05:25 +0000] "GET /Home/Buchen--19.html HTTP/1.1" 200 23985 "" "Mozilla/4.7 (compatible; OffByOne; Windows 2000) Webster Pro V3.4"
194.8.75.212 - - [23/Mar/2009:19:05:30 +0000] "GET /Home/Best__tigung--64.html HTTP/1.1" 200 18902 "http://www.sewahotel.com/de/buchen.html?pid=0&rid=0" "Mozilla/4.7 (compatible; OffByOne; Windows 2000) Webster Pro V3.4"
194.8.75.44 - - [23/Mar/2009:19:06:51 +0000] "GET /Home/Buchen--19.html HTTP/1.1" 200 23985 "" "Mozilla/4.0 (compatible; MSIE 6.0; Windows NT 5.2; Win64; AMD64)"
194.8.75.44 - - [23/Mar/2009:19:06:52 +0000] "GET /Home/Best__tigung--64.html HTTP/1.1" 200 19711 "http://www.sewahotel.com/de/buchen.html?pid=0&rid=0" "Mozilla/4.0 (compatible; MSIE 6.0; Windows NT 5.2; Win64; AMD64)"
194.8.75.103 - - [23/Mar/2009:19:07:14 +0000] "GET /Home/Buchen--19.html HTTP/1.1" 200 23985 "http://www.sewahotel.com/de/buchen.html?pid=0&rid=0" "Mozilla/4.0 (compatible; MSIE 6.0; Windows NT) ::ELNSB50::000061100320025802a00111000000000507000900000000"
194.8.75.103 - - [23/Mar/2009:19:07:15 +0000] "GET /Home/Best__tigung--64.html HTTP/1.1" 200 22747 "http://www.sewahotel.com/de/buchen.html?pid=0&rid=0" "Mozilla/4.0 (compatible; MSIE 6.0; Windows NT) ::ELNSB50::000061100320025802a00111000000000507000900000000"
194.8.74.11 - - [23/Mar/2009:19:07:18 +0000] "GET /Home/Buchen--19.html HTTP/1.1" 200 23985 "" "Mozilla/4.0 (compatible; MSIE 6.0; Windows NT 5.1; SV1; .NET CLR 1.1.4322) Babya Discoverer 8.0:"
194.8.74.11 - - [23/Mar/2009:19:07:20 +0000] "GET /Home/Best__tigung--64.html HTTP/1.1" 200 27702 "http://www.sewahotel.com/de/buchen.html?pid=0&rid=0" "Mozilla/4.0 (compatible; MSIE 6.0; Windows NT 5.1; SV1; .NET CLR 1.1.4322) Babya Discoverer 8.0:"
81.221.161.64 - - [23/Mar/2009:19:07:29 +0000] "GET /Home--1.html HTTP/1.1" 200 25304 "http://www.meinsuedtirol.com/Naturns.324.0.html" "Mozilla/5.0 (Windows; U; Windows NT 6.0; de; rv:1.9.0.7) Gecko/2009021910 Firefox/3.0.7"
65.55.105.203 - - [23/Mar/2009:19:08:09 +0000] "GET /Home/Lastminute--63.html HTTP/1.1" 200 25112 "" "msnbot/1.1 (+http://search.msn.com/msnbot.htm)"
208.115.111.248 - - [23/Mar/2009:19:08:32 +0000] "GET /Home/Anfrage--112.html HTTP/1.1" 200 17675 "" "Mozilla/5.0 (compatible; DotBot/1.1; http://www.dotnetdotcom.org/, crawler@dotnetdotcom.org)"
208.115.111.248 - - [23/Mar/2009:19:08:37 +0000] "GET /Home/Anfrage--112.html HTTP/1.1" 200 17607 "" "Mozilla/5.0 (compatible; DotBot/1.1; http://www.dotnetdotcom.org/, crawler@dotnetdotcom.org)"
208.115.111.248 - - [23/Mar/2009:19:08:42 +0000] "GET /Home/Anfrage--112.html HTTP/1.1" 200 17681 "" "Mozilla/5.0 (compatible; DotBot/1.1; http://www.dotnetdotcom.org/, crawler@dotnetdotcom.org)"
208.115.111.248 - - [23/Mar/2009:19:08:46 +0000] "GET /Home/Anfrage--112.html HTTP/1.1" 200 17681 "" "Mozilla/5.0 (compatible; DotBot/1.1; http://www.dotnetdotcom.org/, crawler@dotnetdotcom.org)"
208.115.111.248 - - [23/Mar/2009:19:08:49 +0000] "GET /Home/Anfrage--112.html HTTP/1.1" 200 17681 "" "Mozilla/5.0 (compatible; DotBot/1.1; http://www.dotnetdotcom.org/, crawler@dotnetdotcom.org)"
208.115.111.248 - - [23/Mar/2009:19:08:54 +0000] "GET /Home/Anfrage--112.html HTTP/1.1" 200 17681 "" "Mozilla/5.0 (compatible; DotBot/1.1; http://www.dotnetdotcom.org/, crawler@dotnetdotcom.org)"
208.115.111.248 - - [23/Mar/2009:19:08:58 +0000] "GET /Home/Anfrage--112.html HTTP/1.1" 200 17681 "" "Mozilla/5.0 (compatible; DotBot/1.1; http://www.dotnetdotcom.org/, crawler@dotnetdotcom.org)"
208.115.111.248 - - [23/Mar/2009:19:09:03 +0000] "GET /Home/Anfrage--112.html HTTP/1.1" 200 17681 "" "Mozilla/5.0 (compatible; DotBot/1.1; http://www.dotnetdotcom.org/, crawler@dotnetdotcom.org)"
194.8.75.175 - - [23/Mar/2009:19:09:07 +0000] "GET /Home/Buchen--19.html HTTP/1.1" 200 23985 "http://www.sewahotel.com/de/buchen.html?pid=0&rid=0" "Mozilla/5.0 (Windows; U; Windows NT 5.1; en-US; rv:1.7.3) Gecko/20041002 Firefox/0.10.1"
208.115.111.248 - - [23/Mar/2009:19:09:08 +0000] "GET /Home/Anfrage--112.html HTTP/1.1" 200 17681 "" "Mozilla/5.0 (compatible; DotBot/1.1; http://www.dotnetdotcom.org/, crawler@dotnetdotcom.org)"
194.8.75.175 - - [23/Mar/2009:19:09:10 +0000] "GET /Home/Best__tigung--64.html HTTP/1.1" 200 23162 "http://www.sewahotel.com/de/buchen.html?pid=0&rid=0" "Mozilla/5.0 (Windows; U; Windows NT 5.1; en-US; rv:1.7.3) Gecko/20041002 Firefox/0.10.1"
208.115.111.248 - - [23/Mar/2009:19:09:13 +0000] "GET /Home/Anfrage--112.html HTTP/1.1" 200 17681 "" "Mozilla/5.0 (compatible; DotBot/1.1; http://www.dotnetdotcom.org/, crawler@dotnetdotcom.org)"
65.55.109.88 - - [23/Mar/2009:19:09:37 +0000] "GET /Home/Lastminute--63.html HTTP/1.1" 200 27376 "http://search.live.com/results.aspx?q=hotels" "Mozilla/4.0 (compatible; MSIE 6.0; Windows NT 5.2; SV1; .NET CLR 1.1.4322)"
66.249.65.145 - - [23/Mar/2009:19:11:51 +0000] "GET /Home--1.html HTTP/1.1" 200 25304 "" "Mozilla/5.0 (compatible; Googlebot/2.1; +http://www.google.com/bot.html)"
72.30.65.29 - - [23/Mar/2009:19:13:49 +0000] "GET /Home/__ber_uns--65.html HTTP/1.1" 200 11962 "" "Mozilla/5.0 (compatible; Yahoo! Slurp/3.0; http://help.yahoo.com/help/us/ysearch/slurp)"
66.249.65.145 - - [23/Mar/2009:19:14:30 +0000] "GET /Home/Details--20.html HTTP/1.1" 200 69978 "" "Mozilla/5.0 (compatible; Googlebot/2.1; +http://www.google.com/bot.html)"
82.193.27.190 - - [23/Mar/2009:19:14:57 +0000] "GET /Home/Unsere_Hotels/Dolomiten--53.html HTTP/1.1" 200 40718 "http://images.google.it/imgres?imgurl=http://www.suedtirol-information.com/img/img_60x40/137827019446137e48ef8378.14490875.jpg&imgrefurl=http://www.sewahotel.com/it/i-nostri-hotel/le-dolomiti.html&usg=__iKGswaykcUM9px1h9pC0GR2oSRc=&h=43&w=60&sz=2&hl=it&start=39&tbnid=cd7oBtYPozHt5M:&tbnh=43&tbnw=60&prev=/images%3Fq%3Dhotel%2Berika%2Bs.%2Bvigilio%2Bdi%2Bmarebbe%26gbv%3D2%26ndsp%3D18%26hl%3Dit%26sa%3DN%26start%3D36" "Mozilla/4.0 (compatible; MSIE 6.0; Windows NT 5.1; SV1; GTB5)"
65.55.105.192 - - [23/Mar/2009:19:15:10 +0000] "GET /Home/Reisef__hrer_S__dtirol--80.html HTTP/1.1" 200 21721 "" "msnbot/1.1 (+http://search.msn.com/msnbot.htm)"
65.55.105.205 - - [23/Mar/2009:19:15:24 +0000] "GET /Home/Unsere_Hotels--7.html HTTP/1.1" 200 17933 "" "msnbot/1.1 (+http://search.msn.com/msnbot.htm)"
66.249.65.145 - - [23/Mar/2009:19:16:06 +0000] "GET /Home/Details--20.html HTTP/1.1" 200 51704 "" "Mozilla/5.0 (compatible; Googlebot/2.1; +http://www.google.com/bot.html)"
66.249.65.145 - - [23/Mar/2009:19:16:07 +0000] "GET /Home/Details--20.html HTTP/1.1" 200 47477 "" "Mozilla/5.0 (compatible; Googlebot/2.1; +http://www.google.com/bot.html)"
66.249.65.145 - - [23/Mar/2009:19:16:08 +0000] "GET /Home/Lastminute--63.html HTTP/1.1" 200 32963 "" "Mozilla/5.0 (compatible; Googlebot/2.1; +http://www.google.com/bot.html)"
89.190.166.53 - - [23/Mar/2009:19:16:36 +0000] "GET /Home/Ergebnisse-hotel--102.html HTTP/1.1" 200 106502 "" "Mozilla/4.0 (compatible; MSIE 6.0; Windows NT 5.1; SV1; GTB5; .NET CLR 2.0.50727; .NET CLR 1.1.4322)"
67.195.37.170 - - [23/Mar/2009:19:16:57 +0000] "GET /Home/Wetter/Aktuelles_Wetter--44.html HTTP/1.1" 200 12182 "" "Mozilla/5.0 (compatible; Yahoo! Slurp/3.0; http://help.yahoo.com/help/us/ysearch/slurp)"
89.190.166.53 - - [23/Mar/2009:19:17:18 +0000] "GET /Home/Ergebnisse-hotel--102.html HTTP/1.1" 200 119740 "http://www.sewahotel.com/de/ergebnisse-hotel.html?action=get_results&hotel_id=&pid=109&rid=1&lang=de&from_day=27&from_month=03&from_year=2009&to_day=29&to_month=03&to_year=2009&to_year=2009&typ=2&verpflegung=hp&anzahl_erw=2&alterkind1=&alterkind2=&alterkind3=&kat_art=A4" "Mozilla/4.0 (compatible; MSIE 6.0; Windows NT 5.1; SV1; GTB5; .NET CLR 2.0.50727; .NET CLR 1.1.4322)"
66.249.65.145 - - [23/Mar/2009:19:17:37 +0000] "GET /Home/Details--20.html HTTP/1.1" 200 40182 "" "Mozilla/5.0 (compatible; Googlebot/2.1; +http://www.google.com/bot.html)"
65.55.105.192 - - [23/Mar/2009:19:17:40 +0000] "GET /Home/Unsere_Hotels--7.html HTTP/1.1" 200 19222 "" "msnbot/1.1 (+http://search.msn.com/msnbot.htm)"
89.190.166.53 - - [23/Mar/2009:19:17:43 +0000] "GET /Home/Ergebnisse-hotel--102.html HTTP/1.1" 200 136945 "http://www.sewahotel.com/de/ergebnisse-hotel.html?pid=109&rid=1" "Mozilla/4.0 (compatible; MSIE 6.0; Windows NT 5.1; SV1; GTB5; .NET CLR 2.0.50727; .NET CLR 1.1.4322)"
66.249.65.145 - - [23/Mar/2009:19:17:51 +0000] "GET /Home/Details--20.html HTTP/1.1" 200 51248 "" "Mozilla/5.0 (compatible; Googlebot/2.1; +http://www.google.com/bot.html)"
65.55.105.208 - - [23/Mar/2009:19:19:01 +0000] "GET /Home/Details--20.html HTTP/1.1" 200 53380 "" "msnbot/1.1 (+http://search.msn.com/msnbot.htm)"
72.30.65.29 - - [23/Mar/2009:19:19:04 +0000] "GET /Home/Specials/Wellnessurlaub--100.html HTTP/1.1" 200 59290 "" "Mozilla/5.0 (compatible; Yahoo! Slurp/3.0; http://help.yahoo.com/help/us/ysearch/slurp)"
65.55.105.202 - - [23/Mar/2009:19:19:23 +0000] "GET /Home/Wetter/Aktuelles_Wetter--44.html HTTP/1.1" 200 12224 "" "msnbot/1.1 (+http://search.msn.com/msnbot.htm)"
65.55.110.94 - - [23/Mar/2009:19:19:29 +0000] "GET /Home/Unsere_Hotels--7.html HTTP/1.1" 200 14190 "http://search.live.com/results.aspx?q=hotels" "Mozilla/4.0 (compatible; MSIE 6.0; Windows NT 5.2; SV1; .NET CLR 1.1.4322)"
66.249.65.145 - - [23/Mar/2009:19:19:49 +0000] "GET /Home/Wetter/Aktuelles_Wetter--44.html HTTP/1.1" 200 12182 "" "Mozilla/5.0 (compatible; Googlebot/2.1; +http://www.google.com/bot.html)"
65.55.105.195 - - [23/Mar/2009:19:20:05 +0000] "GET /Home/Specials--60.html HTTP/1.1" 200 31347 "" "msnbot/1.1 (+http://search.msn.com/msnbot.htm)"
66.249.65.145 - - [23/Mar/2009:19:20:12 +0000] "GET /Home/Details--20.html HTTP/1.1" 200 54442 "" "Mozilla/5.0 (compatible; Googlebot/2.1; +http://www.google.com/bot.html)"
65.55.105.192 - - [23/Mar/2009:19:20:14 +0000] "GET /Home/F__r_Hotels/Informationen_zu_sewahotel.com--78.html HTTP/1.1" 200 14593 "" "msnbot/1.1 (+http://search.msn.com/msnbot.htm)"
65.55.105.192 - - [23/Mar/2009:19:20:20 +0000] "GET /Home/Finden___Buchen--2.html HTTP/1.1" 200 34312 "" "msnbot/1.1 (+http://search.msn.com/msnbot.htm)"
94.220.198.146 - - [23/Mar/2009:19:20:35 +0000] "GET /Home/Details--20.html HTTP/1.1" 200 48129 "" "Mozilla/4.0 (compatible; MSIE 7.0; Windows NT 5.1; InfoPath.2)"
81.75.123.22 - - [23/Mar/2009:19:21:39 +0000] "GET /Home/Details--20.html HTTP/1.1" 200 47353 "" "Mozilla/4.0 (compatible; MSIE 6.0; Windows NT 5.1; SV1)"
65.55.110.219 - - [23/Mar/2009:19:21:45 +0000] "GET /Home/Specials--60.html HTTP/1.1" 200 31347 "http://search.live.com/results.aspx?q=hotels" "Mozilla/4.0 (compatible; MSIE 6.0; Windows NT 5.2; SV1; .NET CLR 1.1.4322)"
67.195.37.170 - - [23/Mar/2009:19:21:52 +0000] "GET /Home/Unsere_Hotels/Meraner_Land--51.html HTTP/1.1" 200 80166 "" "Mozilla/5.0 (compatible; Yahoo! Slurp/3.0; http://help.yahoo.com/help/us/ysearch/slurp)"
81.75.123.22 - - [23/Mar/2009:19:22:06 +0000] "GET /Home--1.html HTTP/1.1" 200 25210 "http://www.sewahotel.com/de/details.html?pid=11&rid=62&lang=de&hotel_id=333" "Mozilla/4.0 (compatible; MSIE 6.0; Windows NT 5.1; SV1)"
66.249.65.145 - - [23/Mar/2009:19:22:29 +0000] "GET /Home/Finden___Buchen--2.html HTTP/1.1" 200 33757 "" "Mozilla/5.0 (compatible; Googlebot/2.1; +http://www.google.com/bot.html)"
66.249.65.145 - - [23/Mar/2009:19:22:31 +0000] "GET /Home/Lastminute--63.html HTTP/1.1" 200 31551 "" "Mozilla/5.0 (compatible; Googlebot/2.1; +http://www.google.com/bot.html)"
65.55.105.195 - - [23/Mar/2009:19:22:37 +0000] "GET /Home/Specials--60.html HTTP/1.1" 200 43352 "" "msnbot/1.1 (+http://search.msn.com/msnbot.htm)"
83.233.30.104 - - [23/Mar/2009:19:22:47 +0000] "GET /Home/Details-hotel--105.html HTTP/1.1" 200 45249 "http://www.sewahotel.com/de/details-hotel.html" "Mozilla/4.0 (compatible; MSIE 6.0; Windows NT 5.1; SV1; .NET CLR 1.1.4322)"
66.249.65.145 - - [23/Mar/2009:19:23:23 +0000] "GET /Home/Lastminute--63.html HTTP/1.1" 200 33205 "" "Mozilla/5.0 (compatible; Googlebot/2.1; +http://www.google.com/bot.html)"
79.17.174.80 - - [23/Mar/2009:19:23:33 +0000] "GET /Home/Details--20.html HTTP/1.1" 200 37098 "http://www.meinsuedtirol.com/Albergo-Gruener-Baum-Glurns-.4444.0.0.1240.1.html" "Mozilla/5.0 (Windows; U; Windows NT 5.1; it; rv:1.9.0.7) Gecko/2009021910 Firefox/3.0.7"
79.17.174.80 - - [23/Mar/2009:19:23:41 +0000] "GET /Home--1.html HTTP/1.1" 200 25193 "http://www.sewahotel.com/de/details.html?pid=11&rid=62&lang=de&hotel_id=230" "Mozilla/5.0 (Windows; U; Windows NT 5.1; it; rv:1.9.0.7) Gecko/2009021910 Firefox/3.0.7"
79.17.174.80 - - [23/Mar/2009:19:23:54 +0000] "GET /Home--1.html HTTP/1.1" 200 25358 "http://www.sewahotel.com/it.html?pid=11&rid=62" "Mozilla/5.0 (Windows; U; Windows NT 5.1; it; rv:1.9.0.7) Gecko/2009021910 Firefox/3.0.7"
79.17.174.80 - - [23/Mar/2009:19:24:00 +0000] "GET /Home--1.html HTTP/1.1" 200 25188 "http://www.sewahotel.com/de.html?pid=11&rid=0" "Mozilla/5.0 (Windows; U; Windows NT 5.1; it; rv:1.9.0.7) Gecko/2009021910 Firefox/3.0.7"
79.17.174.80 - - [23/Mar/2009:19:24:41 +0000] "GET /Home/Unsere_Hotels/Vinschgau--57.html HTTP/1.1" 200 24389 "http://www.sewahotel.com/it.html?pid=6" "Mozilla/5.0 (Windows; U; Windows NT 5.1; it; rv:1.9.0.7) Gecko/2009021910 Firefox/3.0.7"
79.17.174.80 - - [23/Mar/2009:19:24:58 +0000] "GET /Home/Details--20.html HTTP/1.1" 200 36539 "http://www.sewahotel.com/it/i-nostri-hotel/val-venosta.html" "Mozilla/5.0 (Windows; U; Windows NT 5.1; it; rv:1.9.0.7) Gecko/2009021910 Firefox/3.0.7"
66.249.65.145 - - [23/Mar/2009:19:25:01 +0000] "GET /Home/Specials--60.html HTTP/1.1" 200 50838 "" "Mozilla/5.0 (compatible; Googlebot/2.1; +http://www.google.com/bot.html)"
66.249.65.145 - - [23/Mar/2009:19:25:19 +0000] "GET /Home--1.html HTTP/1.1" 200 25304 "" "Mozilla/5.0 (compatible; Googlebot/2.1; +http://www.google.com/bot.html)"
94.220.198.146 - - [23/Mar/2009:19:25:34 +0000] "GET /Home/Specials--60.html HTTP/1.1" 200 13891 "http://www.sewahotel.com/de/details.html?pid=11&rid=62&lang=de&hotel_id=342" "Mozilla/4.0 (compatible; MSIE 7.0; Windows NT 5.1; InfoPath.2)"
94.220.198.146 - - [23/Mar/2009:19:26:01 +0000] "GET /Home/Specials/Lastminuteurlaub--111.html HTTP/1.1" 200 16984 "http://www.sewahotel.com/de/specials.html?pid=11&rid=62" "Mozilla/4.0 (compatible; MSIE 7.0; Windows NT 5.1; InfoPath.2)"
194.8.75.214 - - [23/Mar/2009:19:26:06 +0000] "GET /Home/Buchen--19.html HTTP/1.1" 200 23985 "" "Mozilla/4.0 (compatible; MSIE 6.0; Windows 98; Win 9x 4.90; Creative)"
194.8.75.214 - - [23/Mar/2009:19:26:08 +0000] "GET /Home/Best__tigung--64.html HTTP/1.1" 200 18673 "http://www.sewahotel.com/de/buchen.html?pid=0&rid=0" "Mozilla/4.0 (compatible; MSIE 6.0; Windows 98; Win 9x 4.90; Creative)"
194.8.75.103 - - [23/Mar/2009:19:26:13 +0000] "GET /Home/Buchen--19.html HTTP/1.1" 200 23985 "http://www.sewahotel.com/de/buchen.html?pid=0&rid=0" "Mozilla/5.0 (Windows; U; WinNT4.0; en-US; rv:1.3a) Gecko/20021207 Phoenix/0.5"
194.8.75.103 - - [23/Mar/2009:19:26:15 +0000] "GET /Home/Best__tigung--64.html HTTP/1.1" 200 23060 "http://www.sewahotel.com/de/buchen.html?pid=0&rid=0" "Mozilla/5.0 (Windows; U; WinNT4.0; en-US; rv:1.3a) Gecko/20021207 Phoenix/0.5"
65.55.105.195 - - [23/Mar/2009:19:26:16 +0000] "GET /Home/Events/Kalender--47.html HTTP/1.1" 200 4249 "" "msnbot/1.1 (+http://search.msn.com/msnbot.htm)"
65.55.105.209 - - [23/Mar/2009:19:26:45 +0000] "GET /Home/Lastminute--63.html HTTP/1.1" 200 38722 "" "msnbot/1.1 (+http://search.msn.com/msnbot.htm)"
65.55.105.192 - - [23/Mar/2009:19:26:50 +0000] "GET /Home/Finden___Buchen--2.html HTTP/1.1" 200 34978 "" "msnbot/1.1 (+http://search.msn.com/msnbot.htm)"
66.249.65.145 - - [23/Mar/2009:19:27:14 +0000] "GET /Home/Details--20.html HTTP/1.1" 200 53673 "" "Mozilla/5.0 (compatible; Googlebot/2.1; +http://www.google.com/bot.html)"
66.249.65.145 - - [23/Mar/2009:19:27:48 +0000] "GET /Home/Lastminute--63.html HTTP/1.1" 200 33744 "" "Mozilla/5.0 (compatible; Googlebot/2.1; +http://www.google.com/bot.html)"
65.55.107.232 - - [23/Mar/2009:19:27:59 +0000] "GET /Home/Lastminute--63.html HTTP/1.1" 200 37458 "http://search.live.com/results.aspx?q=hotels" "Mozilla/4.0 (compatible; MSIE 6.0; Windows NT 5.2; SV1; .NET CLR 1.1.4322)"
65.55.105.206 - - [23/Mar/2009:19:28:56 +0000] "GET /Home/Specials--60.html HTTP/1.1" 200 43374 "" "msnbot/1.1 (+http://search.msn.com/msnbot.htm)"
66.249.65.145 - - [23/Mar/2009:19:29:35 +0000] "GET /Home/Details--20.html HTTP/1.1" 200 53182 "" "Mozilla/5.0 (compatible; Googlebot/2.1; +http://www.google.com/bot.html)"
90.128.43.158 - - [23/Mar/2009:19:30:10 +0000] "GET /Home/Details--20.html HTTP/1.1" 200 40096 "" "Mozilla/4.0 (compatible; MSIE 7.0; Windows NT 6.0; GTB5; SLCC1; .NET CLR 2.0.50727; Media Center PC 5.0; .NET CLR 3.0.04506; eSobiSubscriber 2.0.4.16)"
79.28.138.31 - - [23/Mar/2009:19:30:15 +0000] "GET /Home/Details--20.html HTTP/1.1" 200 41919 "" "Mozilla/4.0 (compatible; MSIE 7.0; Windows NT 5.1; .NET CLR 2.0.50727; InfoPath.2)"
72.30.65.29 - - [23/Mar/2009:19:30:22 +0000] "GET /Home/Specials/Wanderurlaub--106.html HTTP/1.1" 200 10560 "" "Mozilla/5.0 (compatible; Yahoo! Slurp/3.0; http://help.yahoo.com/help/us/ysearch/slurp)"
66.249.65.145 - - [23/Mar/2009:19:30:27 +0000] "GET /Home/Details--20.html HTTP/1.1" 200 41906 "" "Mozilla/5.0 (compatible; Googlebot/2.1; +http://www.google.com/bot.html)"
194.8.75.175 - - [23/Mar/2009:19:31:05 +0000] "GET /Home/Buchen--19.html HTTP/1.1" 200 23985 "http://www.sewahotel.com/de/buchen.html?pid=0&rid=0" "Mozilla/4.0 (compatible; MSIE 6.0; Windows NT 5.1; .NET CLR 1.0.3705)"
66.249.65.145 - - [23/Mar/2009:19:31:05 +0000] "GET /Home--1.html HTTP/1.1" 200 25358 "" "Mozilla/5.0 (compatible; Googlebot/2.1; +http://www.google.com/bot.html)"
194.8.75.175 - - [23/Mar/2009:19:31:06 +0000] "GET /Home/Best__tigung--64.html HTTP/1.1" 200 23658 "http://www.sewahotel.com/de/buchen.html?pid=0&rid=0" "Mozilla/4.0 (compatible; MSIE 6.0; Windows NT 5.1; .NET CLR 1.0.3705)"
82.135.68.92 - - [23/Mar/2009:19:31:29 +0000] "GET /Home/Details--20.html HTTP/1.1" 200 38628 "" "Mozilla/4.0 (compatible; MSIE 7.0; Windows NT 5.1; GTB5; .NET CLR 1.1.4322)"
94.163.131.86 - - [23/Mar/2009:19:31:50 +0000] "GET /Home--1.html HTTP/1.1" 200 25304 "http://www.meinsuedtirol.com/Grazie_per_la_sua_registrazione.1986.1.html" "Mozilla/4.0 (compatible; MSIE 6.0; Windows NT 5.1; GTB5)"
66.249.65.145 - - [23/Mar/2009:19:32:01 +0000] "GET /Home/Specials--60.html HTTP/1.1" 200 49895 "" "Mozilla/5.0 (compatible; Googlebot/2.1; +http://www.google.com/bot.html)"
85.0.214.252 - - [23/Mar/2009:19:32:21 +0000] "GET /Home/Details--20.html HTTP/1.1" 200 42902 "http://www.meinsuedtirol.com/Hotel-Adler-Morter-Latsch-.1307.0.0.1240.0.html" "Mozilla/5.0 (Windows; U; Windows NT 5.1; de; rv:1.9.0.7) Gecko/2009021910 Firefox/3.0.7"
67.195.37.170 - - [23/Mar/2009:19:32:31 +0000] "GET /Home/Details--20.html HTTP/1.1" 200 34257 "" "Mozilla/5.0 (compatible; Yahoo! Slurp; http://help.yahoo.com/help/us/ysearch/slurp)"
66.249.65.145 - - [23/Mar/2009:19:33:06 +0000] "GET /Home/Details--20.html HTTP/1.1" 200 52259 "" "Mozilla/5.0 (compatible; Googlebot/2.1; +http://www.google.com/bot.html)"
72.30.65.29 - - [23/Mar/2009:19:34:10 +0000] "GET /Home--1.html HTTP/1.1" 200 24682 "" "Mozilla/5.0 (compatible; Yahoo! Slurp/3.0; http://help.yahoo.com/help/us/ysearch/slurp)"
66.249.65.145 - - [23/Mar/2009:19:34:26 +0000] "GET /Home/Specials--60.html HTTP/1.1" 200 49279 "" "Mozilla/5.0 (compatible; Googlebot/2.1; +http://www.google.com/bot.html)"
91.89.174.176 - - [23/Mar/2009:19:34:40 +0000] "GET /Home/Details-hotel--105.html HTTP/1.1" 200 48150 "http://www.arnstein.it/" "Mozilla/5.0 (Windows; U; Windows NT 5.1; de; rv:1.9.0.7) Gecko/2009021910 Firefox/3.0.7"
90.128.43.158 - - [23/Mar/2009:19:34:48 +0000] "GET /Home/Anfrage--112.html HTTP/1.1" 200 17930 "http://www.sewahotel.com/de/details.html?pid=11&rid=62&lang=de&hotel_id=315" "Mozilla/4.0 (compatible; MSIE 7.0; Windows NT 6.0; GTB5; SLCC1; .NET CLR 2.0.50727; Media Center PC 5.0; .NET CLR 3.0.04506; eSobiSubscriber 2.0.4.16)"
90.128.43.158 - - [23/Mar/2009:19:35:09 +0000] "GET /Home/Details--20.html HTTP/1.1" 200 40096 "" "Mozilla/4.0 (compatible; MSIE 7.0; Windows NT 6.0; GTB5; SLCC1; .NET CLR 2.0.50727; Media Center PC 5.0; .NET CLR 3.0.04506; eSobiSubscriber 2.0.4.16)"
91.89.174.176 - - [23/Mar/2009:19:35:17 +0000] "GET /Home/Anfrage--112.html HTTP/1.1" 200 16205 "http://www.sewahotel.com/de/details-hotel.html?action=get_results&L=&hotel_id=146&pid=6&rid=6&lang=de&from_day=19&from_month=09&from_year=2009&to_day=26&to_month=09&to_year=2009&to_year=2009&typ=2&verpflegung=hp&anzahl_erw=2&alterkind1=&alterkind2=&alterkind3=" "Mozilla/5.0 (Windows; U; Windows NT 5.1; de; rv:1.9.0.7) Gecko/2009021910 Firefox/3.0.7"
65.55.105.194 - - [23/Mar/2009:19:36:03 +0000] "GET /Home/Wetter/Aktuelles_Wetter--44.html HTTP/1.1" 200 12182 "" "msnbot/1.1 (+http://search.msn.com/msnbot.htm)"
66.249.65.145 - - [23/Mar/2009:19:36:43 +0000] "GET /Home/Reisef__hrer_S__d.../Feldthurns--95.html HTTP/1.1" 200 26149 "" "Mozilla/5.0 (compatible; Googlebot/2.1; +http://www.google.com/bot.html)"
93.145.106.183 - - [23/Mar/2009:19:36:49 +0000] "GET /Home/Details--20.html HTTP/1.1" 200 40625 "" "Mozilla/4.0 (compatible; MSIE 7.0; Windows NT 5.1; .NET CLR 2.0.50727; .NET CLR 1.1.4322)"
66.249.65.145 - - [23/Mar/2009:19:36:52 +0000] "GET /Home/Lastminute--63.html HTTP/1.1" 200 34357 "" "Mozilla/5.0 (compatible; Googlebot/2.1; +http://www.google.com/bot.html)"
93.145.106.183 - - [23/Mar/2009:19:37:02 +0000] "GET /Home--1.html HTTP/1.1" 200 25210 "http://www.sewahotel.com/de/details.html?pid=11&rid=62&lang=de&hotel_id=283" "Mozilla/4.0 (compatible; MSIE 7.0; Windows NT 5.1; .NET CLR 2.0.50727; .NET CLR 1.1.4322)"
87.13.14.150 - - [23/Mar/2009:19:37:01 +0000] "GET /Home/Ergebnisse-hotel--102.html HTTP/1.1" 200 37443 "" "Mozilla/4.0 (compatible; MSIE 6.0; Windows NT 5.1; SV1; GTB5)"
93.145.106.183 - - [23/Mar/2009:19:37:12 +0000] "GET /Home/Details--20.html HTTP/1.1" 200 40625 "" "Mozilla/4.0 (compatible; MSIE 7.0; Windows NT 5.1; .NET CLR 2.0.50727; .NET CLR 1.1.4322)"
91.89.174.176 - - [23/Mar/2009:19:37:27 +0000] "GET /Home/Details-hotel--105.html HTTP/1.1" 200 48150 "http://www.arnstein.it/de/preise-angebote/bergurlaub/preise-angebote.html" "Mozilla/5.0 (Windows; U; Windows NT 5.1; de; rv:1.9.0.7) Gecko/2009021910 Firefox/3.0.7"
87.13.14.150 - - [23/Mar/2009:19:38:09 +0000] "GET /Home/Ergebnisse-hotel--102.html HTTP/1.1" 200 22882 "http://www.sewahotel.com/de/ergebnisse-hotel.html?action=get_results&hotel_id=&pid=109&rid=1&lang=de&from_day=23&from_month=03&from_year=2009&to_day=24&to_month=03&to_year=2009&to_year=2009&typ=&verpflegung=hp&anzahl_erw=2&alterkind1=&alterkind2=&alterkind3=&kat_art=A5" "Mozilla/4.0 (compatible; MSIE 6.0; Windows NT 5.1; SV1; GTB5)"
72.30.65.29 - - [23/Mar/2009:19:38:12 +0000] "GET /Home/Anfrage--112.html HTTP/1.1" 200 16469 "" "Mozilla/5.0 (compatible; Yahoo! Slurp/3.0; http://help.yahoo.com/help/us/ysearch/slurp)"
66.249.65.145 - - [23/Mar/2009:19:38:26 +0000] "GET /Home/Details--20.html HTTP/1.1" 200 35932 "" "Mozilla/5.0 (compatible; Googlebot/2.1; +http://www.google.com/bot.html)"
66.249.65.145 - - [23/Mar/2009:19:38:52 +0000] "GET /Home/Details--20.html HTTP/1.1" 200 52847 "" "Mozilla/5.0 (compatible; Googlebot/2.1; +http://www.google.com/bot.html)"
208.115.111.248 - - [23/Mar/2009:19:39:01 +0000] "GET /Home/Specials--60.html HTTP/1.1" 200 15647 "" "Mozilla/5.0 (compatible; DotBot/1.1; http://www.dotnetdotcom.org/, crawler@dotnetdotcom.org)"
194.8.75.239 - - [23/Mar/2009:19:39:01 +0000] "GET /Home/Buchen--19.html HTTP/1.1" 200 23985 "" "Mozilla/4.0 (compatible; MSIE 6.0; Windows NT 5.0)"
194.8.75.239 - - [23/Mar/2009:19:39:02 +0000] "GET /Home/Best__tigung--64.html HTTP/1.1" 200 19559 "http://www.sewahotel.com/de/buchen.html?pid=0&rid=0" "Mozilla/4.0 (compatible; MSIE 6.0; Windows NT 5.0)"
83.225.47.8 - - [23/Mar/2009:19:39:04 +0000] "GET /Home/Details--20.html HTTP/1.1" 200 44069 "http://www.meinsuedtirol.com/Hotel-Zentral---Centrale-Prad-Am-Stilfserjoch-.4465.0.0.1240.1.html" "Mozilla/5.0 (Macintosh; U; Intel Mac OS X 10_5_6; it-it) AppleWebKit/525.27.1 (KHTML, like Gecko) Version/3.2.1 Safari/525.27.1"
208.115.111.248 - - [23/Mar/2009:19:39:05 +0000] "GET /Home/Specials--60.html HTTP/1.1" 200 15647 "" "Mozilla/5.0 (compatible; DotBot/1.1; http://www.dotnetdotcom.org/, crawler@dotnetdotcom.org)"
208.115.111.248 - - [23/Mar/2009:19:39:10 +0000] "GET /Home/Specials/Regionen--133.html HTTP/1.1" 200 13164 "" "Mozilla/5.0 (compatible; DotBot/1.1; http://www.dotnetdotcom.org/, crawler@dotnetdotcom.org)"
208.115.111.248 - - [23/Mar/2009:19:39:14 +0000] "GET /Home/Specials/Regionen--133.html HTTP/1.1" 200 13238 "" "Mozilla/5.0 (compatible; DotBot/1.1; http://www.dotnetdotcom.org/, crawler@dotnetdotcom.org)"
208.115.111.248 - - [23/Mar/2009:19:39:19 +0000] "GET /Home/Specials/Regionen--133.html HTTP/1.1" 200 13238 "" "Mozilla/5.0 (compatible; DotBot/1.1; http://www.dotnetdotcom.org/, crawler@dotnetdotcom.org)"
83.225.47.8 - - [23/Mar/2009:19:39:20 +0000] "GET /Home--1.html HTTP/1.1" 200 25193 "http://www.sewahotel.com/de/details.html?pid=11&rid=62&lang=de&hotel_id=295" "Mozilla/5.0 (Macintosh; U; Intel Mac OS X 10_5_6; it-it) AppleWebKit/525.27.1 (KHTML, like Gecko) Version/3.2.1 Safari/525.27.1"
208.115.111.248 - - [23/Mar/2009:19:39:23 +0000] "GET /Home/Specials/Regionen--133.html HTTP/1.1" 200 13693 "" "Mozilla/5.0 (compatible; DotBot/1.1; http://www.dotnetdotcom.org/, crawler@dotnetdotcom.org)"
208.115.111.248 - - [23/Mar/2009:19:39:28 +0000] "GET /Home/Specials/Stadturlaub--108.html HTTP/1.1" 200 12588 "" "Mozilla/5.0 (compatible; DotBot/1.1; http://www.dotnetdotcom.org/, crawler@dotnetdotcom.org)"
208.115.111.248 - - [23/Mar/2009:19:39:32 +0000] "GET /Home/Specials/Stadturlaub--108.html HTTP/1.1" 200 12658 "" "Mozilla/5.0 (compatible; DotBot/1.1; http://www.dotnetdotcom.org/, crawler@dotnetdotcom.org)"
194.8.75.245 - - [23/Mar/2009:19:39:36 +0000] "GET /Home/Buchen--19.html HTTP/1.1" 200 23985 "" "Mozilla/4.0 (compatible; MSIE 6.0; Windows NT 5.1; Deepnet Explorer 1.5.0; .NET CLR 1.0.3705)"
83.225.47.8 - - [23/Mar/2009:19:39:37 +0000] "GET /Home/F__r_Hotels--75.html HTTP/1.1" 200 16059 "http://www.sewahotel.com/it.html?pid=11&rid=62" "Mozilla/5.0 (Macintosh; U; Intel Mac OS X 10_5_6; it-it) AppleWebKit/525.27.1 (KHTML, like Gecko) Version/3.2.1 Safari/525.27.1"
208.115.111.248 - - [23/Mar/2009:19:39:37 +0000] "GET /Home/Specials/Stadturlaub--108.html HTTP/1.1" 200 12910 "" "Mozilla/5.0 (compatible; DotBot/1.1; http://www.dotnetdotcom.org/, crawler@dotnetdotcom.org)"
194.8.75.245 - - [23/Mar/2009:19:39:38 +0000] "GET /Home/Best__tigung--64.html HTTP/1.1" 200 18637 "http://www.sewahotel.com/de/buchen.html?pid=0&rid=0" "Mozilla/4.0 (compatible; MSIE 6.0; Windows NT 5.1; Deepnet Explorer 1.5.0; .NET CLR 1.0.3705)"
83.225.47.8 - - [23/Mar/2009:19:39:41 +0000] "GET /Home--1.html HTTP/1.1" 200 25193 "" "Mozilla/5.0 (Macintosh; U; Intel Mac OS X 10_5_6; it-it) AppleWebKit/525.27.1 (KHTML, like Gecko) Version/3.2.1 Safari/525.27.1"
