66.249.65.145 - - [23/Mar/2009:13:18:36 +0000] "GET /Home/Details--20.html HTTP/1.1" 200 49070 "" "Mozilla/5.0 (compatible; Googlebot/2.1; +http://www.google.com/bot.html)"
65.55.105.197 - - [23/Mar/2009:13:19:11 +0000] "GET /Home--1.html HTTP/1.1" 200 25304 "" "msnbot/1.1 (+http://search.msn.com/msnbot.htm)"
65.55.105.196 - - [23/Mar/2009:13:19:19 +0000] "GET /Home/Reisef__hrer_S__d.../Martell--81.html HTTP/1.1" 200 22574 "" "msnbot/1.1 (+http://search.msn.com/msnbot.htm)"
194.8.75.239 - - [23/Mar/2009:13:19:19 +0000] "GET /Home/Buchen--19.html HTTP/1.1" 200 23985 "" "Mozilla/4.0 (compatible; MSIE 6.0; Windows NT 5.1; MRA 4.3 (build 01218); .NET CLR 1.1.4322)"
194.8.75.239 - - [23/Mar/2009:13:19:20 +0000] "GET /Home/Best__tigung--64.html HTTP/1.1" 200 19447 "http://www.sewahotel.com/de/buchen.html?pid=0&rid=0" "Mozilla/4.0 (compatible; MSIE 6.0; Windows NT 5.1; MRA 4.3 (build 01218); .NET CLR 1.1.4322)"
66.249.65.145 - - [23/Mar/2009:13:19:23 +0000] "GET /Home/Details--20.html HTTP/1.1" 200 37811 "" "Mozilla/5.0 (compatible; Googlebot/2.1; +http://www.google.com/bot.html)"
72.30.65.29 - - [23/Mar/2009:13:19:31 +0000] "GET /Home/Details--20.html HTTP/1.1" 200 39894 "" "Mozilla/5.0 (compatible; Yahoo! Slurp/3.0; http://help.yahoo.com/help/us/ysearch/slurp)"
65.55.105.197 - - [23/Mar/2009:13:20:09 +0000] "GET /Home--1.html HTTP/1.1" 200 25193 "" "msnbot/1.1 (+http://search.msn.com/msnbot.htm)"
66.249.65.145 - - [23/Mar/2009:13:20:21 +0000] "GET /Home/Details--20.html HTTP/1.1" 200 51053 "" "Mozilla/5.0 (compatible; Googlebot/2.1; +http://www.google.com/bot.html)"
66.249.65.145 - - [23/Mar/2009:13:20:39 +0000] "GET /Home/Specials--60.html HTTP/1.1" 200 69702 "" "Mozilla/5.0 (compatible; Googlebot/2.1; +http://www.google.com/bot.html)"
83.233.30.104 - - [23/Mar/2009:13:20:46 +0000] "GET /Home/Details-hotel--105.html HTTP/1.1" 200 45249 "http://www.sewahotel.com/de/details-hotel.html" "Mozilla/4.0 (compatible; MSIE 6.0; Windows NT 5.1; SV1; .NET CLR 1.1.4322)"
65.55.109.183 - - [23/Mar/2009:13:20:50 +0000] "GET /Home/Reisef__hrer_S__d.../Martell--81.html HTTP/1.1" 200 22956 "http://search.live.com/results.aspx?q=hotels" "Mozilla/4.0 (compatible; MSIE 6.0; Windows NT 5.2; SV1; .NET CLR 1.1.4322)"
72.30.65.29 - - [23/Mar/2009:13:21:41 +0000] "GET /Home/Details--20.html HTTP/1.1" 200 50241 "" "Mozilla/5.0 (compatible; Yahoo! Slurp/3.0; http://help.yahoo.com/help/us/ysearch/slurp)"
66.249.65.145 - - [23/Mar/2009:13:22:04 +0000] "GET /Home/Map/Ahrntal--118.html HTTP/1.1" 200 19655 "" "Mozilla/5.0 (compatible; Googlebot/2.1; +http://www.google.com/bot.html)"
66.249.65.145 - - [23/Mar/2009:13:22:05 +0000] "GET /Home/Finden___Buchen--2.html HTTP/1.1" 200 32162 "" "Mozilla/5.0 (compatible; Googlebot/2.1; +http://www.google.com/bot.html)"
84.57.109.162 - - [23/Mar/2009:13:22:15 +0000] "GET /Home/Ergebnisse-hotel--102.html HTTP/1.1" 200 22857 "http://www.suedtirol-information.com/System/getstuff.php?pid=109&rid=1&action=startseite_teaser3&lang=de&css1=www.suedtirol-information.com/suche_startseite/rosa.css" "Mozilla/5.0 (Windows; U; Windows NT 5.1; de; rv:1.9.0.7) Gecko/2009021910 Firefox/3.0.7"
67.195.37.170 - - [23/Mar/2009:13:22:26 +0000] "GET /Home/Events/Liste--46.html HTTP/1.1" 200 4676 "" "Mozilla/5.0 (compatible; Yahoo! Slurp; http://help.yahoo.com/help/us/ysearch/slurp)"
84.57.109.162 - - [23/Mar/2009:13:22:30 +0000] "GET /Home/Ergebnisse-hotel--102.html HTTP/1.1" 200 22916 "http://www.sewahotel.com/de/ergebnisse-hotel.html?action=get_results&hotel_id=&pid=109&rid=1&lang=de&from_day=06&from_month=04&from_year=2009&to_day=07&to_month=04&to_year=2009&to_year=2009&typ=2&verpflegung=hp&anzahl_erw=2&alterkind1=1&alterkind2=&alterkind3=&kat_art=A3" "Mozilla/5.0 (Windows; U; Windows NT 5.1; de; rv:1.9.0.7) Gecko/2009021910 Firefox/3.0.7"
84.57.109.162 - - [23/Mar/2009:13:22:36 +0000] "GET /Home/Ergebnisse-hotel--102.html HTTP/1.1" 200 22916 "http://www.sewahotel.com/de/ergebnisse-hotel.html?pid=109&rid=1" "Mozilla/5.0 (Windows; U; Windows NT 5.1; de; rv:1.9.0.7) Gecko/2009021910 Firefox/3.0.7"
84.57.109.162 - - [23/Mar/2009:13:22:45 +0000] "GET /Home/Ergebnisse-hotel--102.html HTTP/1.1" 200 22894 "http://www.sewahotel.com/de/ergebnisse-hotel.html?pid=109&rid=1" "Mozilla/5.0 (Windows; U; Windows NT 5.1; de; rv:1.9.0.7) Gecko/2009021910 Firefox/3.0.7"
66.249.65.145 - - [23/Mar/2009:13:22:49 +0000] "GET /Home/Specials--60.html HTTP/1.1" 200 36752 "" "Mozilla/5.0 (compatible; Googlebot/2.1; +http://www.google.com/bot.html)"
84.57.109.162 - - [23/Mar/2009:13:22:55 +0000] "GET /Home/Ergebnisse-hotel--102.html HTTP/1.1" 200 44045 "http://www.sewahotel.com/de/ergebnisse-hotel.html?pid=109&rid=1" "Mozilla/5.0 (Windows; U; Windows NT 5.1; de; rv:1.9.0.7) Gecko/2009021910 Firefox/3.0.7"
84.57.109.162 - - [23/Mar/2009:13:23:02 +0000] "GET /Home/Ergebnisse-hotel--102.html HTTP/1.1" 200 30513 "http://www.sewahotel.com/de/ergebnisse-hotel.html?pid=109&rid=1" "Mozilla/5.0 (Windows; U; Windows NT 5.1; de; rv:1.9.0.7) Gecko/2009021910 Firefox/3.0.7"
84.57.109.162 - - [23/Mar/2009:13:23:10 +0000] "GET /Home/Ergebnisse-hotel--102.html HTTP/1.1" 200 44045 "http://www.sewahotel.com/de/ergebnisse-hotel.html?pid=109&rid=1" "Mozilla/5.0 (Windows; U; Windows NT 5.1; de; rv:1.9.0.7) Gecko/2009021910 Firefox/3.0.7"
84.57.109.162 - - [23/Mar/2009:13:23:27 +0000] "GET /Home/Ergebnisse-hotel--102.html HTTP/1.1" 200 22857 "http://www.suedtirol-information.com/System/getstuff.php?pid=109&rid=1&action=startseite_teaser3&lang=de&css1=www.suedtirol-information.com/suche_startseite/rosa.css" "Mozilla/5.0 (Windows; U; Windows NT 5.1; de; rv:1.9.0.7) Gecko/2009021910 Firefox/3.0.7"
84.57.109.162 - - [23/Mar/2009:13:23:37 +0000] "GET /Home/Ergebnisse-hotel--102.html HTTP/1.1" 200 44045 "http://www.sewahotel.com/de/ergebnisse-hotel.html?action=get_results&hotel_id=&pid=109&rid=1&lang=de&from_day=06&from_month=04&from_year=2009&to_day=07&to_month=04&to_year=2009&to_year=2009&typ=2&verpflegung=zf&anzahl_erw=2&alterkind1=1&alterkind2=&alterkind3=&kat_art=A3" "Mozilla/5.0 (Windows; U; Windows NT 5.1; de; rv:1.9.0.7) Gecko/2009021910 Firefox/3.0.7"
66.249.65.145 - - [23/Mar/2009:13:23:44 +0000] "GET /Home/Map/Dolomiten--122.html HTTP/1.1" 200 22487 "" "Mozilla/5.0 (compatible; Googlebot/2.1; +http://www.google.com/bot.html)"
72.30.65.29 - - [23/Mar/2009:13:24:41 +0000] "GET /Home/Details--20.html HTTP/1.1" 200 55155 "" "Mozilla/5.0 (compatible; Yahoo! Slurp/3.0; http://help.yahoo.com/help/us/ysearch/slurp)"
66.249.65.145 - - [23/Mar/2009:13:24:44 +0000] "GET /Home/Details--20.html HTTP/1.1" 200 39902 "" "Mozilla/5.0 (compatible; Googlebot/2.1; +http://www.google.com/bot.html)"
66.249.65.145 - - [23/Mar/2009:13:24:59 +0000] "GET /Home/Specials--60.html HTTP/1.1" 200 37145 "" "Mozilla/5.0 (compatible; Googlebot/2.1; +http://www.google.com/bot.html)"
66.249.65.145 - - [23/Mar/2009:13:25:24 +0000] "GET /Home/Reisef__hrer_S__dtirol--80.html HTTP/1.1" 200 20913 "" "Mozilla/5.0 (compatible; Googlebot/2.1; +http://www.google.com/bot.html)"
83.233.30.104 - - [23/Mar/2009:13:26:16 +0000] "GET /Home/Details-hotel--105.html HTTP/1.1" 200 45249 "http://www.sewahotel.com/de/details-hotel.html" "Mozilla/4.0 (compatible; MSIE 6.0; Windows NT 5.1; SV1; .NET CLR 1.1.4322)"
66.249.65.145 - - [23/Mar/2009:13:27:04 +0000] "GET /Home/Lastminute--63.html HTTP/1.1" 200 25588 "" "Mozilla/5.0 (compatible; Googlebot/2.1; +http://www.google.com/bot.html)"
66.249.65.145 - - [23/Mar/2009:13:27:09 +0000] "GET /Home/Specials--60.html HTTP/1.1" 200 35960 "" "Mozilla/5.0 (compatible; Googlebot/2.1; +http://www.google.com/bot.html)"
66.249.65.145 - - [23/Mar/2009:13:27:25 +0000] "GET /Home/Reisef__hrer_S__d.../Schlanders--91.html HTTP/1.1" 200 23297 "" "Mozilla/5.0 (compatible; Googlebot/2.1; +http://www.google.com/bot.html)"
66.249.65.145 - - [23/Mar/2009:13:28:53 +0000] "GET /Home/Map/Eisacktal--120.html HTTP/1.1" 200 20978 "" "Mozilla/5.0 (compatible; Googlebot/2.1; +http://www.google.com/bot.html)"
66.249.65.145 - - [23/Mar/2009:13:29:19 +0000] "GET /Home/Specials--60.html HTTP/1.1" 200 36279 "" "Mozilla/5.0 (compatible; Googlebot/2.1; +http://www.google.com/bot.html)"
72.30.65.29 - - [23/Mar/2009:13:29:20 +0000] "GET /Home/Details--20.html HTTP/1.1" 200 40446 "" "Mozilla/5.0 (compatible; Yahoo! Slurp/3.0; http://help.yahoo.com/help/us/ysearch/slurp)"
66.249.65.145 - - [23/Mar/2009:13:30:29 +0000] "GET /Home/Map/Pustertal--117.html HTTP/1.1" 200 21237 "" "Mozilla/5.0 (compatible; Googlebot/2.1; +http://www.google.com/bot.html)"
72.30.65.29 - - [23/Mar/2009:13:30:34 +0000] "GET /Home/Anfrage--112.html HTTP/1.1" 200 16617 "" "Mozilla/5.0 (compatible; Yahoo! Slurp/3.0; http://help.yahoo.com/help/us/ysearch/slurp)"
65.55.105.192 - - [23/Mar/2009:13:30:58 +0000] "GET /Home/Unsere_Hotels--7.html HTTP/1.1" 200 15540 "" "msnbot/1.1 (+http://search.msn.com/msnbot.htm)"
66.249.65.145 - - [23/Mar/2009:13:31:30 +0000] "GET /Home/Specials--60.html HTTP/1.1" 200 68897 "" "Mozilla/5.0 (compatible; Googlebot/2.1; +http://www.google.com/bot.html)"
65.55.105.197 - - [23/Mar/2009:13:31:54 +0000] "GET /Home/Lastminute--63.html HTTP/1.1" 200 32658 "" "msnbot/1.1 (+http://search.msn.com/msnbot.htm)"
66.249.65.145 - - [23/Mar/2009:13:32:14 +0000] "GET /Home/Map/S__dtirols_S__den--121.html HTTP/1.1" 200 22233 "" "Mozilla/5.0 (compatible; Googlebot/2.1; +http://www.google.com/bot.html)"
194.8.75.175 - - [23/Mar/2009:13:32:22 +0000] "GET /Home/Buchen--19.html HTTP/1.1" 200 23985 "http://www.sewahotel.com/de/buchen.html?pid=0&rid=0" "Mozilla/4.0 (compatible; MSIE 6.0; Windows NT 5.1; SV1)"
194.8.75.175 - - [23/Mar/2009:13:32:25 +0000] "GET /Home/Best__tigung--64.html HTTP/1.1" 200 23607 "http://www.sewahotel.com/de/buchen.html?pid=0&rid=0" "Mozilla/4.0 (compatible; MSIE 6.0; Windows NT 5.1; SV1)"
66.249.65.145 - - [23/Mar/2009:13:33:40 +0000] "GET /Home/Details--20.html HTTP/1.1" 200 43594 "" "Mozilla/5.0 (compatible; Googlebot/2.1; +http://www.google.com/bot.html)"
66.249.65.145 - - [23/Mar/2009:13:33:52 +0000] "GET /Home/Map/Meraner_Land--131.html HTTP/1.1" 200 27009 "" "Mozilla/5.0 (compatible; Googlebot/2.1; +http://www.google.com/bot.html)"
66.249.65.145 - - [23/Mar/2009:13:35:26 +0000] "GET /Home/Details--20.html HTTP/1.1" 200 37521 "" "Mozilla/5.0 (compatible; Googlebot/2.1; +http://www.google.com/bot.html)"
66.249.65.145 - - [23/Mar/2009:13:35:33 +0000] "GET /Home/Map/__sterreich--123.html HTTP/1.1" 200 17385 "" "Mozilla/5.0 (compatible; Googlebot/2.1; +http://www.google.com/bot.html)"
66.249.65.145 - - [23/Mar/2009:13:35:50 +0000] "GET /Home/Specials--60.html HTTP/1.1" 200 69086 "" "Mozilla/5.0 (compatible; Googlebot/2.1; +http://www.google.com/bot.html)"
75.101.208.115 - - [23/Mar/2009:13:35:53 +0000] "GET /Home--1.html HTTP/1.1" 200 25304 "" "SimilarPages/Nutch-1.0-dev (SimilarPages Nutch Crawler; http://www.similarpages.com; info at similarpages dot com)"
72.30.65.29 - - [23/Mar/2009:13:36:25 +0000] "GET /Home/Events/Liste--46.html HTTP/1.1" 200 4676 "" "Mozilla/5.0 (compatible; Yahoo! Slurp/3.0; http://help.yahoo.com/help/us/ysearch/slurp)"
66.249.65.145 - - [23/Mar/2009:13:37:29 +0000] "GET /Home/Map/Vinschgau--119.html HTTP/1.1" 200 19664 "" "Mozilla/5.0 (compatible; Googlebot/2.1; +http://www.google.com/bot.html)"
66.249.65.145 - - [23/Mar/2009:13:38:00 +0000] "GET /Home/Specials--60.html HTTP/1.1" 200 37647 "" "Mozilla/5.0 (compatible; Googlebot/2.1; +http://www.google.com/bot.html)"
66.249.65.145 - - [23/Mar/2009:13:38:07 +0000] "GET /Home/Details--20.html HTTP/1.1" 200 40021 "" "Mozilla/5.0 (compatible; Googlebot/2.1; +http://www.google.com/bot.html)"
194.8.75.103 - - [23/Mar/2009:13:38:18 +0000] "GET /Home/Buchen--19.html HTTP/1.1" 200 23985 "http://www.sewahotel.com/de/buchen.html?pid=0&rid=0" "Mozilla/5.0 (Windows; U; WinNT4.0; en-US; rv:1.5) Gecko/20031016 K-Meleon/0.8"
75.101.208.115 - - [23/Mar/2009:13:38:19 +0000] "GET /Home--1.html HTTP/1.1" 200 25183 "" "SimilarPages/Nutch-1.0-dev (SimilarPages Nutch Crawler; http://www.similarpages.com; info at similarpages dot com)"
194.8.75.103 - - [23/Mar/2009:13:38:23 +0000] "GET /Home/Best__tigung--64.html HTTP/1.1" 200 23783 "http://www.sewahotel.com/de/buchen.html?pid=0&rid=0" "Mozilla/5.0 (Windows; U; WinNT4.0; en-US; rv:1.5) Gecko/20031016 K-Meleon/0.8"
72.30.65.29 - - [23/Mar/2009:13:38:44 +0000] "GET /Home/Details--20.html HTTP/1.1" 200 40145 "" "Mozilla/5.0 (compatible; Yahoo! Slurp/3.0; http://help.yahoo.com/help/us/ysearch/slurp)"
66.249.65.145 - - [23/Mar/2009:13:39:04 +0000] "GET /Home/Details--20.html HTTP/1.1" 200 59020 "" "Mozilla/5.0 (compatible; Googlebot/2.1; +http://www.google.com/bot.html)"
65.55.105.209 - - [23/Mar/2009:13:39:36 +0000] "GET /Home--1.html HTTP/1.1" 200 24719 "" "msnbot/1.1 (+http://search.msn.com/msnbot.htm)"
194.8.74.11 - - [23/Mar/2009:13:39:53 +0000] "GET /Home/Buchen--19.html HTTP/1.1" 200 23985 "" "Mozilla/4.0 (compatible; MSIE 6.0; Windows NT 5.2; Win64; AMD64)"
194.8.74.11 - - [23/Mar/2009:13:40:00 +0000] "GET /Home/Best__tigung--64.html HTTP/1.1" 200 27490 "http://www.sewahotel.com/de/buchen.html?pid=0&rid=0" "Mozilla/4.0 (compatible; MSIE 6.0; Windows NT 5.2; Win64; AMD64)"
66.249.65.145 - - [23/Mar/2009:13:40:11 +0000] "GET /Home/Specials--60.html HTTP/1.1" 200 70320 "" "Mozilla/5.0 (compatible; Googlebot/2.1; +http://www.google.com/bot.html)"
66.249.65.145 - - [23/Mar/2009:13:40:42 +0000] "GET /Home/Details--20.html HTTP/1.1" 200 60477 "" "Mozilla/5.0 (compatible; Googlebot/2.1; +http://www.google.com/bot.html)"
72.30.65.29 - - [23/Mar/2009:13:40:45 +0000] "GET /Home/Details--20.html HTTP/1.1" 200 46506 "" "Mozilla/5.0 (compatible; Yahoo! Slurp/3.0; http://help.yahoo.com/help/us/ysearch/slurp)"
66.249.65.145 - - [23/Mar/2009:13:40:47 +0000] "GET /Home/Details--20.html HTTP/1.1" 200 42249 "" "Mozilla/5.0 (compatible; Googlebot/2.1; +http://www.google.com/bot.html)"
193.24.249.110 - - [23/Mar/2009:13:41:25 +0000] "GET /Home/Details--20.html HTTP/1.1" 200 57707 "" "Mozilla/4.0 (compatible; MSIE 6.0; Windows NT 5.2; SV1; .NET CLR 1.1.4322; InfoPath.1)"
194.8.75.212 - - [23/Mar/2009:13:41:49 +0000] "GET /Home/Buchen--19.html HTTP/1.1" 200 23985 "" "Mozilla/4.0 (compatible; MSIE 4.01; Digital AlphaServer 1000A 4/233; Windows NT; Powered By 64-Bit Alpha Processor)"
194.8.75.212 - - [23/Mar/2009:13:41:51 +0000] "GET /Home/Best__tigung--64.html HTTP/1.1" 200 18951 "http://www.sewahotel.com/de/buchen.html?pid=0&rid=0" "Mozilla/4.0 (compatible; MSIE 4.01; Digital AlphaServer 1000A 4/233; Windows NT; Powered By 64-Bit Alpha Processor)"
66.249.65.145 - - [23/Mar/2009:13:42:21 +0000] "GET /Home/Specials--60.html HTTP/1.1" 200 69850 "" "Mozilla/5.0 (compatible; Googlebot/2.1; +http://www.google.com/bot.html)"
66.249.65.145 - - [23/Mar/2009:13:42:22 +0000] "GET /Home/Details--20.html HTTP/1.1" 200 51091 "" "Mozilla/5.0 (compatible; Googlebot/2.1; +http://www.google.com/bot.html)"
65.55.105.205 - - [23/Mar/2009:13:42:23 +0000] "GET /Home/Lastminute--63.html HTTP/1.1" 200 24914 "" "msnbot/1.1 (+http://search.msn.com/msnbot.htm)"
72.30.65.29 - - [23/Mar/2009:13:42:33 +0000] "GET /Home/Lastminute--63.html HTTP/1.1" 200 22034 "" "Mozilla/5.0 (compatible; Yahoo! Slurp/3.0; http://help.yahoo.com/help/us/ysearch/slurp)"
193.24.249.110 - - [23/Mar/2009:13:43:19 +0000] "GET /Home/Specials--60.html HTTP/1.1" 200 13891 "http://www.sewahotel.com/de/details.html?pid=11&rid=62&lang=de&hotel_id=310" "Mozilla/4.0 (compatible; MSIE 6.0; Windows NT 5.2; SV1; .NET CLR 1.1.4322; InfoPath.1)"
66.249.65.145 - - [23/Mar/2009:13:43:28 +0000] "GET /Home/Details--20.html HTTP/1.1" 200 38779 "" "Mozilla/5.0 (compatible; Googlebot/2.1; +http://www.google.com/bot.html)"
141.48.76.41 - - [23/Mar/2009:13:44:10 +0000] "GET /Home/Details--20.html HTTP/1.1" 200 36038 "http://www.meinsuedtirol.com/Hotel-Eppan-.977.0.html" "Mozilla/5.0 (Windows; U; Windows NT 5.1; de; rv:1.9.0.7) Gecko/2009021910 Firefox/3.0.7"
66.249.65.145 - - [23/Mar/2009:13:44:15 +0000] "GET /Home/Details--20.html HTTP/1.1" 200 45874 "" "Mozilla/5.0 (compatible; Googlebot/2.1; +http://www.google.com/bot.html)"
66.249.65.145 - - [23/Mar/2009:13:44:31 +0000] "GET /Home/Specials--60.html HTTP/1.1" 200 37733 "" "Mozilla/5.0 (compatible; Googlebot/2.1; +http://www.google.com/bot.html)"
67.195.37.170 - - [23/Mar/2009:13:44:49 +0000] "GET /Home/Unsere_Hotels/Vinschgau--57.html HTTP/1.1" 200 21970 "" "Mozilla/5.0 (compatible; Yahoo! Slurp; http://help.yahoo.com/help/us/ysearch/slurp)"
141.48.76.41 - - [23/Mar/2009:13:45:06 +0000] "GET /Home/Details--20.html HTTP/1.1" 200 38549 "http://www.sewahotel.com/de/details.html?pid=11&rid=62&lang=de&hotel_id=125" "Mozilla/5.0 (Windows; U; Windows NT 5.1; de; rv:1.9.0.7) Gecko/2009021910 Firefox/3.0.7"
194.8.75.175 - - [23/Mar/2009:13:45:07 +0000] "GET /Home/Buchen--19.html HTTP/1.1" 200 23985 "http://www.sewahotel.com/de/buchen.html?pid=0&rid=0" "Mozilla/4.0 (compatible; MSIE 6.0; Windows NT 5.1; SV1; .NET CLR 1.1.4322; .NET CLR 2.0.50727)"
194.8.75.175 - - [23/Mar/2009:13:45:09 +0000] "GET /Home/Best__tigung--64.html HTTP/1.1" 200 23780 "http://www.sewahotel.com/de/buchen.html?pid=0&rid=0" "Mozilla/4.0 (compatible; MSIE 6.0; Windows NT 5.1; SV1; .NET CLR 1.1.4322; .NET CLR 2.0.50727)"
194.8.75.103 - - [23/Mar/2009:13:45:15 +0000] "GET /Home/Buchen--19.html HTTP/1.1" 200 23985 "http://www.sewahotel.com/de/buchen.html?pid=0&rid=0" "Mozilla/5.0 (Windows; U; Windows NT 5.0; en-US; rv:1.7.5) Gecko/20050519 Netscape/8.0.1"
141.48.76.41 - - [23/Mar/2009:13:45:15 +0000] "GET /Home/Ergebnisse--18.html HTTP/1.1" 200 90358 "http://www.sewahotel.com/de/details.html?pid=11&rid=62" "Mozilla/5.0 (Windows; U; Windows NT 5.1; de; rv:1.9.0.7) Gecko/2009021910 Firefox/3.0.7"
194.8.75.103 - - [23/Mar/2009:13:45:18 +0000] "GET /Home/Best__tigung--64.html HTTP/1.1" 200 22781 "http://www.sewahotel.com/de/buchen.html?pid=0&rid=0" "Mozilla/5.0 (Windows; U; Windows NT 5.0; en-US; rv:1.7.5) Gecko/20050519 Netscape/8.0.1"
141.48.76.41 - - [23/Mar/2009:13:45:53 +0000] "GET /Home/Ergebnisse--18.html HTTP/1.1" 200 83861 "http://www.sewahotel.com/de/ergebnisse.html?pid=11&rid=62" "Mozilla/5.0 (Windows; U; Windows NT 5.1; de; rv:1.9.0.7) Gecko/2009021910 Firefox/3.0.7"
66.249.65.145 - - [23/Mar/2009:13:46:09 +0000] "GET /Home/Reisef__hrer_S__d.../Schluderns--87.html HTTP/1.1" 200 23530 "" "Mozilla/5.0 (compatible; Googlebot/2.1; +http://www.google.com/bot.html)"
66.249.65.145 - - [23/Mar/2009:13:46:10 +0000] "GET /Home/Details--20.html HTTP/1.1" 200 50061 "" "Mozilla/5.0 (compatible; Googlebot/2.1; +http://www.google.com/bot.html)"
141.48.76.41 - - [23/Mar/2009:13:46:18 +0000] "GET /Home/Ergebnisse--18.html HTTP/1.1" 200 72109 "http://www.sewahotel.com/de/ergebnisse.html?pid=11&rid=62" "Mozilla/5.0 (Windows; U; Windows NT 5.1; de; rv:1.9.0.7) Gecko/2009021910 Firefox/3.0.7"
66.249.65.145 - - [23/Mar/2009:13:46:41 +0000] "GET /Home/Specials--60.html HTTP/1.1" 200 69884 "" "Mozilla/5.0 (compatible; Googlebot/2.1; +http://www.google.com/bot.html)"
194.8.75.239 - - [23/Mar/2009:13:48:04 +0000] "GET /Home/Buchen--19.html HTTP/1.1" 200 23985 "" "Mozilla/4.0 (compatible; MSIE 6.0; Windows NT 5.1; SV1; FunWebProducts; .NET CLR 1.1.4322; PeoplePal 6.2)"
194.8.75.239 - - [23/Mar/2009:13:48:04 +0000] "GET /Home/Best__tigung--64.html HTTP/1.1" 200 18905 "http://www.sewahotel.com/de/buchen.html?pid=0&rid=0" "Mozilla/4.0 (compatible; MSIE 6.0; Windows NT 5.1; SV1; FunWebProducts; .NET CLR 1.1.4322; PeoplePal 6.2)"
72.30.65.29 - - [23/Mar/2009:13:48:13 +0000] "GET /Home/Details--20.html HTTP/1.1" 200 60399 "" "Mozilla/5.0 (compatible; Yahoo! Slurp/3.0; http://help.yahoo.com/help/us/ysearch/slurp)"
66.249.71.130 - - [23/Mar/2009:13:48:51 +0000] "GET /Home/Specials--60.html HTTP/1.1" 200 68618 "" "Mozilla/5.0 (compatible; Googlebot/2.1; +http://www.google.com/bot.html)"
82.58.106.43 - - [23/Mar/2009:13:49:57 +0000] "GET /Home/Details--20.html HTTP/1.1" 200 37098 "" "Mozilla/4.0 (compatible; MSIE 6.0; Windows NT 5.1; SV1; .NET CLR 1.1.4322)"
83.233.30.104 - - [23/Mar/2009:13:49:58 +0000] "GET /Home/Details-hotel--105.html HTTP/1.1" 200 45246 "http://www.sewahotel.com/de/details-hotel.html" "Mozilla/4.0 (compatible; MSIE 6.0; Windows NT 5.1; SV1; .NET CLR 1.1.4322)"
82.58.106.43 - - [23/Mar/2009:13:50:21 +0000] "GET /Home--1.html HTTP/1.1" 200 25210 "http://www.sewahotel.com/de/details.html?pid=11&rid=62&lang=de&hotel_id=230" "Mozilla/4.0 (compatible; MSIE 6.0; Windows NT 5.1; SV1; .NET CLR 1.1.4322)"
66.249.65.145 - - [23/Mar/2009:13:50:32 +0000] "GET /Home/Specials--60.html HTTP/1.1" 200 64342 "" "Mozilla/5.0 (compatible; Googlebot/2.1; +http://www.google.com/bot.html)"
66.249.65.145 - - [23/Mar/2009:13:50:33 +0000] "GET /Home/Lastminute--63.html HTTP/1.1" 200 32775 "" "Mozilla/5.0 (compatible; Googlebot/2.1; +http://www.google.com/bot.html)"
66.249.65.145 - - [23/Mar/2009:13:50:34 +0000] "GET /Home/Details--20.html HTTP/1.1" 200 47877 "" "Mozilla/5.0 (compatible; Googlebot/2.1; +http://www.google.com/bot.html)"
66.249.65.145 - - [23/Mar/2009:13:50:35 +0000] "GET /Home/Lastminute--63.html HTTP/1.1" 200 31572 "" "Mozilla/5.0 (compatible; Googlebot/2.1; +http://www.google.com/bot.html)"
66.249.65.145 - - [23/Mar/2009:13:50:36 +0000] "GET /Home/Details--20.html HTTP/1.1" 200 51545 "" "Mozilla/5.0 (compatible; Googlebot/2.1; +http://www.google.com/bot.html)"
66.249.65.145 - - [23/Mar/2009:13:50:37 +0000] "GET /Home/Details--20.html HTTP/1.1" 200 55622 "" "Mozilla/5.0 (compatible; Googlebot/2.1; +http://www.google.com/bot.html)"
217.225.106.162 - - [23/Mar/2009:13:50:37 +0000] "GET /Home/Ergebnisse-hotel--102.html HTTP/1.1" 200 61866 "http://www.suedtirol-information.com/System/getstuff.php?pid=109&rid=1&action=startseite_teaser3&lang=de&css1=www.suedtirol-information.com/suche_startseite/rosa.css" "Mozilla/5.0 (Windows; U; Windows NT 6.0; de; rv:1.9.0.7) Gecko/2009021910 Firefox/3.0.7"
66.249.65.145 - - [23/Mar/2009:13:50:38 +0000] "GET /Home/Details--20.html HTTP/1.1" 200 60252 "" "Mozilla/5.0 (compatible; Googlebot/2.1; +http://www.google.com/bot.html)"
66.249.65.145 - - [23/Mar/2009:13:50:39 +0000] "GET /Home/Details--20.html HTTP/1.1" 200 56263 "" "Mozilla/5.0 (compatible; Googlebot/2.1; +http://www.google.com/bot.html)"
66.249.65.145 - - [23/Mar/2009:13:50:40 +0000] "GET /Home/Reisef__hrer_S__d.../Burgstall--88.html HTTP/1.1" 200 23505 "" "Mozilla/5.0 (compatible; Googlebot/2.1; +http://www.google.com/bot.html)"
66.249.65.145 - - [23/Mar/2009:13:50:41 +0000] "GET /Home/Details--20.html HTTP/1.1" 200 51647 "" "Mozilla/5.0 (compatible; Googlebot/2.1; +http://www.google.com/bot.html)"
66.249.65.145 - - [23/Mar/2009:13:50:44 +0000] "GET /Home/Details--20.html HTTP/1.1" 200 55700 "" "Mozilla/5.0 (compatible; Googlebot/2.1; +http://www.google.com/bot.html)"
66.249.65.145 - - [23/Mar/2009:13:50:46 +0000] "GET /Home/Lastminute--63.html HTTP/1.1" 200 32501 "" "Mozilla/5.0 (compatible; Googlebot/2.1; +http://www.google.com/bot.html)"
66.249.65.145 - - [23/Mar/2009:13:50:48 +0000] "GET /Home/Details--20.html HTTP/1.1" 200 54025 "" "Mozilla/5.0 (compatible; Googlebot/2.1; +http://www.google.com/bot.html)"
66.249.65.145 - - [23/Mar/2009:13:50:49 +0000] "GET /Home/Details--20.html HTTP/1.1" 200 45176 "" "Mozilla/5.0 (compatible; Googlebot/2.1; +http://www.google.com/bot.html)"
66.249.65.145 - - [23/Mar/2009:13:50:50 +0000] "GET /Home/Lastminute--63.html HTTP/1.1" 200 31227 "" "Mozilla/5.0 (compatible; Googlebot/2.1; +http://www.google.com/bot.html)"
66.249.65.145 - - [23/Mar/2009:13:51:01 +0000] "GET /Home/Specials--60.html HTTP/1.1" 200 36590 "" "Mozilla/5.0 (compatible; Googlebot/2.1; +http://www.google.com/bot.html)"
66.249.65.145 - - [23/Mar/2009:13:51:03 +0000] "GET /Home/Unsere_Hotels/S__dtirols_S__den--55.html HTTP/1.1" 200 44813 "" "Mozilla/5.0 (compatible; Googlebot/2.1; +http://www.google.com/bot.html)"
82.58.106.43 - - [23/Mar/2009:13:51:23 +0000] "GET /Home--1.html HTTP/1.1" 200 25210 "http://www.sewahotel.com/de/details.html?pid=11&rid=62&lang=de&hotel_id=230" "Mozilla/4.0 (compatible; MSIE 6.0; Windows NT 5.1; SV1; .NET CLR 1.1.4322)"
82.58.106.43 - - [23/Mar/2009:13:51:31 +0000] "GET /Home/Unsere_Hotels/Vinschgau--57.html HTTP/1.1" 200 22485 "http://www.sewahotel.com/it.html?pid=11&rid=62" "Mozilla/4.0 (compatible; MSIE 6.0; Windows NT 5.1; SV1; .NET CLR 1.1.4322)"
79.207.76.5 - - [23/Mar/2009:13:51:59 +0000] "GET /Home--1.html HTTP/1.1" 200 25304 "http://www.meinsuedtirol.com/Hotel-Eppan-.977.0.html" "Mozilla/4.0 (compatible; MSIE 7.0; Windows NT 5.1; .NET CLR 1.1.4322; .NET CLR 2.0.50727)"
79.207.76.5 - - [23/Mar/2009:13:52:07 +0000] "GET /Home/Unsere_Hotels/S__dtirols_S__den--55.html HTTP/1.1" 200 43492 "http://www.sewahotel.com/" "Mozilla/4.0 (compatible; MSIE 7.0; Windows NT 5.1; .NET CLR 1.1.4322; .NET CLR 2.0.50727)"
67.195.37.170 - - [23/Mar/2009:13:52:52 +0000] "GET /Home/__ber_uns--65.html HTTP/1.1" 200 11925 "" "Mozilla/5.0 (compatible; Yahoo! Slurp/3.0; http://help.yahoo.com/help/us/ysearch/slurp)"
66.249.65.145 - - [23/Mar/2009:13:53:12 +0000] "GET /Home/Specials--60.html HTTP/1.1" 200 36702 "" "Mozilla/5.0 (compatible; Googlebot/2.1; +http://www.google.com/bot.html)"
72.30.65.29 - - [23/Mar/2009:13:53:28 +0000] "GET /Home--1.html HTTP/1.1" 200 24714 "" "Mozilla/5.0 (compatible; Yahoo! Slurp/3.0; http://help.yahoo.com/help/us/ysearch/slurp)"
66.249.65.145 - - [23/Mar/2009:13:54:10 +0000] "GET /Home/Reisef__hrer_S__d.../Tiers--93.html HTTP/1.1" 200 26253 "" "Mozilla/5.0 (compatible; Googlebot/2.1; +http://www.google.com/bot.html)"
65.55.105.197 - - [23/Mar/2009:13:54:16 +0000] "GET /Home/Specials--60.html HTTP/1.1" 200 62327 "" "msnbot/1.1 (+http://search.msn.com/msnbot.htm)"
66.249.65.145 - - [23/Mar/2009:13:55:22 +0000] "GET /Home/Specials--60.html HTTP/1.1" 200 69880 "" "Mozilla/5.0 (compatible; Googlebot/2.1; +http://www.google.com/bot.html)"
65.55.105.195 - - [23/Mar/2009:13:56:20 +0000] "GET /Home--1.html HTTP/1.1" 200 25304 "" "msnbot/1.1 (+http://search.msn.com/msnbot.htm)"
72.30.65.29 - - [23/Mar/2009:13:56:30 +0000] "GET /Home/Specials--60.html HTTP/1.1" 200 14423 "" "Mozilla/5.0 (compatible; Yahoo! Slurp/3.0; http://help.yahoo.com/help/us/ysearch/slurp)"
72.30.65.29 - - [23/Mar/2009:13:56:53 +0000] "GET /Home/Specials--60.html HTTP/1.1" 200 13755 "" "Mozilla/5.0 (compatible; Yahoo! Slurp/3.0; http://help.yahoo.com/help/us/ysearch/slurp)"
65.55.105.193 - - [23/Mar/2009:13:57:03 +0000] "GET /Home/__ber_uns--65.html HTTP/1.1" 200 12857 "" "msnbot/1.1 (+http://search.msn.com/msnbot.htm)"
66.249.65.145 - - [23/Mar/2009:13:57:32 +0000] "GET /Home/Specials--60.html HTTP/1.1" 200 35957 "" "Mozilla/5.0 (compatible; Googlebot/2.1; +http://www.google.com/bot.html)"
65.55.105.196 - - [23/Mar/2009:13:57:43 +0000] "GET /Home/Specials--60.html HTTP/1.1" 200 34218 "" "msnbot/1.1 (+http://search.msn.com/msnbot.htm)"
75.101.208.115 - - [23/Mar/2009:13:58:09 +0000] "GET /Home--1.html HTTP/1.1" 200 25019 "" "SimilarPages/Nutch-1.0-dev (SimilarPages Nutch Crawler; http://www.similarpages.com; info at similarpages dot com)"
66.249.65.145 - - [23/Mar/2009:13:59:42 +0000] "GET /Home/Specials--60.html HTTP/1.1" 200 65175 "" "Mozilla/5.0 (compatible; Googlebot/2.1; +http://www.google.com/bot.html)"
77.163.140.181 - - [23/Mar/2009:14:01:06 +0000] "GET /Home/Details--20.html HTTP/1.1" 200 38628 "http://www.meinsuedtirol.com/Ferienwohnungen-Moarhof-Hafling-.4463.0.0.1240.0.html" "Mozilla/5.0 (Macintosh; U; Intel Mac OS X 10_5_6; nl-nl) AppleWebKit/528.16 (KHTML, like Gecko) Version/4.0 Safari/528.16"
65.55.105.193 - - [23/Mar/2009:14:01:18 +0000] "GET /Home/Specials/Wanderurlaub--106.html HTTP/1.1" 200 40929 "" "msnbot/1.1 (+http://search.msn.com/msnbot.htm)"
66.249.65.145 - - [23/Mar/2009:14:01:52 +0000] "GET /Home/Details--20.html HTTP/1.1" 200 54181 "" "Mozilla/5.0 (compatible; Googlebot/2.1; +http://www.google.com/bot.html)"
66.249.65.145 - - [23/Mar/2009:14:02:11 +0000] "GET /Home/Lastminute--63.html HTTP/1.1" 200 32226 "" "Mozilla/5.0 (compatible; Googlebot/2.1; +http://www.google.com/bot.html)"
65.55.108.241 - - [23/Mar/2009:14:02:50 +0000] "GET /Home/Specials--60.html HTTP/1.1" 200 31924 "" "msnbot-media/1.1 (+http://search.msn.com/msnbot.htm)"
194.8.75.245 - - [23/Mar/2009:14:02:55 +0000] "GET /Home/Buchen--19.html HTTP/1.1" 200 23985 "" "Mozilla/4.0 (compatible; MSIE 5.0; Windows 3.1)"
194.8.75.245 - - [23/Mar/2009:14:02:59 +0000] "GET /Home/Best__tigung--64.html HTTP/1.1" 200 18723 "http://www.sewahotel.com/de/buchen.html?pid=0&rid=0" "Mozilla/4.0 (compatible; MSIE 5.0; Windows 3.1)"
65.55.108.241 - - [23/Mar/2009:14:03:14 +0000] "GET /Home/Details--20.html HTTP/1.1" 200 42326 "" "msnbot-media/1.1 (+http://search.msn.com/msnbot.htm)"
84.159.39.175 - - [23/Mar/2009:14:03:45 +0000] "GET /Home/Details--20.html HTTP/1.1" 200 37430 "http://www.meinsuedtirol.com/Gasthof-Sroessl---Cavallino-Meran-.1824.0.0.1240.0.html" "Mozilla/5.0 (Windows; U; Windows NT 5.1; de; rv:1.9.0.7) Gecko/2009021910 Firefox/3.0.7 (.NET CLR 3.5.30729)"
66.249.65.145 - - [23/Mar/2009:14:04:03 +0000] "GET /Home/Specials--60.html HTTP/1.1" 200 61290 "" "Mozilla/5.0 (compatible; Googlebot/2.1; +http://www.google.com/bot.html)"
84.159.39.175 - - [23/Mar/2009:14:04:06 +0000] "GET /Home/Anfrage--112.html HTTP/1.1" 200 17621 "http://www.sewahotel.com/de/details.html?pid=11&rid=62&lang=de&hotel_id=226" "Mozilla/5.0 (Windows; U; Windows NT 5.1; de; rv:1.9.0.7) Gecko/2009021910 Firefox/3.0.7 (.NET CLR 3.5.30729)"
72.30.65.29 - - [23/Mar/2009:14:04:40 +0000] "GET /Home/Reisef__hrer_S__dtirol--80.html HTTP/1.1" 200 21407 "" "Mozilla/5.0 (compatible; Yahoo! Slurp/3.0; http://help.yahoo.com/help/us/ysearch/slurp)"
66.249.65.145 - - [23/Mar/2009:14:04:52 +0000] "GET /Home/Unsere_Hotels/Vinschgau--57.html HTTP/1.1" 200 25538 "" "Mozilla/5.0 (compatible; Googlebot/2.1; +http://www.google.com/bot.html)"
66.249.65.145 - - [23/Mar/2009:14:06:14 +0000] "GET /Home/Specials--60.html HTTP/1.1" 200 61235 "" "Mozilla/5.0 (compatible; Googlebot/2.1; +http://www.google.com/bot.html)"
194.8.75.239 - - [23/Mar/2009:14:06:22 +0000] "GET /Home/Buchen--19.html HTTP/1.1" 200 23985 "" "Mozilla/4.61 [en] (X11; U; ) - BrowseX (2.0.0 Windows)"
194.8.75.239 - - [23/Mar/2009:14:06:22 +0000] "GET /Home/Best__tigung--64.html HTTP/1.1" 200 19592 "http://www.sewahotel.com/de/buchen.html?pid=0&rid=0" "Mozilla/4.61 [en] (X11; U; ) - BrowseX (2.0.0 Windows)"
62.112.222.140 - - [23/Mar/2009:14:07:25 +0000] "GET /Home--1.html HTTP/1.1" 200 25304 "http://www.meinsuedtirol.com/" "Mozilla/4.0 (compatible; MSIE 7.0; Windows NT 6.0; WOW64; SLCC1; .NET CLR 2.0.50727; .NET CLR 3.0.04506; .NET CLR 1.1.4322)"
66.249.65.145 - - [23/Mar/2009:14:07:33 +0000] "GET /Home/Details--20.html HTTP/1.1" 200 40599 "" "Mozilla/5.0 (compatible; Googlebot/2.1; +http://www.google.com/bot.html)"
194.8.75.214 - - [23/Mar/2009:14:08:06 +0000] "GET /Home/Buchen--19.html HTTP/1.1" 200 23985 "" "Mozilla/4.0 (compatible; MSIE 5.5; Windows 95; BCD2000)"
194.8.75.214 - - [23/Mar/2009:14:08:11 +0000] "GET /Home/Best__tigung--64.html HTTP/1.1" 200 19053 "http://www.sewahotel.com/de/buchen.html?pid=0&rid=0" "Mozilla/4.0 (compatible; MSIE 5.5; Windows 95; BCD2000)"
66.249.65.145 - - [23/Mar/2009:14:08:23 +0000] "GET /Home/Details--20.html HTTP/1.1" 200 62371 "" "Mozilla/5.0 (compatible; Googlebot/2.1; +http://www.google.com/bot.html)"
194.8.75.175 - - [23/Mar/2009:14:09:06 +0000] "GET /Home/Buchen--19.html HTTP/1.1" 200 23985 "http://www.sewahotel.com/de/buchen.html?pid=0&rid=0" "Opera/7.11 (Windows NT 5.1; U) [en]"
194.8.75.175 - - [23/Mar/2009:14:09:07 +0000] "GET /Home/Best__tigung--64.html HTTP/1.1" 200 23743 "http://www.sewahotel.com/de/buchen.html?pid=0&rid=0" "Opera/7.11 (Windows NT 5.1; U) [en]"
66.249.65.145 - - [23/Mar/2009:14:10:45 +0000] "GET /Home/Details--20.html HTTP/1.1" 200 54999 "" "Mozilla/5.0 (compatible; Googlebot/2.1; +http://www.google.com/bot.html)"
65.55.105.209 - - [23/Mar/2009:14:10:53 +0000] "GET /Home/Unsere_Hotels/Tauferer_Ahrntal--58.html HTTP/1.1" 200 29283 "" "msnbot/1.1 (+http://search.msn.com/msnbot.htm)"
141.50.8.53 - - [23/Mar/2009:14:11:59 +0000] "GET /Home--1.html HTTP/1.1" 200 25304 "http://www.meinsuedtirol.com/Luttach.62.0.html" "Mozilla/4.0 (compatible; MSIE 6.0; Windows NT 5.0; .NET CLR 2.0.50727)"
65.55.105.210 - - [23/Mar/2009:14:12:09 +0000] "GET /Home/Specials--60.html HTTP/1.1" 200 48686 "" "msnbot/1.1 (+http://search.msn.com/msnbot.htm)"
66.249.65.145 - - [23/Mar/2009:14:12:44 +0000] "GET /Home/Unsere_Hotels/Dolomiten--53.html HTTP/1.1" 200 48448 "" "Mozilla/5.0 (compatible; Googlebot/2.1; +http://www.google.com/bot.html)"
141.50.8.53 - - [23/Mar/2009:14:12:45 +0000] "GET /Home/Lastminute--63.html HTTP/1.1" 200 22559 "http://www.sewahotel.com/" "Mozilla/4.0 (compatible; MSIE 6.0; Windows NT 5.0; .NET CLR 2.0.50727)"
66.249.65.145 - - [23/Mar/2009:14:12:53 +0000] "GET /Home/Unsere_Hotels/Tauferer_Ahrntal--58.html HTTP/1.1" 200 27413 "" "Mozilla/5.0 (compatible; Googlebot/2.1; +http://www.google.com/bot.html)"
65.55.105.193 - - [23/Mar/2009:14:13:46 +0000] "GET /Home/Wetter/Aktuelles_Wetter--44.html HTTP/1.1" 200 12182 "" "msnbot/1.1 (+http://search.msn.com/msnbot.htm)"
194.8.75.212 - - [23/Mar/2009:14:14:44 +0000] "GET /Home/Buchen--19.html HTTP/1.1" 200 23985 "" "Mozilla/4.0 (compatible; MSIE 6.0; Windows NT 5.0; T312461)"
194.8.75.212 - - [23/Mar/2009:14:14:46 +0000] "GET /Home/Best__tigung--64.html HTTP/1.1" 200 19511 "http://www.sewahotel.com/de/buchen.html?pid=0&rid=0" "Mozilla/4.0 (compatible; MSIE 6.0; Windows NT 5.0; T312461)"
66.249.65.145 - - [23/Mar/2009:14:14:54 +0000] "GET /Home/Details--20.html HTTP/1.1" 200 53737 "" "Mozilla/5.0 (compatible; Googlebot/2.1; +http://www.google.com/bot.html)"
66.249.65.145 - - [23/Mar/2009:14:15:34 +0000] "GET /Home/Details--20.html HTTP/1.1" 200 37050 "" "Mozilla/5.0 (compatible; Googlebot/2.1; +http://www.google.com/bot.html)"
194.8.74.11 - - [23/Mar/2009:14:15:36 +0000] "GET /Home/Buchen--19.html HTTP/1.1" 200 23985 "" "Mozilla/4.0 (compatible; MSIE 6.0; Windows NT 5.1; en) Opera 9.0"
194.8.74.11 - - [23/Mar/2009:14:15:37 +0000] "GET /Home/Best__tigung--64.html HTTP/1.1" 200 26931 "http://www.sewahotel.com/de/buchen.html?pid=0&rid=0" "Mozilla/4.0 (compatible; MSIE 6.0; Windows NT 5.1; en) Opera 9.0"
93.104.100.240 - - [23/Mar/2009:14:16:24 +0000] "GET /Home/Details--20.html HTTP/1.1" 200 40180 "http://www.google.de/search?hl=de&client=firefox-a&channel=s&rls=org.mozilla:de:official&q=modernes+hotel+s%C3%BCd+tirol&start=50&sa=N" "Mozilla/5.0 (Windows; U; Windows NT 6.0; de; rv:1.9.0.7) Gecko/2009021910 Firefox/3.0.7 (.NET CLR 3.5.30729)"
66.249.65.145 - - [23/Mar/2009:14:17:04 +0000] "GET /Home/Details--20.html HTTP/1.1" 200 38953 "" "Mozilla/5.0 (compatible; Googlebot/2.1; +http://www.google.com/bot.html)"
194.8.75.214 - - [23/Mar/2009:14:17:28 +0000] "GET /Home/Buchen--19.html HTTP/1.1" 200 23985 "" "Opera/9.0 (Windows NT 5.1; U; en)"
194.8.75.214 - - [23/Mar/2009:14:17:33 +0000] "GET /Home/Best__tigung--64.html HTTP/1.1" 200 18798 "http://www.sewahotel.com/de/buchen.html?pid=0&rid=0" "Opera/9.0 (Windows NT 5.1; U; en)"
66.249.65.145 - - [23/Mar/2009:14:17:37 +0000] "GET /Home/Details--20.html HTTP/1.1" 200 60533 "" "Mozilla/5.0 (compatible; Googlebot/2.1; +http://www.google.com/bot.html)"
66.249.65.145 - - [23/Mar/2009:14:17:39 +0000] "GET /Home/Specials--60.html HTTP/1.1" 200 64403 "" "Mozilla/5.0 (compatible; Googlebot/2.1; +http://www.google.com/bot.html)"
66.249.65.145 - - [23/Mar/2009:14:17:40 +0000] "GET /Home/Details--20.html HTTP/1.1" 200 44735 "" "Mozilla/5.0 (compatible; Googlebot/2.1; +http://www.google.com/bot.html)"
66.249.65.145 - - [23/Mar/2009:14:17:42 +0000] "GET /Home/Lastminute--63.html HTTP/1.1" 200 31442 "" "Mozilla/5.0 (compatible; Googlebot/2.1; +http://www.google.com/bot.html)"
66.249.65.145 - - [23/Mar/2009:14:17:44 +0000] "GET /Home/Specials--60.html HTTP/1.1" 200 63891 "" "Mozilla/5.0 (compatible; Googlebot/2.1; +http://www.google.com/bot.html)"
66.249.65.145 - - [23/Mar/2009:14:17:46 +0000] "GET /Home/Details--20.html HTTP/1.1" 200 62199 "" "Mozilla/5.0 (compatible; Googlebot/2.1; +http://www.google.com/bot.html)"
66.249.65.145 - - [23/Mar/2009:14:17:48 +0000] "GET /Home/Details--20.html HTTP/1.1" 200 49363 "" "Mozilla/5.0 (compatible; Googlebot/2.1; +http://www.google.com/bot.html)"
66.249.65.145 - - [23/Mar/2009:14:17:49 +0000] "GET /Home/Reisef__hrer_S__d.../V__ls--96.html HTTP/1.1" 200 26041 "" "Mozilla/5.0 (compatible; Googlebot/2.1; +http://www.google.com/bot.html)"
66.249.65.145 - - [23/Mar/2009:14:17:51 +0000] "GET /Home/Lastminute--63.html HTTP/1.1" 200 30589 "" "Mozilla/5.0 (compatible; Googlebot/2.1; +http://www.google.com/bot.html)"
66.249.65.145 - - [23/Mar/2009:14:17:53 +0000] "GET /Home/Specials--60.html HTTP/1.1" 200 49875 "" "Mozilla/5.0 (compatible; Googlebot/2.1; +http://www.google.com/bot.html)"
66.249.65.145 - - [23/Mar/2009:14:17:54 +0000] "GET /Home/Details--20.html HTTP/1.1" 200 54308 "" "Mozilla/5.0 (compatible; Googlebot/2.1; +http://www.google.com/bot.html)"
66.249.65.145 - - [23/Mar/2009:14:17:56 +0000] "GET /Home/Details--20.html HTTP/1.1" 200 62548 "" "Mozilla/5.0 (compatible; Googlebot/2.1; +http://www.google.com/bot.html)"
66.249.65.145 - - [23/Mar/2009:14:17:57 +0000] "GET /Home/Details--20.html HTTP/1.1" 200 54688 "" "Mozilla/5.0 (compatible; Googlebot/2.1; +http://www.google.com/bot.html)"
66.249.65.145 - - [23/Mar/2009:14:17:59 +0000] "GET /Home/Details--20.html HTTP/1.1" 200 47918 "" "Mozilla/5.0 (compatible; Googlebot/2.1; +http://www.google.com/bot.html)"
66.249.65.145 - - [23/Mar/2009:14:18:00 +0000] "GET /Home/Details--20.html HTTP/1.1" 200 61965 "" "Mozilla/5.0 (compatible; Googlebot/2.1; +http://www.google.com/bot.html)"
66.249.65.145 - - [23/Mar/2009:14:18:14 +0000] "GET /Home/Details--20.html HTTP/1.1" 200 43833 "" "Mozilla/5.0 (compatible; Googlebot/2.1; +http://www.google.com/bot.html)"
66.249.65.145 - - [23/Mar/2009:14:19:14 +0000] "GET /Home/Specials--60.html HTTP/1.1" 200 47257 "" "Mozilla/5.0 (compatible; Googlebot/2.1; +http://www.google.com/bot.html)"
208.115.111.248 - - [23/Mar/2009:14:19:16 +0000] "GET /Home/Anfrage--112.html HTTP/1.1" 200 17675 "" "Mozilla/5.0 (compatible; DotBot/1.1; http://www.dotnetdotcom.org/, crawler@dotnetdotcom.org)"
208.115.111.248 - - [23/Mar/2009:14:19:20 +0000] "GET /Home/Anfrage--112.html HTTP/1.1" 200 17675 "" "Mozilla/5.0 (compatible; DotBot/1.1; http://www.dotnetdotcom.org/, crawler@dotnetdotcom.org)"
208.115.111.248 - - [23/Mar/2009:14:19:24 +0000] "GET /Home/Anfrage--112.html HTTP/1.1" 200 17675 "" "Mozilla/5.0 (compatible; DotBot/1.1; http://www.dotnetdotcom.org/, crawler@dotnetdotcom.org)"
208.115.111.248 - - [23/Mar/2009:14:19:29 +0000] "GET /Home/Anfrage--112.html HTTP/1.1" 200 17675 "" "Mozilla/5.0 (compatible; DotBot/1.1; http://www.dotnetdotcom.org/, crawler@dotnetdotcom.org)"
208.115.111.248 - - [23/Mar/2009:14:19:33 +0000] "GET /Home/Anfrage--112.html HTTP/1.1" 200 17675 "" "Mozilla/5.0 (compatible; DotBot/1.1; http://www.dotnetdotcom.org/, crawler@dotnetdotcom.org)"
72.30.65.29 - - [23/Mar/2009:14:19:36 +0000] "GET /Home/Details--20.html HTTP/1.1" 200 42369 "" "Mozilla/5.0 (compatible; Yahoo! Slurp/3.0; http://help.yahoo.com/help/us/ysearch/slurp)"
208.115.111.248 - - [23/Mar/2009:14:19:38 +0000] "GET /Home/Anfrage--112.html HTTP/1.1" 200 17675 "" "Mozilla/5.0 (compatible; DotBot/1.1; http://www.dotnetdotcom.org/, crawler@dotnetdotcom.org)"
208.115.111.248 - - [23/Mar/2009:14:19:42 +0000] "GET /Home/Anfrage--112.html HTTP/1.1" 200 17675 "" "Mozilla/5.0 (compatible; DotBot/1.1; http://www.dotnetdotcom.org/, crawler@dotnetdotcom.org)"
67.195.37.170 - - [23/Mar/2009:14:19:45 +0000] "GET /Home/Details--20.html HTTP/1.1" 200 41782 "" "Mozilla/5.0 (compatible; Yahoo! Slurp/3.0; http://help.yahoo.com/help/us/ysearch/slurp)"
208.115.111.248 - - [23/Mar/2009:14:19:47 +0000] "GET /Home/Anfrage--112.html HTTP/1.1" 200 17675 "" "Mozilla/5.0 (compatible; DotBot/1.1; http://www.dotnetdotcom.org/, crawler@dotnetdotcom.org)"
208.115.111.248 - - [23/Mar/2009:14:19:52 +0000] "GET /Home/Anfrage--112.html HTTP/1.1" 200 17675 "" "Mozilla/5.0 (compatible; DotBot/1.1; http://www.dotnetdotcom.org/, crawler@dotnetdotcom.org)"
208.115.111.248 - - [23/Mar/2009:14:19:57 +0000] "GET /Home/Anfrage--112.html HTTP/1.1" 200 17675 "" "Mozilla/5.0 (compatible; DotBot/1.1; http://www.dotnetdotcom.org/, crawler@dotnetdotcom.org)"
72.30.65.29 - - [23/Mar/2009:14:19:58 +0000] "GET /Home/Unsere_Hotels/Dolomiten--53.html HTTP/1.1" 200 40725 "" "Mozilla/5.0 (compatible; Yahoo! Slurp/3.0; http://help.yahoo.com/help/us/ysearch/slurp)"
66.249.65.145 - - [23/Mar/2009:14:20:55 +0000] "GET /Home/Details--20.html HTTP/1.1" 200 41093 "" "Mozilla/5.0 (compatible; Googlebot/2.1; +http://www.google.com/bot.html)"
66.249.65.145 - - [23/Mar/2009:14:21:24 +0000] "GET /Home/Details--20.html HTTP/1.1" 200 54970 "" "Mozilla/5.0 (compatible; Googlebot/2.1; +http://www.google.com/bot.html)"
194.8.75.175 - - [23/Mar/2009:14:22:29 +0000] "GET /Home/Buchen--19.html HTTP/1.1" 200 23985 "http://www.sewahotel.com/de/buchen.html?pid=0&rid=0" "Mozilla/5.0 (Windows; U; Windows NT 5.1; en-US; rv:1.7.5) Gecko/20050512 Netscape/8.0"
194.8.75.175 - - [23/Mar/2009:14:22:40 +0000] "GET /Home/Best__tigung--64.html HTTP/1.1" 200 23580 "http://www.sewahotel.com/de/buchen.html?pid=0&rid=0" "Mozilla/5.0 (Windows; U; Windows NT 5.1; en-US; rv:1.7.5) Gecko/20050512 Netscape/8.0"
194.8.75.103 - - [23/Mar/2009:14:23:33 +0000] "GET /Home/Buchen--19.html HTTP/1.1" 200 23985 "http://www.sewahotel.com/de/buchen.html?pid=0&rid=0" "Mozilla/5.0 (Windows; U; Windows NT 5.0; en-US; rv:1.8.0.4) Gecko/20060508 Firefox/1.5.0.4"
194.8.75.103 - - [23/Mar/2009:14:23:34 +0000] "GET /Home/Best__tigung--64.html HTTP/1.1" 200 23780 "http://www.sewahotel.com/de/buchen.html?pid=0&rid=0" "Mozilla/5.0 (Windows; U; Windows NT 5.0; en-US; rv:1.8.0.4) Gecko/20060508 Firefox/1.5.0.4"
66.249.65.145 - - [23/Mar/2009:14:23:34 +0000] "GET /Home/Details--20.html HTTP/1.1" 200 61891 "" "Mozilla/5.0 (compatible; Googlebot/2.1; +http://www.google.com/bot.html)"
66.249.65.145 - - [23/Mar/2009:14:23:35 +0000] "GET /Home/Details--20.html HTTP/1.1" 200 43900 "" "Mozilla/5.0 (compatible; Googlebot/2.1; +http://www.google.com/bot.html)"
194.8.75.103 - - [23/Mar/2009:14:23:49 +0000] "GET /Home/Buchen--19.html HTTP/1.1" 200 23985 "http://www.sewahotel.com/de/buchen.html?pid=0&rid=0" "Mozilla/5.0 (Windows; U; Windows NT 5.1; rv:1.7.3) Gecko/20040913 Spacebug/0.10 (aka Firefox/0.10)"
194.8.75.103 - - [23/Mar/2009:14:24:03 +0000] "GET /Home/Best__tigung--64.html HTTP/1.1" 200 22793 "http://www.sewahotel.com/de/buchen.html?pid=0&rid=0" "Mozilla/5.0 (Windows; U; Windows NT 5.1; rv:1.7.3) Gecko/20040913 Spacebug/0.10 (aka Firefox/0.10)"
66.249.65.145 - - [23/Mar/2009:14:25:45 +0000] "GET /Home/Details--20.html HTTP/1.1" 200 51869 "" "Mozilla/5.0 (compatible; Googlebot/2.1; +http://www.google.com/bot.html)"
66.249.65.145 - - [23/Mar/2009:14:27:55 +0000] "GET /Home/Details--20.html HTTP/1.1" 200 61020 "" "Mozilla/5.0 (compatible; Googlebot/2.1; +http://www.google.com/bot.html)"
67.195.37.170 - - [23/Mar/2009:14:28:01 +0000] "GET /Home/Unsere_Hotels/Meraner_Land--51.html HTTP/1.1" 200 74366 "" "Mozilla/5.0 (compatible; Yahoo! Slurp; http://help.yahoo.com/help/us/ysearch/slurp)"
65.55.105.194 - - [23/Mar/2009:14:28:29 +0000] "GET /Home/Specials--60.html HTTP/1.1" 200 46482 "" "msnbot/1.1 (+http://search.msn.com/msnbot.htm)"
67.195.37.170 - - [23/Mar/2009:14:28:49 +0000] "GET /Home/__ber_uns--65.html HTTP/1.1" 200 13296 "" "Mozilla/5.0 (compatible; Yahoo! Slurp; http://help.yahoo.com/help/us/ysearch/slurp)"
65.55.105.205 - - [23/Mar/2009:14:30:01 +0000] "GET /Home/Details--20.html HTTP/1.1" 200 21538 "" "msnbot/1.1 (+http://search.msn.com/msnbot.htm)"
65.55.105.205 - - [23/Mar/2009:14:30:44 +0000] "GET /Home/Details--20.html HTTP/1.1" 200 61652 "" "msnbot/1.1 (+http://search.msn.com/msnbot.htm)"
66.249.65.145 - - [23/Mar/2009:14:30:50 +0000] "GET /Home/Specials--60.html HTTP/1.1" 200 32977 "" "Mozilla/5.0 (compatible; Googlebot/2.1; +http://www.google.com/bot.html)"
85.38.191.82 - - [23/Mar/2009:14:30:59 +0000] "GET /Home/Details--20.html HTTP/1.1" 200 44037 "http://www.google.it/search?hl=it&q=Rennrodeln+tyrol+produzenten&meta=&aq=f&oq=" "Mozilla/4.0 (compatible; MSIE 7.0; Windows NT 6.0; SLCC1; .NET CLR 2.0.50727; .NET CLR 3.0.04506; InfoPath.2)"
193.206.173.239 - - [23/Mar/2009:14:31:03 +0000] "GET /Home/Details--20.html HTTP/1.1" 200 45914 "http://www.hotelaster.com/it/offerta-last-minute.html" "Mozilla/4.0 (compatible; MSIE 7.0; Windows NT 5.1; GTB5; .NET CLR 1.1.4322; InfoPath.2)"
65.55.105.205 - - [23/Mar/2009:14:31:07 +0000] "GET /Home/Details--20.html HTTP/1.1" 200 61623 "" "msnbot/1.1 (+http://search.msn.com/msnbot.htm)"
65.55.105.205 - - [23/Mar/2009:14:31:08 +0000] "GET /Home/Lastminute--63.html HTTP/1.1" 200 32545 "" "msnbot/1.1 (+http://search.msn.com/msnbot.htm)"
193.206.173.239 - - [23/Mar/2009:14:31:12 +0000] "GET /Home/Details--20.html HTTP/1.1" 200 49981 "http://www.hotelaster.com/it/offerta-last-minute.html" "Mozilla/4.0 (compatible; MSIE 7.0; Windows NT 5.1; GTB5; .NET CLR 1.1.4322; InfoPath.2)"
83.233.30.104 - - [23/Mar/2009:14:31:36 +0000] "GET /Home/Details-hotel--105.html HTTP/1.1" 200 45249 "http://www.sewahotel.com/de/details-hotel.html" "Mozilla/4.0 (compatible; MSIE 6.0; Windows NT 5.1; SV1; .NET CLR 1.1.4322)"
66.249.65.145 - - [23/Mar/2009:14:31:37 +0000] "GET /Home/Details--20.html HTTP/1.1" 200 28729 "" "Mozilla/5.0 (compatible; Googlebot/2.1; +http://www.google.com/bot.html)"
80.181.119.231 - - [23/Mar/2009:14:31:40 +0000] "GET /Home/Details--20.html HTTP/1.1" 200 50113 "http://www.google.it/search?sourceid=navclient&hl=it&ie=UTF-8&rlz=1T4HPEB_itIT220IT220&q=alberghi+%2b+piscina+coperta+merano+2000" "Mozilla/4.0 (compatible; MSIE 7.0; Windows NT 6.0; GTB5; SLCC1; .NET CLR 2.0.50727; .NET CLR 3.0.04506)"
65.55.109.107 - - [23/Mar/2009:14:32:11 +0000] "GET /Home/Lastminute--63.html HTTP/1.1" 200 34809 "http://search.live.com/results.aspx?q=hotels" "Mozilla/4.0 (compatible; MSIE 6.0; Windows NT 5.2; SV1; .NET CLR 1.1.4322)"
66.249.65.145 - - [23/Mar/2009:14:32:15 +0000] "GET /Home/Specials--60.html HTTP/1.1" 200 70545 "" "Mozilla/5.0 (compatible; Googlebot/2.1; +http://www.google.com/bot.html)"
91.13.227.234 - - [23/Mar/2009:14:33:51 +0000] "GET /Home--1.html HTTP/1.1" 200 25304 "http://www.meinsuedtirol.com/Kontakt.2007.0.html" "Mozilla/4.0 (compatible; MSIE 7.0; Windows NT 6.0; GTB5; SLCC1; .NET CLR 2.0.50727; Media Center PC 5.0; .NET CLR 3.0.04506; .NET CLR 1.1.4322)"
66.249.65.145 - - [23/Mar/2009:14:34:18 +0000] "GET /Home/Details--20.html HTTP/1.1" 200 27556 "" "Mozilla/5.0 (compatible; Googlebot/2.1; +http://www.google.com/bot.html)"
72.30.65.29 - - [23/Mar/2009:14:34:19 +0000] "GET /Home/Unsere_Hotels/Eisacktal--56.html HTTP/1.1" 200 32479 "" "Mozilla/5.0 (compatible; Yahoo! Slurp/3.0; http://help.yahoo.com/help/us/ysearch/slurp)"
66.249.65.145 - - [23/Mar/2009:14:34:24 +0000] "GET /Home/Details--20.html HTTP/1.1" 200 41493 "" "Mozilla/5.0 (compatible; Googlebot/2.1; +http://www.google.com/bot.html)"
65.55.105.194 - - [23/Mar/2009:14:34:25 +0000] "GET /Home--1.html HTTP/1.1" 200 25193 "" "msnbot/1.1 (+http://search.msn.com/msnbot.htm)"
62.159.232.140 - - [23/Mar/2009:14:35:08 +0000] "GET /Home/Details--20.html HTTP/1.1" 200 39056 "http://www.google.de/search?hl=de&q=hotel+s%C3%BCdtirol+monte+penegal&meta=" "Mozilla/4.0 (compatible; MSIE 6.0; Windows NT 5.1; SV1; .NET CLR 2.0.50727)"
66.249.65.145 - - [23/Mar/2009:14:36:35 +0000] "GET /Home/Details--20.html HTTP/1.1" 200 55651 "" "Mozilla/5.0 (compatible; Googlebot/2.1; +http://www.google.com/bot.html)"
67.195.37.170 - - [23/Mar/2009:14:37:22 +0000] "GET /Home/Lastminute--63.html HTTP/1.1" 200 32349 "" "Mozilla/5.0 (compatible; Yahoo! Slurp/3.0; http://help.yahoo.com/help/us/ysearch/slurp)"
194.8.74.11 - - [23/Mar/2009:14:38:41 +0000] "GET /Home/Buchen--19.html HTTP/1.1" 200 23985 "" "Mozilla/4.0 (compatible; MSIE 6.0; Windows NT 5.2; Win64; x64; SV1; .NET CLR 2.0.50727)"
194.8.74.11 - - [23/Mar/2009:14:38:45 +0000] "GET /Home/Best__tigung--64.html HTTP/1.1" 200 27785 "http://www.sewahotel.com/de/buchen.html?pid=0&rid=0" "Mozilla/4.0 (compatible; MSIE 6.0; Windows NT 5.2; Win64; x64; SV1; .NET CLR 2.0.50727)"
66.249.65.145 - - [23/Mar/2009:14:38:46 +0000] "GET /Home/Specials--60.html HTTP/1.1" 200 21467 "" "Mozilla/5.0 (compatible; Googlebot/2.1; +http://www.google.com/bot.html)"
65.55.105.203 - - [23/Mar/2009:14:38:54 +0000] "GET /Home/Reisef__hrer_S__dtirol--80.html HTTP/1.1" 200 20913 "" "msnbot/1.1 (+http://search.msn.com/msnbot.htm)"
65.55.105.203 - - [23/Mar/2009:14:39:22 +0000] "GET /Home/Specials/Stadturlaub--108.html HTTP/1.1" 200 12774 "" "msnbot/1.1 (+http://search.msn.com/msnbot.htm)"
65.55.105.203 - - [23/Mar/2009:14:39:26 +0000] "GET /Home/F__r_Hotels--75.html HTTP/1.1" 200 15693 "" "msnbot/1.1 (+http://search.msn.com/msnbot.htm)"
134.94.150.166 - - [23/Mar/2009:14:40:41 +0000] "GET /Home/Unsere_Hotels/S__dtirols_S__den--55.html HTTP/1.1" 200 43492 "http://images.google.de/imgres?imgurl=http://www.suedtirol-information.com/img/img_60x40/18940723034986d15089f2b8.04827701.jpg&imgrefurl=http://www.sewahotel.com/de/unsere-hotels/suedtirols-sueden.html&usg=__xTCBbzzIwUbya5DiyGwYiq8lLTY=&h=42&w=60&sz=2&hl=de&start=26&um=1&tbnid=ccC_ZE8MhpkGMM:&tbnh=42&tbnw=60&prev=/images%3Fq%3Dhotel%2Bwaldheim%2Baltrei%26ndsp%3D20%26hl%3Dde%26rlz%3D1T4ADBF_deDE254DE257%26sa%3DN%26start%3D20%26um%3D1" "Mozilla/4.0 (compatible; MSIE 7.0; Windows NT 5.1; AntivirXP08; GTB5; .NET CLR 1.1.4322; .NET CLR 2.0.50727; .NET CLR 3.0.04506.30; .NET CLR 3.0.04506.648; .NET CLR 3.0.4506.2152; .NET CLR 3.5.30729)"
62.159.232.140 - - [23/Mar/2009:14:40:46 +0000] "GET /Home/Details--20.html HTTP/1.1" 200 41570 "http://www.sewahotel.com/de/details.html?pid=11&rid=62&lang=de&hotel_id=181" "Mozilla/4.0 (compatible; MSIE 6.0; Windows NT 5.1; SV1; .NET CLR 2.0.50727)"
