66.249.65.145 - - [23/Mar/2009:08:04:28 +0000] "GET /Home/Details--20.html HTTP/1.1" 200 50532 "" "Mozilla/5.0 (compatible; Googlebot/2.1; +http://www.google.com/bot.html)"
134.147.154.66 - - [23/Mar/2009:08:05:52 +0000] "GET /Home/Details--20.html HTTP/1.1" 200 45561 "http://images.google.de/imgres?imgurl=http://www.sewahotel.com/uploads/pics/fruehling-03.jpg&imgrefurl=http://www.sewahotel.com/de/details.html%3Fpid%3D11%26rid%3D62%26lang%3Dde%26from_day%3D01%26from_month%3D08%26from_year%3D2008%26to_day%3D08%26to_month%3D08%26to_year%3D2008%26typ%3D%26verpflegung%3Dhp%26anzahl_erw%3D2%26alterkind1%3D%26alterkind2%3D%26alterkind3%3D%26hotel_id%3D264&usg=__XkoM2dcE9YIheAh-SILNXvtikhc=&h=380&w=540&sz=91&hl=de&start=91&um=1&tbnid=verYjrR8EvrC4M:&tbnh=93&tbnw=132&prev=/images%3Fq%3Dtirol%2Bfr%25C3%25BChling%26ndsp%3D20%26hl%3Dde%26client%3Dfirefox-a%26channel%3Ds%26rls%3Dorg.mozilla:de:official%26hs%3Dkae%26sa%3DN%26start%3D80%26um%3D1" "Mozilla/5.0 (Windows; U; Windows NT 5.1; de; rv:1.9.0.7) Gecko/2009021910 Firefox/3.0.7"
66.249.65.145 - - [23/Mar/2009:08:05:57 +0000] "GET /Home/Lastminute--63.html HTTP/1.1" 200 34197 "" "Mozilla/5.0 (compatible; Googlebot/2.1; +http://www.google.com/bot.html)"
134.147.154.66 - - [23/Mar/2009:08:06:00 +0000] "GET /Home/Details--20.html HTTP/1.1" 200 45561 "http://images.google.de/imgres?imgurl=http://www.sewahotel.com/uploads/pics/fruehling-02.jpg&imgrefurl=http://www.sewahotel.com/de/details.html%3Fpid%3D11%26rid%3D62%26lang%3Dde%26from_day%3D01%26from_month%3D08%26from_year%3D2008%26to_day%3D08%26to_month%3D08%26to_year%3D2008%26typ%3D%26verpflegung%3Dhp%26anzahl_erw%3D2%26alterkind1%3D%26alterkind2%3D%26alterkind3%3D%26hotel_id%3D264&usg=__1p-G-iXIB_OBmIYTlWgSPRB3Rh8=&h=380&w=540&sz=109&hl=de&start=92&um=1&tbnid=ugQWNGqEgrJFBM:&tbnh=93&tbnw=132&prev=/images%3Fq%3Dtirol%2Bfr%25C3%25BChling%26ndsp%3D20%26hl%3Dde%26client%3Dfirefox-a%26channel%3Ds%26rls%3Dorg.mozilla:de:official%26hs%3Dkae%26sa%3DN%26start%3D80%26um%3D1" "Mozilla/5.0 (Windows; U; Windows NT 5.1; de; rv:1.9.0.7) Gecko/2009021910 Firefox/3.0.7"
66.249.65.145 - - [23/Mar/2009:08:06:38 +0000] "GET /Home/Details--20.html HTTP/1.1" 200 42435 "" "Mozilla/5.0 (compatible; Googlebot/2.1; +http://www.google.com/bot.html)"
66.249.65.145 - - [23/Mar/2009:08:08:06 +0000] "GET /Home/Details--20.html HTTP/1.1" 200 56927 "" "Mozilla/5.0 (compatible; Googlebot/2.1; +http://www.google.com/bot.html)"
66.249.65.145 - - [23/Mar/2009:08:08:47 +0000] "GET /Home/Lastminute--63.html HTTP/1.1" 200 34017 "" "Mozilla/5.0 (compatible; Googlebot/2.1; +http://www.google.com/bot.html)"
91.115.83.201 - - [23/Mar/2009:08:09:12 +0000] "GET /Home/Details--20.html HTTP/1.1" 200 57707 "" "Mozilla/4.0 (compatible; MSIE 7.0; Windows NT 5.1)"
66.249.65.145 - - [23/Mar/2009:08:09:33 +0000] "GET /Home/Lastminute--63.html HTTP/1.1" 200 31412 "" "Mozilla/5.0 (compatible; Googlebot/2.1; +http://www.google.com/bot.html)"
65.55.105.193 - - [23/Mar/2009:08:09:53 +0000] "GET /Home/Details--20.html HTTP/1.1" 200 44725 "" "msnbot/1.1 (+http://search.msn.com/msnbot.htm)"
66.249.65.145 - - [23/Mar/2009:08:10:14 +0000] "GET /Home/Details--20.html HTTP/1.1" 200 41552 "" "Mozilla/5.0 (compatible; Googlebot/2.1; +http://www.google.com/bot.html)"
67.195.37.170 - - [23/Mar/2009:08:10:15 +0000] "GET /Home/Specials--60.html HTTP/1.1" 200 13891 "" "Mozilla/5.0 (compatible; Yahoo! Slurp; http://help.yahoo.com/help/us/ysearch/slurp)"
66.249.65.145 - - [23/Mar/2009:08:10:57 +0000] "GET /Home/Specials--60.html HTTP/1.1" 200 46805 "" "Mozilla/5.0 (compatible; Googlebot/2.1; +http://www.google.com/bot.html)"
194.8.75.214 - - [23/Mar/2009:08:11:22 +0000] "GET /Home/Buchen--19.html HTTP/1.1" 200 23985 "" "Mozilla/4.0 (compatible; MSIE 6.0; Windows NT 5.1; SV1; .NET CLR 1.0.3705; .NET CLR 1.1.4322; .NET CLR 2.0.40607)"
194.8.75.214 - - [23/Mar/2009:08:11:23 +0000] "GET /Home/Best__tigung--64.html HTTP/1.1" 200 18728 "http://www.sewahotel.com/de/buchen.html?pid=0&rid=0" "Mozilla/4.0 (compatible; MSIE 6.0; Windows NT 5.1; SV1; .NET CLR 1.0.3705; .NET CLR 1.1.4322; .NET CLR 2.0.40607)"
82.186.110.150 - - [23/Mar/2009:08:11:54 +0000] "GET /Home/Ergebnisse-hotel--102.html HTTP/1.1" 200 103923 "" "Mozilla/4.0 (compatible; MSIE 7.0; Windows NT 5.1; .NET CLR 1.1.4322; .NET CLR 2.0.50727; .NET CLR 3.0.4506.2152; .NET CLR 3.5.30729)"
66.249.65.145 - - [23/Mar/2009:08:12:13 +0000] "GET /Home/Wetter/Wetter_Vorschau--43.html HTTP/1.1" 200 11705 "" "Mozilla/5.0 (compatible; Googlebot/2.1; +http://www.google.com/bot.html)"
82.186.110.150 - - [23/Mar/2009:08:12:14 +0000] "GET /Home/Ergebnisse-hotel--102.html HTTP/1.1" 200 103779 "http://www.sewahotel.com/de/ergebnisse-hotel.html?action=get_results&hotel_id=&pid=109&rid=1&lang=de&from_day=23&from_month=03&from_year=2009&to_day=24&to_month=03&to_year=2009&to_year=2009&typ=2&verpflegung=hp&anzahl_erw=2&alterkind1=&alterkind2=&alterkind3=&kat_art=A4" "Mozilla/4.0 (compatible; MSIE 7.0; Windows NT 5.1; .NET CLR 1.1.4322; .NET CLR 2.0.50727; .NET CLR 3.0.4506.2152; .NET CLR 3.5.30729)"
67.195.37.170 - - [23/Mar/2009:08:12:21 +0000] "GET /Home/Reisef__hrer_S__dtirol--80.html HTTP/1.1" 200 21407 "" "Mozilla/5.0 (compatible; Yahoo! Slurp; http://help.yahoo.com/help/us/ysearch/slurp)"
66.249.65.145 - - [23/Mar/2009:08:12:21 +0000] "GET /Home/Details--20.html HTTP/1.1" 200 55638 "" "Mozilla/5.0 (compatible; Googlebot/2.1; +http://www.google.com/bot.html)"
82.186.110.150 - - [23/Mar/2009:08:12:26 +0000] "GET /Home/Ergebnisse-hotel--102.html HTTP/1.1" 200 73189 "http://www.sewahotel.com/de/ergebnisse-hotel.html?pid=109&rid=1" "Mozilla/4.0 (compatible; MSIE 7.0; Windows NT 5.1; .NET CLR 1.1.4322; .NET CLR 2.0.50727; .NET CLR 3.0.4506.2152; .NET CLR 3.5.30729)"
66.249.65.145 - - [23/Mar/2009:08:13:06 +0000] "GET /Home/Details--20.html HTTP/1.1" 200 45865 "" "Mozilla/5.0 (compatible; Googlebot/2.1; +http://www.google.com/bot.html)"
194.8.75.245 - - [23/Mar/2009:08:13:35 +0000] "GET /Home/Buchen--19.html HTTP/1.1" 200 23985 "" "Mozilla/4.0 (compatible; MSIE 6.0; Windows NT 5.1; SV1)"
194.8.75.245 - - [23/Mar/2009:08:13:36 +0000] "GET /Home/Best__tigung--64.html HTTP/1.1" 200 18778 "http://www.sewahotel.com/de/buchen.html?pid=0&rid=0" "Mozilla/4.0 (compatible; MSIE 6.0; Windows NT 5.1; SV1)"
194.8.75.103 - - [23/Mar/2009:08:14:03 +0000] "GET /Home/Buchen--19.html HTTP/1.1" 200 23985 "http://www.sewahotel.com/de/buchen.html?pid=0&rid=0" "Mozilla/5.0 (Windows; U; WinNT4.0; en-US; rv:1.2b) Gecko/20021016 K-Meleon 0.7"
194.8.75.103 - - [23/Mar/2009:08:14:04 +0000] "GET /Home/Best__tigung--64.html HTTP/1.1" 200 22941 "http://www.sewahotel.com/de/buchen.html?pid=0&rid=0" "Mozilla/5.0 (Windows; U; WinNT4.0; en-US; rv:1.2b) Gecko/20021016 K-Meleon 0.7"
66.249.65.145 - - [23/Mar/2009:08:14:41 +0000] "GET /Home/Details--20.html HTTP/1.1" 200 62054 "" "Mozilla/5.0 (compatible; Googlebot/2.1; +http://www.google.com/bot.html)"
66.249.65.145 - - [23/Mar/2009:08:15:16 +0000] "GET /Home/Lastminute--63.html HTTP/1.1" 200 35795 "" "Mozilla/5.0 (compatible; Googlebot/2.1; +http://www.google.com/bot.html)"
194.8.74.11 - - [23/Mar/2009:08:16:04 +0000] "GET /Home/Buchen--19.html HTTP/1.1" 200 23985 "" "Opera/7.60 (Windows NT 5.2; U) [en] (IBM EVV/3.0/EAK01AG9/LE)"
194.8.74.11 - - [23/Mar/2009:08:16:05 +0000] "GET /Home/Best__tigung--64.html HTTP/1.1" 200 28146 "http://www.sewahotel.com/de/buchen.html?pid=0&rid=0" "Opera/7.60 (Windows NT 5.2; U) [en] (IBM EVV/3.0/EAK01AG9/LE)"
66.249.65.145 - - [23/Mar/2009:08:16:52 +0000] "GET /Home/Details--20.html HTTP/1.1" 200 41227 "" "Mozilla/5.0 (compatible; Googlebot/2.1; +http://www.google.com/bot.html)"
66.249.65.145 - - [23/Mar/2009:08:17:25 +0000] "GET /Home/Details--20.html HTTP/1.1" 200 53332 "" "Mozilla/5.0 (compatible; Googlebot/2.1; +http://www.google.com/bot.html)"
66.249.65.145 - - [23/Mar/2009:08:17:33 +0000] "GET /Home--1.html HTTP/1.1" 200 25393 "" "Mozilla/5.0 (compatible; Googlebot/2.1; +http://www.google.com/bot.html)"
66.249.65.145 - - [23/Mar/2009:08:18:20 +0000] "GET /Home/Details--20.html HTTP/1.1" 200 44707 "" "Mozilla/5.0 (compatible; Googlebot/2.1; +http://www.google.com/bot.html)"
66.249.65.145 - - [23/Mar/2009:08:18:21 +0000] "GET /Home/Details--20.html HTTP/1.1" 200 43632 "" "Mozilla/5.0 (compatible; Googlebot/2.1; +http://www.google.com/bot.html)"
66.249.65.145 - - [23/Mar/2009:08:19:03 +0000] "GET /Home/Lastminute--63.html HTTP/1.1" 200 33856 "" "Mozilla/5.0 (compatible; Googlebot/2.1; +http://www.google.com/bot.html)"
66.249.65.145 - - [23/Mar/2009:08:19:35 +0000] "GET /Home/Details--20.html HTTP/1.1" 200 45899 "" "Mozilla/5.0 (compatible; Googlebot/2.1; +http://www.google.com/bot.html)"
65.55.109.98 - - [23/Mar/2009:08:20:59 +0000] "GET /Home--1.html HTTP/1.1" 200 25304 "http://search.live.com/results.aspx?q=hotels" "Mozilla/4.0 (compatible; MSIE 6.0; Windows NT 5.2; SV1; .NET CLR 1.1.4322)"
66.249.65.145 - - [23/Mar/2009:08:21:08 +0000] "GET /Home/Lastminute--63.html HTTP/1.1" 200 32821 "" "Mozilla/5.0 (compatible; Googlebot/2.1; +http://www.google.com/bot.html)"
85.37.152.19 - - [23/Mar/2009:08:22:04 +0000] "GET /Home/Details-hotel--105.html HTTP/1.1" 200 48042 "" "Mozilla/4.0 (compatible; MSIE 7.0; Windows NT 5.1; .NET CLR 2.0.50727; .NET CLR 1.1.4322; .NET CLR 3.0.04506.30)"
83.233.30.104 - - [23/Mar/2009:08:22:46 +0000] "GET /Home/Details-hotel--105.html HTTP/1.1" 200 45249 "http://www.sewahotel.com/de/details-hotel.html" "Mozilla/4.0 (compatible; MSIE 6.0; Windows NT 5.1; SV1; .NET CLR 1.1.4322)"
72.30.65.29 - - [23/Mar/2009:08:22:48 +0000] "GET /Home/Details--20.html HTTP/1.1" 200 40868 "" "Mozilla/5.0 (compatible; Yahoo! Slurp/3.0; http://help.yahoo.com/help/us/ysearch/slurp)"
66.249.65.145 - - [23/Mar/2009:08:22:53 +0000] "GET /Home/Details--20.html HTTP/1.1" 200 40282 "" "Mozilla/5.0 (compatible; Googlebot/2.1; +http://www.google.com/bot.html)"
72.30.65.29 - - [23/Mar/2009:08:22:56 +0000] "GET /Home/Details--20.html HTTP/1.1" 200 52160 "" "Mozilla/5.0 (compatible; Yahoo! Slurp/3.0; http://help.yahoo.com/help/us/ysearch/slurp)"
66.249.65.145 - - [23/Mar/2009:08:23:13 +0000] "GET /Home/Details--20.html HTTP/1.1" 200 67605 "" "Mozilla/5.0 (compatible; Googlebot/2.1; +http://www.google.com/bot.html)"
66.249.65.145 - - [23/Mar/2009:08:23:54 +0000] "GET /Home/Details--20.html HTTP/1.1" 200 55806 "" "Mozilla/5.0 (compatible; Googlebot/2.1; +http://www.google.com/bot.html)"
194.8.75.103 - - [23/Mar/2009:08:24:29 +0000] "GET /Home/Buchen--19.html HTTP/1.1" 200 23985 "http://www.sewahotel.com/de/buchen.html?pid=0&rid=0" "Mozilla/4.0 (compatible; MSIE 6.0; Windows NT 5.0; .NET CLR 1.0.3705; .NET CLR 1.1.4322)"
194.8.75.103 - - [23/Mar/2009:08:24:31 +0000] "GET /Home/Best__tigung--64.html HTTP/1.1" 200 24005 "http://www.sewahotel.com/de/buchen.html?pid=0&rid=0" "Mozilla/4.0 (compatible; MSIE 6.0; Windows NT 5.0; .NET CLR 1.0.3705; .NET CLR 1.1.4322)"
208.80.195.39 - - [23/Mar/2009:08:25:20 +0000] "GET /Home/Details--20.html HTTP/1.1" 200 48132 "" "Mozilla/4.0 (compatible; MSIE 6.0; Windows NT 5.1; SV1; DT; .NET CLR 1.1.4322)"
66.249.65.145 - - [23/Mar/2009:08:25:33 +0000] "GET /Home/Anfrage--112.html HTTP/1.1" 200 16829 "" "Mozilla/5.0 (compatible; Googlebot/2.1; +http://www.google.com/bot.html)"
66.249.65.145 - - [23/Mar/2009:08:25:34 +0000] "GET /Home/Details--20.html HTTP/1.1" 200 55926 "" "Mozilla/5.0 (compatible; Googlebot/2.1; +http://www.google.com/bot.html)"
66.249.65.145 - - [23/Mar/2009:08:26:04 +0000] "GET /Home/Details--20.html HTTP/1.1" 200 53396 "" "Mozilla/5.0 (compatible; Googlebot/2.1; +http://www.google.com/bot.html)"
83.233.30.104 - - [23/Mar/2009:08:26:46 +0000] "GET /Home/Details-hotel--105.html HTTP/1.1" 200 45249 "http://www.sewahotel.com/de/details-hotel.html" "Mozilla/4.0 (compatible; MSIE 6.0; Windows NT 5.1; SV1; .NET CLR 1.1.4322)"
84.156.202.73 - - [23/Mar/2009:08:27:29 +0000] "GET /Home/Details--20.html HTTP/1.1" 200 44111 "http://service.gmx.net/de/cgi/derefer?TYPE=3&DEST=http%3A%2F%2Fwww.sewahotel.com%2Fde%2Fdetails.html%3Fpid%3D1%26rid%3D1%26hotel_id%3D145" "Opera/9.63 (Windows NT 5.1; U; de) Presto/2.1.1"
65.55.105.203 - - [23/Mar/2009:08:28:03 +0000] "GET /Home/Wetter/Aktuelles_Wetter--44.html HTTP/1.1" 200 12012 "" "msnbot/1.1 (+http://search.msn.com/msnbot.htm)"
66.249.65.145 - - [23/Mar/2009:08:28:12 +0000] "GET /Home/Details--20.html HTTP/1.1" 200 49612 "" "Mozilla/5.0 (compatible; Googlebot/2.1; +http://www.google.com/bot.html)"
66.249.65.145 - - [23/Mar/2009:08:28:15 +0000] "GET /Home/Details--20.html HTTP/1.1" 200 42461 "" "Mozilla/5.0 (compatible; Googlebot/2.1; +http://www.google.com/bot.html)"
65.55.105.207 - - [23/Mar/2009:08:30:04 +0000] "GET /Home/Specials--60.html HTTP/1.1" 200 31633 "" "msnbot/1.1 (+http://search.msn.com/msnbot.htm)"
67.195.37.170 - - [23/Mar/2009:08:30:21 +0000] "GET /Home/Lastminute--63.html HTTP/1.1" 200 22246 "" "Mozilla/5.0 (compatible; Yahoo! Slurp; http://help.yahoo.com/help/us/ysearch/slurp)"
66.249.65.145 - - [23/Mar/2009:08:30:23 +0000] "GET /Home/Lastminute--63.html HTTP/1.1" 200 33547 "" "Mozilla/5.0 (compatible; Googlebot/2.1; +http://www.google.com/bot.html)"
66.249.65.145 - - [23/Mar/2009:08:30:23 +0000] "GET /Home/Details--20.html HTTP/1.1" 200 57702 "" "Mozilla/5.0 (compatible; Googlebot/2.1; +http://www.google.com/bot.html)"
65.55.105.209 - - [23/Mar/2009:08:30:25 +0000] "GET /Home/Reisef__hrer_S__d.../Burgstall--88.html HTTP/1.1" 200 23215 "" "msnbot/1.1 (+http://search.msn.com/msnbot.htm)"
194.8.75.175 - - [23/Mar/2009:08:31:10 +0000] "GET /Home/Buchen--19.html HTTP/1.1" 200 23985 "http://www.sewahotel.com/de/buchen.html?pid=0&rid=0" "Mozilla/5.0 (Windows; U; Windows NT 5.0; en-US; rv:1.7.5) Gecko/20050519 Netscape/8.0.1"
194.8.75.175 - - [23/Mar/2009:08:31:11 +0000] "GET /Home/Best__tigung--64.html HTTP/1.1" 200 23149 "http://www.sewahotel.com/de/buchen.html?pid=0&rid=0" "Mozilla/5.0 (Windows; U; Windows NT 5.0; en-US; rv:1.7.5) Gecko/20050519 Netscape/8.0.1"
67.195.37.170 - - [23/Mar/2009:08:31:20 +0000] "GET /Home/Details--20.html HTTP/1.1" 200 48515 "" "Mozilla/5.0 (compatible; Yahoo! Slurp; http://help.yahoo.com/help/us/ysearch/slurp)"
66.249.65.145 - - [23/Mar/2009:08:32:33 +0000] "GET /Home/Specials--60.html HTTP/1.1" 200 47347 "" "Mozilla/5.0 (compatible; Googlebot/2.1; +http://www.google.com/bot.html)"
72.30.65.29 - - [23/Mar/2009:08:32:41 +0000] "GET /Home/Details--20.html HTTP/1.1" 200 43640 "" "Mozilla/5.0 (compatible; Yahoo! Slurp/3.0; http://help.yahoo.com/help/us/ysearch/slurp)"
72.30.65.29 - - [23/Mar/2009:08:33:13 +0000] "GET /Home/Details--20.html HTTP/1.1" 200 53584 "" "Mozilla/5.0 (compatible; Yahoo! Slurp/3.0; http://help.yahoo.com/help/us/ysearch/slurp)"
217.14.4.197 - - [23/Mar/2009:08:33:13 +0000] "GET /Home/Unsere_Hotels/Pustertal--59.html HTTP/1.1" 200 35615 "" "Mozilla/5.0 (compatible; MJ12bot/v1.2.4; http://www.majestic12.co.uk/bot.php?+)"
217.14.4.197 - - [23/Mar/2009:08:33:14 +0000] "GET /Home/Unsere_Hotels/Pustertal--59.html HTTP/1.1" 200 31583 "" "Mozilla/5.0 (compatible; MJ12bot/v1.2.4; http://www.majestic12.co.uk/bot.php?+)"
67.195.37.170 - - [23/Mar/2009:08:33:17 +0000] "GET /Home/__ber_uns--65.html HTTP/1.1" 200 12857 "" "Mozilla/5.0 (compatible; Yahoo! Slurp/3.0; http://help.yahoo.com/help/us/ysearch/slurp)"
217.14.4.197 - - [23/Mar/2009:08:33:21 +0000] "GET /Home/Unsere_Hotels/S__dtirols_S__den--55.html HTTP/1.1" 200 57228 "" "Mozilla/5.0 (compatible; MJ12bot/v1.2.4; http://www.majestic12.co.uk/bot.php?+)"
217.14.4.197 - - [23/Mar/2009:08:33:23 +0000] "GET /Home/Unsere_Hotels/S__dtirols_S__den--55.html HTTP/1.1" 200 46991 "" "Mozilla/5.0 (compatible; MJ12bot/v1.2.4; http://www.majestic12.co.uk/bot.php?+)"
66.249.65.145 - - [23/Mar/2009:08:33:31 +0000] "GET /Home/Details--20.html HTTP/1.1" 200 50891 "" "Mozilla/5.0 (compatible; Googlebot/2.1; +http://www.google.com/bot.html)"
66.249.65.145 - - [23/Mar/2009:08:33:32 +0000] "GET /Home/Details--20.html HTTP/1.1" 200 67794 "" "Mozilla/5.0 (compatible; Googlebot/2.1; +http://www.google.com/bot.html)"
66.249.65.145 - - [23/Mar/2009:08:33:33 +0000] "GET /Home/Details--20.html HTTP/1.1" 200 49185 "" "Mozilla/5.0 (compatible; Googlebot/2.1; +http://www.google.com/bot.html)"
66.249.65.145 - - [23/Mar/2009:08:33:34 +0000] "GET /Home/Specials--60.html HTTP/1.1" 200 48326 "" "Mozilla/5.0 (compatible; Googlebot/2.1; +http://www.google.com/bot.html)"
66.249.65.145 - - [23/Mar/2009:08:33:35 +0000] "GET /Home/Lastminute--63.html HTTP/1.1" 200 34161 "" "Mozilla/5.0 (compatible; Googlebot/2.1; +http://www.google.com/bot.html)"
66.249.65.145 - - [23/Mar/2009:08:33:36 +0000] "GET /Home/Lastminute--63.html HTTP/1.1" 200 33699 "" "Mozilla/5.0 (compatible; Googlebot/2.1; +http://www.google.com/bot.html)"
66.249.65.145 - - [23/Mar/2009:08:33:37 +0000] "GET /Home/Lastminute--63.html HTTP/1.1" 200 34306 "" "Mozilla/5.0 (compatible; Googlebot/2.1; +http://www.google.com/bot.html)"
217.14.4.197 - - [23/Mar/2009:08:33:38 +0000] "GET /Home/Unsere_Hotels/S__dtirols_S__den--55.html HTTP/1.1" 200 50425 "" "Mozilla/5.0 (compatible; MJ12bot/v1.2.4; http://www.majestic12.co.uk/bot.php?+)"
66.249.65.145 - - [23/Mar/2009:08:33:38 +0000] "GET /Home/Lastminute--63.html HTTP/1.1" 200 33735 "" "Mozilla/5.0 (compatible; Googlebot/2.1; +http://www.google.com/bot.html)"
66.249.65.145 - - [23/Mar/2009:08:33:39 +0000] "GET /Home/Lastminute--63.html HTTP/1.1" 200 32785 "" "Mozilla/5.0 (compatible; Googlebot/2.1; +http://www.google.com/bot.html)"
217.14.4.197 - - [23/Mar/2009:08:33:40 +0000] "GET /Home/Unsere_Hotels/S__dtirols_S__den--55.html HTTP/1.1" 200 51145 "" "Mozilla/5.0 (compatible; MJ12bot/v1.2.4; http://www.majestic12.co.uk/bot.php?+)"
66.249.65.145 - - [23/Mar/2009:08:33:40 +0000] "GET /Home/Details--20.html HTTP/1.1" 200 67631 "" "Mozilla/5.0 (compatible; Googlebot/2.1; +http://www.google.com/bot.html)"
66.249.65.145 - - [23/Mar/2009:08:33:41 +0000] "GET /Home/Details--20.html HTTP/1.1" 200 48222 "" "Mozilla/5.0 (compatible; Googlebot/2.1; +http://www.google.com/bot.html)"
66.249.65.145 - - [23/Mar/2009:08:33:42 +0000] "GET /Home/Details--20.html HTTP/1.1" 200 48688 "" "Mozilla/5.0 (compatible; Googlebot/2.1; +http://www.google.com/bot.html)"
67.195.37.170 - - [23/Mar/2009:08:33:43 +0000] "GET /Home/Finden___Buchen--2.html HTTP/1.1" 200 33925 "" "Mozilla/5.0 (compatible; Yahoo! Slurp; http://help.yahoo.com/help/us/ysearch/slurp)"
66.249.65.145 - - [23/Mar/2009:08:33:43 +0000] "GET /Home/Details--20.html HTTP/1.1" 200 79739 "" "Mozilla/5.0 (compatible; Googlebot/2.1; +http://www.google.com/bot.html)"
66.249.65.145 - - [23/Mar/2009:08:33:44 +0000] "GET /Home/Details--20.html HTTP/1.1" 200 39326 "" "Mozilla/5.0 (compatible; Googlebot/2.1; +http://www.google.com/bot.html)"
66.249.65.145 - - [23/Mar/2009:08:33:45 +0000] "GET /Home/Details--20.html HTTP/1.1" 200 54001 "" "Mozilla/5.0 (compatible; Googlebot/2.1; +http://www.google.com/bot.html)"
217.14.4.197 - - [23/Mar/2009:08:33:53 +0000] "GET /Home/Unsere_Hotels/S__dtirols_S__den--55.html HTTP/1.1" 200 51265 "" "Mozilla/5.0 (compatible; MJ12bot/v1.2.4; http://www.majestic12.co.uk/bot.php?+)"
217.14.4.197 - - [23/Mar/2009:08:33:55 +0000] "GET /Home/Unsere_Hotels/S__dtirols_S__den--55.html HTTP/1.1" 200 44545 "" "Mozilla/5.0 (compatible; MJ12bot/v1.2.4; http://www.majestic12.co.uk/bot.php?+)"
217.14.4.197 - - [23/Mar/2009:08:34:00 +0000] "GET /Home/Unsere_Hotels/Dolomiten--53.html HTTP/1.1" 200 53007 "" "Mozilla/5.0 (compatible; MJ12bot/v1.2.4; http://www.majestic12.co.uk/bot.php?+)"
217.14.4.197 - - [23/Mar/2009:08:34:18 +0000] "GET /Home/Unsere_Hotels/Dolomiten--53.html HTTP/1.1" 200 43242 "" "Mozilla/5.0 (compatible; MJ12bot/v1.2.4; http://www.majestic12.co.uk/bot.php?+)"
217.14.4.197 - - [23/Mar/2009:08:34:20 +0000] "GET /Home/Unsere_Hotels/Dolomiten--53.html HTTP/1.1" 200 46266 "" "Mozilla/5.0 (compatible; MJ12bot/v1.2.4; http://www.majestic12.co.uk/bot.php?+)"
217.14.4.197 - - [23/Mar/2009:08:34:27 +0000] "GET /Home/Unsere_Hotels/Dolomiten--53.html HTTP/1.1" 200 46914 "" "Mozilla/5.0 (compatible; MJ12bot/v1.2.4; http://www.majestic12.co.uk/bot.php?+)"
217.14.4.197 - - [23/Mar/2009:08:34:29 +0000] "GET /Home/Unsere_Hotels/Dolomiten--53.html HTTP/1.1" 200 47022 "" "Mozilla/5.0 (compatible; MJ12bot/v1.2.4; http://www.majestic12.co.uk/bot.php?+)"
217.14.4.197 - - [23/Mar/2009:08:34:40 +0000] "GET /Home/Unsere_Hotels/Dolomiten--53.html HTTP/1.1" 200 40974 "" "Mozilla/5.0 (compatible; MJ12bot/v1.2.4; http://www.majestic12.co.uk/bot.php?+)"
217.14.4.197 - - [23/Mar/2009:08:34:41 +0000] "GET /Home/Unsere_Hotels/Vinschgau--57.html HTTP/1.1" 200 26850 "" "Mozilla/5.0 (compatible; MJ12bot/v1.2.4; http://www.majestic12.co.uk/bot.php?+)"
66.249.65.145 - - [23/Mar/2009:08:34:42 +0000] "GET /Home/Specials--60.html HTTP/1.1" 200 62743 "" "Mozilla/5.0 (compatible; Googlebot/2.1; +http://www.google.com/bot.html)"
217.14.4.197 - - [23/Mar/2009:08:34:43 +0000] "GET /Home/Unsere_Hotels/Vinschgau--57.html HTTP/1.1" 200 24133 "" "Mozilla/5.0 (compatible; MJ12bot/v1.2.4; http://www.majestic12.co.uk/bot.php?+)"
217.14.4.197 - - [23/Mar/2009:08:34:52 +0000] "GET /Home/Unsere_Hotels/Vinschgau--57.html HTTP/1.1" 200 25327 "" "Mozilla/5.0 (compatible; MJ12bot/v1.2.4; http://www.majestic12.co.uk/bot.php?+)"
217.14.4.197 - - [23/Mar/2009:08:34:53 +0000] "GET /Home/Unsere_Hotels/Vinschgau--57.html HTTP/1.1" 200 25567 "" "Mozilla/5.0 (compatible; MJ12bot/v1.2.4; http://www.majestic12.co.uk/bot.php?+)"
217.14.4.197 - - [23/Mar/2009:08:34:55 +0000] "GET /Home/Unsere_Hotels/Vinschgau--57.html HTTP/1.1" 200 25607 "" "Mozilla/5.0 (compatible; MJ12bot/v1.2.4; http://www.majestic12.co.uk/bot.php?+)"
217.14.4.197 - - [23/Mar/2009:08:35:04 +0000] "GET /Home/Unsere_Hotels/Vinschgau--57.html HTTP/1.1" 200 23367 "" "Mozilla/5.0 (compatible; MJ12bot/v1.2.4; http://www.majestic12.co.uk/bot.php?+)"
217.14.4.197 - - [23/Mar/2009:08:35:07 +0000] "GET /Home/Anfrage--112.html HTTP/1.1" 200 16095 "" "Mozilla/5.0 (compatible; MJ12bot/v1.2.4; http://www.majestic12.co.uk/bot.php?+)"
217.14.4.197 - - [23/Mar/2009:08:35:08 +0000] "GET /Home/Anfrage--112.html HTTP/1.1" 200 16095 "" "Mozilla/5.0 (compatible; MJ12bot/v1.2.4; http://www.majestic12.co.uk/bot.php?+)"
217.14.4.197 - - [23/Mar/2009:08:35:16 +0000] "GET /Home/Anfrage--112.html HTTP/1.1" 200 16543 "" "Mozilla/5.0 (compatible; MJ12bot/v1.2.4; http://www.majestic12.co.uk/bot.php?+)"
217.14.4.197 - - [23/Mar/2009:08:35:33 +0000] "GET /Home/Anfrage--112.html HTTP/1.1" 200 16617 "" "Mozilla/5.0 (compatible; MJ12bot/v1.2.4; http://www.majestic12.co.uk/bot.php?+)"
217.14.4.197 - - [23/Mar/2009:08:35:35 +0000] "GET /Home/Anfrage--112.html HTTP/1.1" 200 16617 "" "Mozilla/5.0 (compatible; MJ12bot/v1.2.4; http://www.majestic12.co.uk/bot.php?+)"
65.55.105.206 - - [23/Mar/2009:08:35:39 +0000] "GET /Home/Details--20.html HTTP/1.1" 200 53957 "" "msnbot/1.1 (+http://search.msn.com/msnbot.htm)"
217.14.4.197 - - [23/Mar/2009:08:35:40 +0000] "GET /Home/Anfrage--112.html HTTP/1.1" 200 16617 "" "Mozilla/5.0 (compatible; MJ12bot/v1.2.4; http://www.majestic12.co.uk/bot.php?+)"
217.14.4.197 - - [23/Mar/2009:08:35:47 +0000] "GET /Home/Specials--60.html HTTP/1.1" 200 13124 "" "Mozilla/5.0 (compatible; MJ12bot/v1.2.4; http://www.majestic12.co.uk/bot.php?+)"
217.14.4.197 - - [23/Mar/2009:08:35:49 +0000] "GET /Home/Specials--60.html HTTP/1.1" 200 13124 "" "Mozilla/5.0 (compatible; MJ12bot/v1.2.4; http://www.majestic12.co.uk/bot.php?+)"
217.14.4.197 - - [23/Mar/2009:08:35:51 +0000] "GET /Home/Specials--60.html HTTP/1.1" 200 13186 "" "Mozilla/5.0 (compatible; MJ12bot/v1.2.4; http://www.majestic12.co.uk/bot.php?+)"
217.14.4.197 - - [23/Mar/2009:08:35:52 +0000] "GET /Home/Specials--60.html HTTP/1.1" 200 13186 "" "Mozilla/5.0 (compatible; MJ12bot/v1.2.4; http://www.majestic12.co.uk/bot.php?+)"
217.14.4.197 - - [23/Mar/2009:08:36:04 +0000] "GET /Home/Specials--60.html HTTP/1.1" 200 13186 "" "Mozilla/5.0 (compatible; MJ12bot/v1.2.4; http://www.majestic12.co.uk/bot.php?+)"
217.14.4.197 - - [23/Mar/2009:08:36:06 +0000] "GET /Home/Specials--60.html HTTP/1.1" 200 13186 "" "Mozilla/5.0 (compatible; MJ12bot/v1.2.4; http://www.majestic12.co.uk/bot.php?+)"
217.14.4.197 - - [23/Mar/2009:08:36:07 +0000] "GET /Home/Specials/Stadturlaub--108.html HTTP/1.1" 200 12488 "" "Mozilla/5.0 (compatible; MJ12bot/v1.2.4; http://www.majestic12.co.uk/bot.php?+)"
72.30.65.29 - - [23/Mar/2009:08:36:13 +0000] "GET /Home/__ber_uns--65.html HTTP/1.1" 200 12857 "" "Mozilla/5.0 (compatible; Yahoo! Slurp/3.0; http://help.yahoo.com/help/us/ysearch/slurp)"
65.55.105.207 - - [23/Mar/2009:08:36:13 +0000] "GET /Home/Details--20.html HTTP/1.1" 200 41946 "" "msnbot/1.1 (+http://search.msn.com/msnbot.htm)"
66.249.65.145 - - [23/Mar/2009:08:36:14 +0000] "GET /Home/Unsere_Hotels/S__dtirols_S__den--55.html HTTP/1.1" 200 42854 "" "Mozilla/5.0 (compatible; Googlebot/2.1; +http://www.google.com/bot.html)"
65.55.105.207 - - [23/Mar/2009:08:36:15 +0000] "GET /Home/Details--20.html HTTP/1.1" 200 49172 "" "msnbot/1.1 (+http://search.msn.com/msnbot.htm)"
217.14.4.197 - - [23/Mar/2009:08:36:16 +0000] "GET /Home/Specials/Stadturlaub--108.html HTTP/1.1" 200 12380 "" "Mozilla/5.0 (compatible; MJ12bot/v1.2.4; http://www.majestic12.co.uk/bot.php?+)"
217.14.4.197 - - [23/Mar/2009:08:36:27 +0000] "GET /Home/Specials/Familienurlaub--109.html HTTP/1.1" 200 28787 "" "Mozilla/5.0 (compatible; MJ12bot/v1.2.4; http://www.majestic12.co.uk/bot.php?+)"
217.14.4.197 - - [23/Mar/2009:08:36:28 +0000] "GET /Home/Specials/Familienurlaub--109.html HTTP/1.1" 200 27707 "" "Mozilla/5.0 (compatible; MJ12bot/v1.2.4; http://www.majestic12.co.uk/bot.php?+)"
217.14.4.197 - - [23/Mar/2009:08:36:34 +0000] "GET /Home/Specials/Golfurlaub--107.html HTTP/1.1" 200 10940 "" "Mozilla/5.0 (compatible; MJ12bot/v1.2.4; http://www.majestic12.co.uk/bot.php?+)"
217.14.4.197 - - [23/Mar/2009:08:36:44 +0000] "GET /Home/Specials/Golfurlaub--107.html HTTP/1.1" 200 10940 "" "Mozilla/5.0 (compatible; MJ12bot/v1.2.4; http://www.majestic12.co.uk/bot.php?+)"
217.14.4.197 - - [23/Mar/2009:08:36:46 +0000] "GET /Home/Specials/Wanderurlaub--106.html HTTP/1.1" 200 43806 "" "Mozilla/5.0 (compatible; MJ12bot/v1.2.4; http://www.majestic12.co.uk/bot.php?+)"
217.14.4.197 - - [23/Mar/2009:08:36:48 +0000] "GET /Home/Specials/Wanderurlaub--106.html HTTP/1.1" 200 41754 "" "Mozilla/5.0 (compatible; MJ12bot/v1.2.4; http://www.majestic12.co.uk/bot.php?+)"
66.249.65.145 - - [23/Mar/2009:08:36:51 +0000] "GET /Home/Details--20.html HTTP/1.1" 200 53432 "" "Mozilla/5.0 (compatible; Googlebot/2.1; +http://www.google.com/bot.html)"
67.195.37.170 - - [23/Mar/2009:08:36:53 +0000] "GET /Home/Specials--60.html HTTP/1.1" 200 14012 "" "Mozilla/5.0 (compatible; Yahoo! Slurp; http://help.yahoo.com/help/us/ysearch/slurp)"
217.14.4.197 - - [23/Mar/2009:08:36:57 +0000] "GET /Home/Specials/Lastminuteurlaub--111.html HTTP/1.1" 200 17830 "" "Mozilla/5.0 (compatible; MJ12bot/v1.2.4; http://www.majestic12.co.uk/bot.php?+)"
217.14.4.197 - - [23/Mar/2009:08:36:59 +0000] "GET /Home/Specials/Lastminuteurlaub--111.html HTTP/1.1" 200 17452 "" "Mozilla/5.0 (compatible; MJ12bot/v1.2.4; http://www.majestic12.co.uk/bot.php?+)"
217.14.4.197 - - [23/Mar/2009:08:37:02 +0000] "GET /Home/Specials/Motorradurlaub--141.html HTTP/1.1" 200 16106 "" "Mozilla/5.0 (compatible; MJ12bot/v1.2.4; http://www.majestic12.co.uk/bot.php?+)"
217.14.4.197 - - [23/Mar/2009:08:37:12 +0000] "GET /Home/Specials/Motorradurlaub--141.html HTTP/1.1" 200 15890 "" "Mozilla/5.0 (compatible; MJ12bot/v1.2.4; http://www.majestic12.co.uk/bot.php?+)"
217.14.4.197 - - [23/Mar/2009:08:37:15 +0000] "GET /Home/Specials/Regionen--133.html HTTP/1.1" 200 13066 "" "Mozilla/5.0 (compatible; MJ12bot/v1.2.4; http://www.majestic12.co.uk/bot.php?+)"
65.55.105.207 - - [23/Mar/2009:08:37:16 +0000] "GET /Home/Details--20.html HTTP/1.1" 200 79773 "" "msnbot/1.1 (+http://search.msn.com/msnbot.htm)"
194.8.75.175 - - [23/Mar/2009:08:37:18 +0000] "GET /Home/Buchen--19.html HTTP/1.1" 200 23985 "http://www.sewahotel.com/de/buchen.html?pid=0&rid=0" "Mozilla/4.61 [en] (X11; U; ) - BrowseX (2.0.0 Windows)"
217.14.4.197 - - [23/Mar/2009:08:37:23 +0000] "GET /Home/Specials/Regionen--133.html HTTP/1.1" 200 13066 "" "Mozilla/5.0 (compatible; MJ12bot/v1.2.4; http://www.majestic12.co.uk/bot.php?+)"
194.8.75.175 - - [23/Mar/2009:08:37:25 +0000] "GET /Home/Best__tigung--64.html HTTP/1.1" 200 24232 "http://www.sewahotel.com/de/buchen.html?pid=0&rid=0" "Mozilla/4.61 [en] (X11; U; ) - BrowseX (2.0.0 Windows)"
217.14.4.197 - - [23/Mar/2009:08:37:25 +0000] "GET /Home/Specials/Skiurlaub--110.html HTTP/1.1" 200 27127 "" "Mozilla/5.0 (compatible; MJ12bot/v1.2.4; http://www.majestic12.co.uk/bot.php?+)"
217.14.4.197 - - [23/Mar/2009:08:37:27 +0000] "GET /Home/Specials/Skiurlaub--110.html HTTP/1.1" 200 26101 "" "Mozilla/5.0 (compatible; MJ12bot/v1.2.4; http://www.majestic12.co.uk/bot.php?+)"
217.14.4.197 - - [23/Mar/2009:08:37:29 +0000] "GET /Home/Specials/Wellnessurlaub--100.html HTTP/1.1" 200 59593 "" "Mozilla/5.0 (compatible; MJ12bot/v1.2.4; http://www.majestic12.co.uk/bot.php?+)"
217.14.4.197 - - [23/Mar/2009:08:37:37 +0000] "GET /Home/Specials/Wellnessurlaub--100.html HTTP/1.1" 200 56569 "" "Mozilla/5.0 (compatible; MJ12bot/v1.2.4; http://www.majestic12.co.uk/bot.php?+)"
217.14.4.197 - - [23/Mar/2009:08:37:40 +0000] "GET /Home/Wetter/Aktuelles_Wetter--44.html HTTP/1.1" 200 11319 "" "Mozilla/5.0 (compatible; MJ12bot/v1.2.4; http://www.majestic12.co.uk/bot.php?+)"
217.14.4.197 - - [23/Mar/2009:08:37:56 +0000] "GET /Home/Wetter/Aktuelles_Wetter--44.html HTTP/1.1" 200 11319 "" "Mozilla/5.0 (compatible; MJ12bot/v1.2.4; http://www.majestic12.co.uk/bot.php?+)"
217.14.4.197 - - [23/Mar/2009:08:37:58 +0000] "GET /Home/Wetter/Aktuelles_Wetter--44.html HTTP/1.1" 200 11403 "" "Mozilla/5.0 (compatible; MJ12bot/v1.2.4; http://www.majestic12.co.uk/bot.php?+)"
217.14.4.197 - - [23/Mar/2009:08:38:00 +0000] "GET /Home/Wetter/Aktuelles_Wetter--44.html HTTP/1.1" 200 11403 "" "Mozilla/5.0 (compatible; MJ12bot/v1.2.4; http://www.majestic12.co.uk/bot.php?+)"
67.195.37.170 - - [23/Mar/2009:08:38:03 +0000] "GET /Home/Specials--60.html HTTP/1.1" 200 15515 "" "Mozilla/5.0 (compatible; Yahoo! Slurp; http://help.yahoo.com/help/us/ysearch/slurp)"
217.14.4.197 - - [23/Mar/2009:08:38:05 +0000] "GET /Home/Wetter/Aktuelles_Wetter--44.html HTTP/1.1" 200 11403 "" "Mozilla/5.0 (compatible; MJ12bot/v1.2.4; http://www.majestic12.co.uk/bot.php?+)"
217.14.4.197 - - [23/Mar/2009:08:38:10 +0000] "GET /Home/Wetter/Aktuelles_Wetter--44.html HTTP/1.1" 200 11403 "" "Mozilla/5.0 (compatible; MJ12bot/v1.2.4; http://www.majestic12.co.uk/bot.php?+)"
217.14.4.197 - - [23/Mar/2009:08:38:13 +0000] "GET /Home/Wetter/Wetter_Vorschau--43.html HTTP/1.1" 200 10794 "" "Mozilla/5.0 (compatible; MJ12bot/v1.2.4; http://www.majestic12.co.uk/bot.php?+)"
217.14.4.197 - - [23/Mar/2009:08:38:15 +0000] "GET /Home/Wetter/Wetter_Vorschau--43.html HTTP/1.1" 200 10679 "" "Mozilla/5.0 (compatible; MJ12bot/v1.2.4; http://www.majestic12.co.uk/bot.php?+)"
217.14.4.197 - - [23/Mar/2009:08:38:20 +0000] "GET /Home/Wetter/Bergwetter--42.html HTTP/1.1" 200 9877 "" "Mozilla/5.0 (compatible; MJ12bot/v1.2.4; http://www.majestic12.co.uk/bot.php?+)"
217.14.4.197 - - [23/Mar/2009:08:38:21 +0000] "GET /Home/Wetter/Bergwetter--42.html HTTP/1.1" 200 10029 "" "Mozilla/5.0 (compatible; MJ12bot/v1.2.4; http://www.majestic12.co.uk/bot.php?+)"
217.14.4.197 - - [23/Mar/2009:08:38:26 +0000] "GET /Home/__ber_uns--65.html HTTP/1.1" 200 11971 "" "Mozilla/5.0 (compatible; MJ12bot/v1.2.4; http://www.majestic12.co.uk/bot.php?+)"
217.14.4.197 - - [23/Mar/2009:08:38:31 +0000] "GET /Home/__ber_uns--65.html HTTP/1.1" 200 11971 "" "Mozilla/5.0 (compatible; MJ12bot/v1.2.4; http://www.majestic12.co.uk/bot.php?+)"
217.14.4.197 - - [23/Mar/2009:08:38:35 +0000] "GET /Home/__ber_uns--65.html HTTP/1.1" 200 12330 "" "Mozilla/5.0 (compatible; MJ12bot/v1.2.4; http://www.majestic12.co.uk/bot.php?+)"
217.14.4.197 - - [23/Mar/2009:08:38:39 +0000] "GET /Home/__ber_uns--65.html HTTP/1.1" 200 12330 "" "Mozilla/5.0 (compatible; MJ12bot/v1.2.4; http://www.majestic12.co.uk/bot.php?+)"
217.14.4.197 - - [23/Mar/2009:08:38:40 +0000] "GET /Home/__ber_uns--65.html HTTP/1.1" 200 12330 "" "Mozilla/5.0 (compatible; MJ12bot/v1.2.4; http://www.majestic12.co.uk/bot.php?+)"
217.14.4.197 - - [23/Mar/2009:08:38:45 +0000] "GET /Home/__ber_uns--65.html HTTP/1.1" 200 12330 "" "Mozilla/5.0 (compatible; MJ12bot/v1.2.4; http://www.majestic12.co.uk/bot.php?+)"
217.14.4.197 - - [23/Mar/2009:08:38:50 +0000] "GET /Home/__ber_uns--65.html HTTP/1.1" 200 12330 "" "Mozilla/5.0 (compatible; MJ12bot/v1.2.4; http://www.majestic12.co.uk/bot.php?+)"
217.14.4.197 - - [23/Mar/2009:08:38:51 +0000] "GET /Home/Details--20.html HTTP/1.1" 200 79988 "" "Mozilla/5.0 (compatible; MJ12bot/v1.2.4; http://www.majestic12.co.uk/bot.php?+)"
66.249.65.145 - - [23/Mar/2009:08:38:53 +0000] "GET /Home/Details--20.html HTTP/1.1" 200 42902 "" "Mozilla/5.0 (compatible; Googlebot/2.1; +http://www.google.com/bot.html)"
66.249.65.145 - - [23/Mar/2009:08:39:01 +0000] "GET /Home/Specials--60.html HTTP/1.1" 200 32973 "" "Mozilla/5.0 (compatible; Googlebot/2.1; +http://www.google.com/bot.html)"
217.14.4.197 - - [23/Mar/2009:08:39:02 +0000] "GET /Home/Details--20.html HTTP/1.1" 200 67357 "" "Mozilla/5.0 (compatible; MJ12bot/v1.2.4; http://www.majestic12.co.uk/bot.php?+)"
217.14.4.197 - - [23/Mar/2009:08:39:05 +0000] "GET /Home/Details--20.html HTTP/1.1" 200 67903 "" "Mozilla/5.0 (compatible; MJ12bot/v1.2.4; http://www.majestic12.co.uk/bot.php?+)"
65.55.105.207 - - [23/Mar/2009:08:39:12 +0000] "GET /Home/Specials--60.html HTTP/1.1" 200 57556 "" "msnbot/1.1 (+http://search.msn.com/msnbot.htm)"
65.55.105.207 - - [23/Mar/2009:08:39:14 +0000] "GET /Home/Reisef__hrer_S__d.../Schenna--84.html HTTP/1.1" 200 23326 "" "msnbot/1.1 (+http://search.msn.com/msnbot.htm)"
217.14.4.197 - - [23/Mar/2009:08:39:16 +0000] "GET /Home/Details--20.html HTTP/1.1" 200 67839 "" "Mozilla/5.0 (compatible; MJ12bot/v1.2.4; http://www.majestic12.co.uk/bot.php?+)"
217.14.4.197 - - [23/Mar/2009:08:39:18 +0000] "GET /Home/Details--20.html HTTP/1.1" 200 68609 "" "Mozilla/5.0 (compatible; MJ12bot/v1.2.4; http://www.majestic12.co.uk/bot.php?+)"
217.14.4.197 - - [23/Mar/2009:08:39:20 +0000] "GET /Home/Details--20.html HTTP/1.1" 200 68685 "" "Mozilla/5.0 (compatible; MJ12bot/v1.2.4; http://www.majestic12.co.uk/bot.php?+)"
217.14.4.197 - - [23/Mar/2009:08:39:26 +0000] "GET /Home/Details--20.html HTTP/1.1" 200 53160 "" "Mozilla/5.0 (compatible; MJ12bot/v1.2.4; http://www.majestic12.co.uk/bot.php?+)"
217.14.4.197 - - [23/Mar/2009:08:39:30 +0000] "GET /Home/Details--20.html HTTP/1.1" 200 41923 "" "Mozilla/5.0 (compatible; MJ12bot/v1.2.4; http://www.majestic12.co.uk/bot.php?+)"
217.14.4.197 - - [23/Mar/2009:08:39:36 +0000] "GET /Home/Details--20.html HTTP/1.1" 200 79883 "" "Mozilla/5.0 (compatible; MJ12bot/v1.2.4; http://www.majestic12.co.uk/bot.php?+)"
217.14.4.197 - - [23/Mar/2009:08:39:38 +0000] "GET /Home/Details--20.html HTTP/1.1" 200 66967 "" "Mozilla/5.0 (compatible; MJ12bot/v1.2.4; http://www.majestic12.co.uk/bot.php?+)"
217.14.4.197 - - [23/Mar/2009:08:39:48 +0000] "GET /Home/Details--20.html HTTP/1.1" 200 67513 "" "Mozilla/5.0 (compatible; MJ12bot/v1.2.4; http://www.majestic12.co.uk/bot.php?+)"
217.14.4.197 - - [23/Mar/2009:08:39:51 +0000] "GET /Home/Details--20.html HTTP/1.1" 200 67449 "" "Mozilla/5.0 (compatible; MJ12bot/v1.2.4; http://www.majestic12.co.uk/bot.php?+)"
217.14.4.197 - - [23/Mar/2009:08:40:04 +0000] "GET /Home/Details--20.html HTTP/1.1" 200 68219 "" "Mozilla/5.0 (compatible; MJ12bot/v1.2.4; http://www.majestic12.co.uk/bot.php?+)"
217.14.4.197 - - [23/Mar/2009:08:40:06 +0000] "GET /Home/Details--20.html HTTP/1.1" 200 68295 "" "Mozilla/5.0 (compatible; MJ12bot/v1.2.4; http://www.majestic12.co.uk/bot.php?+)"
217.14.4.197 - - [23/Mar/2009:08:40:12 +0000] "GET /Home/Details--20.html HTTP/1.1" 200 52965 "" "Mozilla/5.0 (compatible; MJ12bot/v1.2.4; http://www.majestic12.co.uk/bot.php?+)"
194.8.74.11 - - [23/Mar/2009:08:40:13 +0000] "GET /Home/Buchen--19.html HTTP/1.1" 200 23985 "" "Mozilla/4.0 (compatible; MSIE 6.0; Windows NT 5.1; MyIE2; Deepnet Explorer)"
194.8.74.11 - - [23/Mar/2009:08:40:19 +0000] "GET /Home/Best__tigung--64.html HTTP/1.1" 200 27357 "http://www.sewahotel.com/de/buchen.html?pid=0&rid=0" "Mozilla/4.0 (compatible; MSIE 6.0; Windows NT 5.1; MyIE2; Deepnet Explorer)"
217.14.4.197 - - [23/Mar/2009:08:40:20 +0000] "GET /Home/Details--20.html HTTP/1.1" 200 41893 "" "Mozilla/5.0 (compatible; MJ12bot/v1.2.4; http://www.majestic12.co.uk/bot.php?+)"
217.14.4.197 - - [23/Mar/2009:08:40:22 +0000] "GET /Home/Details--20.html HTTP/1.1" 200 44118 "" "Mozilla/5.0 (compatible; MJ12bot/v1.2.4; http://www.majestic12.co.uk/bot.php?+)"
217.14.4.197 - - [23/Mar/2009:08:40:26 +0000] "GET /Home/Details--20.html HTTP/1.1" 200 41092 "" "Mozilla/5.0 (compatible; MJ12bot/v1.2.4; http://www.majestic12.co.uk/bot.php?+)"
217.14.4.197 - - [23/Mar/2009:08:40:35 +0000] "GET /Home/Details--20.html HTTP/1.1" 200 41704 "" "Mozilla/5.0 (compatible; MJ12bot/v1.2.4; http://www.majestic12.co.uk/bot.php?+)"
217.14.4.197 - - [23/Mar/2009:08:40:37 +0000] "GET /Home/Details--20.html HTTP/1.1" 200 52742 "" "Mozilla/5.0 (compatible; MJ12bot/v1.2.4; http://www.majestic12.co.uk/bot.php?+)"
217.14.4.197 - - [23/Mar/2009:08:40:39 +0000] "GET /Home/Details--20.html HTTP/1.1" 200 53271 "" "Mozilla/5.0 (compatible; MJ12bot/v1.2.4; http://www.majestic12.co.uk/bot.php?+)"
217.14.4.197 - - [23/Mar/2009:08:40:43 +0000] "GET /Home/Details--20.html HTTP/1.1" 200 52612 "" "Mozilla/5.0 (compatible; MJ12bot/v1.2.4; http://www.majestic12.co.uk/bot.php?+)"
217.14.4.197 - - [23/Mar/2009:08:40:48 +0000] "GET /Home/Details--20.html HTTP/1.1" 200 35912 "" "Mozilla/5.0 (compatible; MJ12bot/v1.2.4; http://www.majestic12.co.uk/bot.php?+)"
194.8.75.239 - - [23/Mar/2009:08:40:49 +0000] "GET /Home/Buchen--19.html HTTP/1.1" 200 23985 "" "Mozilla/4.0 (compatible; MSIE 6.0; Windows NT 5.1; SV1; FunWebProducts; .NET CLR 1.1.4322; PeoplePal 6.2)"
194.8.75.239 - - [23/Mar/2009:08:40:50 +0000] "GET /Home/Best__tigung--64.html HTTP/1.1" 200 19625 "http://www.sewahotel.com/de/buchen.html?pid=0&rid=0" "Mozilla/4.0 (compatible; MSIE 6.0; Windows NT 5.1; SV1; FunWebProducts; .NET CLR 1.1.4322; PeoplePal 6.2)"
217.14.4.197 - - [23/Mar/2009:08:40:54 +0000] "GET /Home/Details--20.html HTTP/1.1" 200 52126 "" "Mozilla/5.0 (compatible; MJ12bot/v1.2.4; http://www.majestic12.co.uk/bot.php?+)"
217.14.4.197 - - [23/Mar/2009:08:41:00 +0000] "GET /Home/Details--20.html HTTP/1.1" 200 43858 "" "Mozilla/5.0 (compatible; MJ12bot/v1.2.4; http://www.majestic12.co.uk/bot.php?+)"
217.14.4.197 - - [23/Mar/2009:08:41:02 +0000] "GET /Home/Details--20.html HTTP/1.1" 200 38920 "" "Mozilla/5.0 (compatible; MJ12bot/v1.2.4; http://www.majestic12.co.uk/bot.php?+)"
217.14.4.197 - - [23/Mar/2009:08:41:04 +0000] "GET /Home/Details--20.html HTTP/1.1" 200 43096 "" "Mozilla/5.0 (compatible; MJ12bot/v1.2.4; http://www.majestic12.co.uk/bot.php?+)"
66.249.65.145 - - [23/Mar/2009:08:41:10 +0000] "GET /Home/Details--20.html HTTP/1.1" 200 54166 "" "Mozilla/5.0 (compatible; Googlebot/2.1; +http://www.google.com/bot.html)"
217.14.4.197 - - [23/Mar/2009:08:41:11 +0000] "GET /Home/Details--20.html HTTP/1.1" 200 50373 "" "Mozilla/5.0 (compatible; MJ12bot/v1.2.4; http://www.majestic12.co.uk/bot.php?+)"
217.14.4.197 - - [23/Mar/2009:08:41:13 +0000] "GET /Home/Details--20.html HTTP/1.1" 200 43460 "" "Mozilla/5.0 (compatible; MJ12bot/v1.2.4; http://www.majestic12.co.uk/bot.php?+)"
217.14.4.197 - - [23/Mar/2009:08:41:16 +0000] "GET /Home/Details--20.html HTTP/1.1" 200 45071 "" "Mozilla/5.0 (compatible; MJ12bot/v1.2.4; http://www.majestic12.co.uk/bot.php?+)"
217.14.4.197 - - [23/Mar/2009:08:41:26 +0000] "GET /Home/Details--20.html HTTP/1.1" 200 37952 "" "Mozilla/5.0 (compatible; MJ12bot/v1.2.4; http://www.majestic12.co.uk/bot.php?+)"
217.14.4.197 - - [23/Mar/2009:08:41:28 +0000] "GET /Home/Details--20.html HTTP/1.1" 200 53444 "" "Mozilla/5.0 (compatible; MJ12bot/v1.2.4; http://www.majestic12.co.uk/bot.php?+)"
66.249.65.145 - - [23/Mar/2009:08:41:33 +0000] "GET /Home--1.html HTTP/1.1" 200 25019 "" "Mozilla/5.0 (compatible; Googlebot/2.1; +http://www.google.com/bot.html)"
217.14.4.197 - - [23/Mar/2009:08:41:35 +0000] "GET /Home/Details--20.html HTTP/1.1" 200 41119 "" "Mozilla/5.0 (compatible; MJ12bot/v1.2.4; http://www.majestic12.co.uk/bot.php?+)"
217.14.4.197 - - [23/Mar/2009:08:41:38 +0000] "GET /Home/Details--20.html HTTP/1.1" 200 46595 "" "Mozilla/5.0 (compatible; MJ12bot/v1.2.4; http://www.majestic12.co.uk/bot.php?+)"
217.14.4.197 - - [23/Mar/2009:08:41:46 +0000] "GET /Home/Details--20.html HTTP/1.1" 200 43335 "" "Mozilla/5.0 (compatible; MJ12bot/v1.2.4; http://www.majestic12.co.uk/bot.php?+)"
217.14.4.197 - - [23/Mar/2009:08:41:48 +0000] "GET /Home/Details--20.html HTTP/1.1" 200 48967 "" "Mozilla/5.0 (compatible; MJ12bot/v1.2.4; http://www.majestic12.co.uk/bot.php?+)"
217.14.4.197 - - [23/Mar/2009:08:41:50 +0000] "GET /Home/Details--20.html HTTP/1.1" 200 44199 "" "Mozilla/5.0 (compatible; MJ12bot/v1.2.4; http://www.majestic12.co.uk/bot.php?+)"
217.14.4.197 - - [23/Mar/2009:08:41:54 +0000] "GET /Home/Details--20.html HTTP/1.1" 200 41520 "" "Mozilla/5.0 (compatible; MJ12bot/v1.2.4; http://www.majestic12.co.uk/bot.php?+)"
217.14.4.197 - - [23/Mar/2009:08:41:56 +0000] "GET /Home/Details--20.html HTTP/1.1" 200 45013 "" "Mozilla/5.0 (compatible; MJ12bot/v1.2.4; http://www.majestic12.co.uk/bot.php?+)"
217.14.4.197 - - [23/Mar/2009:08:42:05 +0000] "GET /Home/Details--20.html HTTP/1.1" 200 43406 "" "Mozilla/5.0 (compatible; MJ12bot/v1.2.4; http://www.majestic12.co.uk/bot.php?+)"
217.14.4.197 - - [23/Mar/2009:08:42:07 +0000] "GET /Home/Details--20.html HTTP/1.1" 200 43516 "" "Mozilla/5.0 (compatible; MJ12bot/v1.2.4; http://www.majestic12.co.uk/bot.php?+)"
217.14.4.197 - - [23/Mar/2009:08:42:17 +0000] "GET /Home/Details--20.html HTTP/1.1" 200 40906 "" "Mozilla/5.0 (compatible; MJ12bot/v1.2.4; http://www.majestic12.co.uk/bot.php?+)"
217.14.4.197 - - [23/Mar/2009:08:42:20 +0000] "GET /Home/Details--20.html HTTP/1.1" 200 44772 "" "Mozilla/5.0 (compatible; MJ12bot/v1.2.4; http://www.majestic12.co.uk/bot.php?+)"
217.14.4.197 - - [23/Mar/2009:08:42:29 +0000] "GET /Home/Details--20.html HTTP/1.1" 200 41983 "" "Mozilla/5.0 (compatible; MJ12bot/v1.2.4; http://www.majestic12.co.uk/bot.php?+)"
217.14.4.197 - - [23/Mar/2009:08:42:32 +0000] "GET /Home/Details--20.html HTTP/1.1" 200 44443 "" "Mozilla/5.0 (compatible; MJ12bot/v1.2.4; http://www.majestic12.co.uk/bot.php?+)"
217.14.4.197 - - [23/Mar/2009:08:42:34 +0000] "GET /Home/Details--20.html HTTP/1.1" 200 34600 "" "Mozilla/5.0 (compatible; MJ12bot/v1.2.4; http://www.majestic12.co.uk/bot.php?+)"
217.14.4.197 - - [23/Mar/2009:08:42:42 +0000] "GET /Home/Details--20.html HTTP/1.1" 200 40970 "" "Mozilla/5.0 (compatible; MJ12bot/v1.2.4; http://www.majestic12.co.uk/bot.php?+)"
217.14.4.197 - - [23/Mar/2009:08:42:54 +0000] "GET /Home/Details--20.html HTTP/1.1" 200 46562 "" "Mozilla/5.0 (compatible; MJ12bot/v1.2.4; http://www.majestic12.co.uk/bot.php?+)"
72.30.65.29 - - [23/Mar/2009:08:42:55 +0000] "GET /Home/Details--20.html HTTP/1.1" 200 41656 "" "Mozilla/5.0 (compatible; Yahoo! Slurp/3.0; http://help.yahoo.com/help/us/ysearch/slurp)"
217.14.4.197 - - [23/Mar/2009:08:43:15 +0000] "GET /Home/Details--20.html HTTP/1.1" 200 35960 "" "Mozilla/5.0 (compatible; MJ12bot/v1.2.4; http://www.majestic12.co.uk/bot.php?+)"
72.30.65.29 - - [23/Mar/2009:08:43:18 +0000] "GET /Home/Lastminute--63.html HTTP/1.1" 200 31909 "" "Mozilla/5.0 (compatible; Yahoo! Slurp/3.0; http://help.yahoo.com/help/us/ysearch/slurp)"
66.249.65.145 - - [23/Mar/2009:08:43:20 +0000] "GET /Home/Events/Liste--46.html HTTP/1.1" 200 5281 "" "Mozilla/5.0 (compatible; Googlebot/2.1; +http://www.google.com/bot.html)"
217.14.4.197 - - [23/Mar/2009:08:43:33 +0000] "GET /Home/Details--20.html HTTP/1.1" 200 40851 "" "Mozilla/5.0 (compatible; MJ12bot/v1.2.4; http://www.majestic12.co.uk/bot.php?+)"
217.14.4.197 - - [23/Mar/2009:08:43:36 +0000] "GET /Home/Details--20.html HTTP/1.1" 200 41593 "" "Mozilla/5.0 (compatible; MJ12bot/v1.2.4; http://www.majestic12.co.uk/bot.php?+)"
67.195.37.170 - - [23/Mar/2009:08:43:41 +0000] "GET /Home/F__r_Hotels--75.html HTTP/1.1" 200 16059 "" "Mozilla/5.0 (compatible; Yahoo! Slurp; http://help.yahoo.com/help/us/ysearch/slurp)"
217.14.4.197 - - [23/Mar/2009:08:43:58 +0000] "GET /Home/Details--20.html HTTP/1.1" 200 40539 "" "Mozilla/5.0 (compatible; MJ12bot/v1.2.4; http://www.majestic12.co.uk/bot.php?+)"
217.14.4.197 - - [23/Mar/2009:08:44:00 +0000] "GET /Home/Details--20.html HTTP/1.1" 200 40546 "" "Mozilla/5.0 (compatible; MJ12bot/v1.2.4; http://www.majestic12.co.uk/bot.php?+)"
72.30.65.29 - - [23/Mar/2009:08:44:11 +0000] "GET /Home/Details--20.html HTTP/1.1" 200 45414 "" "Mozilla/5.0 (compatible; Yahoo! Slurp/3.0; http://help.yahoo.com/help/us/ysearch/slurp)"
217.14.4.197 - - [23/Mar/2009:08:44:11 +0000] "GET /Home/Details--20.html HTTP/1.1" 200 38157 "" "Mozilla/5.0 (compatible; MJ12bot/v1.2.4; http://www.majestic12.co.uk/bot.php?+)"
66.249.65.145 - - [23/Mar/2009:08:44:13 +0000] "GET /Home/Unsere_Hotels/Tauferer_Ahrntal--58.html HTTP/1.1" 200 25051 "" "Mozilla/5.0 (compatible; Googlebot/2.1; +http://www.google.com/bot.html)"
217.14.4.197 - - [23/Mar/2009:08:44:15 +0000] "GET /Home/Details--20.html HTTP/1.1" 200 40318 "" "Mozilla/5.0 (compatible; MJ12bot/v1.2.4; http://www.majestic12.co.uk/bot.php?+)"
67.195.37.170 - - [23/Mar/2009:08:44:18 +0000] "GET /Home/Lastminute--63.html HTTP/1.1" 200 21754 "" "Mozilla/5.0 (compatible; Yahoo! Slurp; http://help.yahoo.com/help/us/ysearch/slurp)"
217.14.4.197 - - [23/Mar/2009:08:44:25 +0000] "GET /Home/Details--20.html HTTP/1.1" 200 40362 "" "Mozilla/5.0 (compatible; MJ12bot/v1.2.4; http://www.majestic12.co.uk/bot.php?+)"
217.14.4.197 - - [23/Mar/2009:08:44:34 +0000] "GET /Home/Details--20.html HTTP/1.1" 200 42893 "" "Mozilla/5.0 (compatible; MJ12bot/v1.2.4; http://www.majestic12.co.uk/bot.php?+)"
217.14.4.197 - - [23/Mar/2009:08:44:41 +0000] "GET /Home/Details--20.html HTTP/1.1" 200 47343 "" "Mozilla/5.0 (compatible; MJ12bot/v1.2.4; http://www.majestic12.co.uk/bot.php?+)"
217.14.4.197 - - [23/Mar/2009:08:44:51 +0000] "GET /Home/Details--20.html HTTP/1.1" 200 41718 "" "Mozilla/5.0 (compatible; MJ12bot/v1.2.4; http://www.majestic12.co.uk/bot.php?+)"
217.14.4.197 - - [23/Mar/2009:08:44:54 +0000] "GET /Home/Details--20.html HTTP/1.1" 200 41285 "" "Mozilla/5.0 (compatible; MJ12bot/v1.2.4; http://www.majestic12.co.uk/bot.php?+)"
217.14.4.197 - - [23/Mar/2009:08:44:59 +0000] "GET /Home/Details--20.html HTTP/1.1" 200 38781 "" "Mozilla/5.0 (compatible; MJ12bot/v1.2.4; http://www.majestic12.co.uk/bot.php?+)"
217.14.4.197 - - [23/Mar/2009:08:45:05 +0000] "GET /Home/Details--20.html HTTP/1.1" 200 39954 "" "Mozilla/5.0 (compatible; MJ12bot/v1.2.4; http://www.majestic12.co.uk/bot.php?+)"
217.14.4.197 - - [23/Mar/2009:08:45:28 +0000] "GET /Home/Details--20.html HTTP/1.1" 200 43714 "" "Mozilla/5.0 (compatible; MJ12bot/v1.2.4; http://www.majestic12.co.uk/bot.php?+)"
66.249.65.145 - - [23/Mar/2009:08:45:30 +0000] "GET /Home/Lastminute--63.html HTTP/1.1" 200 30479 "" "Mozilla/5.0 (compatible; Googlebot/2.1; +http://www.google.com/bot.html)"
217.14.4.197 - - [23/Mar/2009:08:45:38 +0000] "GET /Home/Details--20.html HTTP/1.1" 200 40880 "" "Mozilla/5.0 (compatible; MJ12bot/v1.2.4; http://www.majestic12.co.uk/bot.php?+)"
217.14.4.197 - - [23/Mar/2009:08:45:42 +0000] "GET /Home/Details--20.html HTTP/1.1" 200 44864 "" "Mozilla/5.0 (compatible; MJ12bot/v1.2.4; http://www.majestic12.co.uk/bot.php?+)"
65.55.105.206 - - [23/Mar/2009:08:45:47 +0000] "GET /Home/Details--20.html HTTP/1.1" 200 56118 "" "msnbot/1.1 (+http://search.msn.com/msnbot.htm)"
62.101.0.30 - - [23/Mar/2009:08:45:49 +0000] "GET /Home/Details-hotel--105.html HTTP/1.1" 200 48145 "" "Mozilla/4.0 (compatible; MSIE 6.0; Windows NT 5.1; SV1; .NET CLR 1.0.3705; .NET CLR 2.0.50727; .NET CLR 3.0.4506.2152; .NET CLR 3.5.30729)"
65.55.105.206 - - [23/Mar/2009:08:45:51 +0000] "GET /Home/Unsere_Hotels/Tauferer_Ahrntal--58.html HTTP/1.1" 200 24643 "" "msnbot/1.1 (+http://search.msn.com/msnbot.htm)"
217.14.4.197 - - [23/Mar/2009:08:45:51 +0000] "GET /Home/Details--20.html HTTP/1.1" 200 40351 "" "Mozilla/5.0 (compatible; MJ12bot/v1.2.4; http://www.majestic12.co.uk/bot.php?+)"
217.14.4.197 - - [23/Mar/2009:08:45:54 +0000] "GET /Home/Details--20.html HTTP/1.1" 200 39749 "" "Mozilla/5.0 (compatible; MJ12bot/v1.2.4; http://www.majestic12.co.uk/bot.php?+)"
217.14.4.197 - - [23/Mar/2009:08:46:02 +0000] "GET /Home/Details--20.html HTTP/1.1" 200 44532 "" "Mozilla/5.0 (compatible; MJ12bot/v1.2.4; http://www.majestic12.co.uk/bot.php?+)"
65.55.110.139 - - [23/Mar/2009:08:46:04 +0000] "GET /Home/Lastminute--63.html HTTP/1.1" 200 31822 "http://search.live.com/results.aspx?q=hotel" "Mozilla/4.0 (compatible; MSIE 6.0; Windows NT 5.2; SV1; .NET CLR 1.1.4322)"
217.14.4.197 - - [23/Mar/2009:08:46:05 +0000] "GET /Home/Details--20.html HTTP/1.1" 200 32936 "" "Mozilla/5.0 (compatible; MJ12bot/v1.2.4; http://www.majestic12.co.uk/bot.php?+)"
217.14.4.197 - - [23/Mar/2009:08:46:06 +0000] "GET /Home/Details--20.html HTTP/1.1" 200 37534 "" "Mozilla/5.0 (compatible; MJ12bot/v1.2.4; http://www.majestic12.co.uk/bot.php?+)"
217.14.4.197 - - [23/Mar/2009:08:46:17 +0000] "GET /Home/Details--20.html HTTP/1.1" 200 41919 "" "Mozilla/5.0 (compatible; MJ12bot/v1.2.4; http://www.majestic12.co.uk/bot.php?+)"
217.14.4.197 - - [23/Mar/2009:08:46:19 +0000] "GET /Home/Details--20.html HTTP/1.1" 200 36680 "" "Mozilla/5.0 (compatible; MJ12bot/v1.2.4; http://www.majestic12.co.uk/bot.php?+)"
217.14.4.197 - - [23/Mar/2009:08:46:22 +0000] "GET /Home/Details--20.html HTTP/1.1" 200 37674 "" "Mozilla/5.0 (compatible; MJ12bot/v1.2.4; http://www.majestic12.co.uk/bot.php?+)"
87.179.84.40 - - [23/Mar/2009:08:46:26 +0000] "GET /Home/Details--20.html HTTP/1.1" 200 42353 "http://www.meinsuedtirol.com/Hotel-Traubenheim-Nals-.1974.0.0.1240.0.html" "Mozilla/5.0 (Windows; U; Windows NT 5.1; de; rv:1.9.0.7) Gecko/2009021910 Firefox/3.0.7"
